000
CXUS53 KLSX 211600
CF6JEF
PRELIMINARY LOCAL CLIMATOLOGICAL DATA (WS FORM: F-6)

                                          STATION:   JEFFERSON CITY
                                          MONTH:     OCTOBER
                                          YEAR:      2014
                                          LATITUDE:   38 35 N
                                          LONGITUDE:  92 10 W

  TEMPERATURE IN F:       :PCPN:    SNOW:  WIND      :SUNSHINE: SKY     :PK WND
================================================================================
1   2   3   4   5  6A  6B    7    8   9   10  11  12  13   14  15   16   17  18
                                     12Z  AVG MX 2MIN
DY MAX MIN AVG DEP HDD CDD  WTR  SNW DPTH SPD SPD DIR MIN PSBL S-S WX    SPD DR
================================================================================

 1  88  59  74  12   0   9 1.22  0.0    0  6.4 29 310   M    M   3 3      39 300
 2  71  62  67   5   0   2    M  0.0    0  8.9 24 240   M    M   7 1      34 250
 3  62  44  53  -9  12   0 0.04  0.0    0 10.7 24 280   M    M   7        35 300
 4  58  39  49 -12  16   0 0.00  0.0    0  8.6 24 280   M    M   0        35 290
 5  75  39  57  -4   8   0 0.01  0.0    0  6.0 22 270   M    M   3        30 280
 6  73  53  63   2   2   0 0.03  0.0    0  7.4 22 250   M    M   0        31 250
 7  79  49  64   4   1   0 0.00  0.0    0  5.5 17 270   M    M   0        26 300
 8  78  45  62   2   3   0 0.66  0.0    0  2.3 18 140   M    M   1 1238   26 130
 9  64  56  60   0   5   0 1.16  0.0    0  5.8 16  50   M    M   8 13     22 340
10  56  50  53  -7  12   0 0.60  0.0    0  5.4 13  60   M    M  10 1      18  60
11  59  50  55  -4  10   0 0.00  0.0    0  5.2 12  80   M    M  10        16  90
12  63  50  57  -2   8   0 0.02  0.0    0  4.2  8 100   M    M   9 1      11 130
13  71  54  63   5   2   0 0.85  0.0    0  9.2 20 170   M    M   8 13     28 140
14  55  53  54  -4  11   0 0.26  0.0    0 12.7 20 290   M    M  10 1      30 310
15  69  45  57  -1   8   0 0.00  0.0    0  7.4 18 290   M    M   3 18     27 290
16  76  38  57  -1   8   0 0.00  0.0    0  3.8 12 190   M    M   0 18     14 190
17  68  47  58   1   7   0 0.00  0.0    0  6.0 20 270   M    M   0        26 290
18  65  44  55  -2  10   0 0.00  0.0    0  4.8 13 320   M    M   0        17 310
19  67  37  52  -5  13   0 0.00  0.0    0  3.3 12 190   M    M   3 128    17 150
20  75  46  61   5   4   0 0.00  0.0    0  3.8 13 310   M    M   0        18 310
================================================================================
SM 1372  960       140  11  4.85     0.0 127.4          M       82
================================================================================
AV 68.6 48.0                               6.4 FASTST   M    M   4    MAX(MPH)
                                 MISC ---->  # 29 310               # 39  300
================================================================================
NOTES:
# LAST OF SEVERAL OCCURRENCES

COLUMN 17 PEAK WIND IN M.P.H.

PRELIMINARY LOCAL CLIMATOLOGICAL DATA (WS FORM: F-6) , PAGE 2

                                          STATION:  JEFFERSON CITY
                                          MONTH:    OCTOBER
                                          YEAR:     2014
                                          LATITUDE:   38 35 N
                                          LONGITUDE:  92 10 W

[TEMPERATURE DATA]      [PRECIPITATION DATA]       SYMBOLS USED IN COLUMN 16

AVERAGE MONTHLY: 58.3   TOTAL FOR MONTH:   4.85    1 = FOG OR MIST
DPTR FM NORMAL:  -1.0   DPTR FM NORMAL:    2.42    2 = FOG REDUCING VISIBILITY
HIGHEST:    88 ON  1    GRTST 24HR  1.73 ON  8- 9      TO 1/4 MILE OR LESS
LOWEST:     37 ON 19                               3 = THUNDER
                        SNOW, ICE PELLETS, HAIL    4 = ICE PELLETS
                        TOTAL MONTH:   0.0 INCH    5 = HAIL
                        GRTST 24HR     0.0         6 = FREEZING RAIN OR DRIZZLE
                        GRTST DEPTH:   0           7 = DUSTSTORM OR SANDSTORM:
                                                       VSBY 1/2 MILE OR LESS
                                                   8 = SMOKE OR HAZE
[NO. OF DAYS WITH]      [WEATHER - DAYS WITH]      9 = BLOWING SNOW
                                                   X = TORNADO
MAX 32 OR BELOW:   0    0.01 INCH OR MORE:  10
MAX 90 OR ABOVE:   0    0.10 INCH OR MORE:   6
MIN 32 OR BELOW:   0    0.50 INCH OR MORE:   5
MIN  0 OR BELOW:   0    1.00 INCH OR MORE:   2

[HDD (BASE 65) ]
TOTAL THIS MO.   140    CLEAR  (SCALE 0-3)  10
DPTR FM NORMAL     2    PTCLDY (SCALE 4-7)   5
TOTAL FM JUL 1   187    CLOUDY (SCALE 8-10)  5
DPTR FM NORMAL    -1

[CDD (BASE 65) ]
TOTAL THIS MO.    11
DPTR FM NORMAL   -17    [PRESSURE DATA]
TOTAL FM JAN 1  1329    HIGHEST SLP M ON M
DPTR FM NORMAL   -23    LOWEST  SLP 29.42 ON 14

[REMARKS]
