000
CXUS55 KJKL 260800
CF6JKL
PRELIMINARY LOCAL CLIMATOLOGICAL DATA (WS FORM: F-6)

                                          STATION:   JACKSON KY
                                          MONTH:     JULY
                                          YEAR:      2014
                                          LATITUDE:   37 35 N
                                          LONGITUDE:  83 19 W

  TEMPERATURE IN F:       :PCPN:    SNOW:  WIND      :SUNSHINE: SKY     :PK WND
================================================================================
1   2   3   4   5  6A  6B    7    8   9   10  11  12  13   14  15   16   17  18
                                     12Z  AVG MX 2MIN
DY MAX MIN AVG DEP HDD CDD  WTR  SNW DPTH SPD SPD DIR MIN PSBL S-S WX    SPD DR
================================================================================

 1  89  71  80   5   0  15 0.04  0.0    0  1.9  8 240   M    M   4        16 210
 2  87  68  78   3   0  13    T  0.0    0  2.0 12 290   M    M   2 13     16 290
 3  78  65  72  -3   0   7 0.00  0.0    0  4.6 13 310   M    M   6        22 320
 4  77  57  67  -8   0   2 0.00  0.0    0  0.0  9 330   M    M   1        14 340
 5  83  60  72  -3   0   7 0.00  0.0    0  1.1  8 140   M    M   0        13 140
 6  87  62  75   0   0  10 0.00  0.0    0  2.0  8 260   M    M   2        16 260
 7  89  68  79   4   0  14 0.00  0.0    0  3.1 10 180   M    M   2        20 210
 8  87  73  80   5   0  15 0.01  0.0    0  3.4 12 280   M    M   4        23 260
 9  85  69  77   1   0  12 0.37  0.0    0  2.0  9 280   M    M   6 123    17 270
10  86  63  75  -1   0  10 0.00  0.0    0  0.8 12 310   M    M   1 1      17 300
11  88  65  77   1   0  12 0.00  0.0    0  1.5  8 310   M    M   1        11 150
12  91  65  78   2   0  13 0.00  0.0    0  1.3 10 300   M    M   0 8      16 320
13  94  72  83   7   0  18    T  0.0    0  3.0  9 170   M    M   2        16 190
14  79  70  75  -1   0  10 1.17  0.0    0  2.2  9 170   M    M   5 13     15 170
15  79  62  71  -5   0   6 0.53  0.0    0  4.4 13 320   M    M   6 1      20 330
16  74  55  65 -11   0   0 0.00  0.0    0  2.2  8 310   M    M   3        12 320
17  78  54  66 -10   0   1 0.00  0.0    0  0.4  6 320   M    M   2 1      10 330
18  66  61  64 -12   1   0 0.57  0.0    0  0.7  7 290   M    M   6 12      9  40
19  77  62  70  -5   0   5 0.58  0.0    0  1.5  6 130   M    M  10 1      11 130
20  83  67  75   0   0  10 0.46  0.0    0  1.2  6 350   M    M   7 1      11 250
21  87  68  78   3   0  13 0.00  0.0    0  1.2  7 130   M    M   3 12     12 130
22  89  70  80   5   0  15 0.00  0.0    0  1.2  7 150   M    M   1         9 150
23  87  67  77   2   0  12 0.55  0.0    0  1.8 12 310   M    M   2 13     16 320
24  69  62  66  -9   0   1 0.12  0.0    0  0.5  9 340   M    M   8 128    17 330
25  78  59  69  -6   0   4 0.00  0.0    0  0.6  6 140   M    M   6 12      8 230
================================================================================
SM 2067 1615         1 225  4.40     0.0  44.6          M       90
================================================================================
AV 82.7 64.6                               1.8 FASTST   M    M   4    MAX(MPH)
                                 MISC ---->  # 13 310               # 23  260
================================================================================
NOTES:
# LAST OF SEVERAL OCCURRENCES

COLUMN 17 PEAK WIND IN M.P.H.

PRELIMINARY LOCAL CLIMATOLOGICAL DATA (WS FORM: F-6) , PAGE 2

                                          STATION:  JACKSON KY
                                          MONTH:    JULY
                                          YEAR:     2014
                                          LATITUDE:   37 35 N
                                          LONGITUDE:  83 19 W

[TEMPERATURE DATA]      [PRECIPITATION DATA]       SYMBOLS USED IN COLUMN 16

AVERAGE MONTHLY: 73.6   TOTAL FOR MONTH:   4.40    1 = FOG OR MIST
DPTR FM NORMAL:  -1.8   DPTR FM NORMAL:    0.65    2 = FOG REDUCING VISIBILITY
HIGHEST:    94 ON 13    GRTST 24HR  1.69 ON 14-15      TO 1/4 MILE OR LESS
LOWEST:     54 ON 17                               3 = THUNDER
                        SNOW, ICE PELLETS, HAIL    4 = ICE PELLETS
                        TOTAL MONTH:   0.0 INCH    5 = HAIL
                        GRTST 24HR     0.0         6 = FREEZING RAIN OR DRIZZLE
                        GRTST DEPTH:   0           7 = DUSTSTORM OR SANDSTORM:
                                                       VSBY 1/2 MILE OR LESS
                                                   8 = SMOKE OR HAZE
[NO. OF DAYS WITH]      [WEATHER - DAYS WITH]      9 = BLOWING SNOW
                                                   X = TORNADO
MAX 32 OR BELOW:   0    0.01 INCH OR MORE:  10
MAX 90 OR ABOVE:   2    0.10 INCH OR MORE:   8
MIN 32 OR BELOW:   0    0.50 INCH OR MORE:   5
MIN  0 OR BELOW:   0    1.00 INCH OR MORE:   1

[HDD (BASE 65) ]
TOTAL THIS MO.     1    CLEAR  (SCALE 0-3)  13
DPTR FM NORMAL     1    PTCLDY (SCALE 4-7)  11
TOTAL FM JUL 1     1    CLOUDY (SCALE 8-10)  1
DPTR FM NORMAL     1

[CDD (BASE 65) ]
TOTAL THIS MO.   225
DPTR FM NORMAL   -31    [PRESSURE DATA]
TOTAL FM JAN 1   703    HIGHEST SLP M ON M
DPTR FM NORMAL    88    LOWEST  SLP 29.82 ON 15

[REMARKS]
