404
CXUS53 KSGF 250800
CF6JLN
PRELIMINARY LOCAL CLIMATOLOGICAL DATA (WS FORM: F-6)

                                          STATION:   JOPLIN MO
                                          MONTH:     APRIL
                                          YEAR:      2017
                                          LATITUDE:   37 10 N
                                          LONGITUDE:  94 30 W

  TEMPERATURE IN F:       :PCPN:    SNOW:  WIND      :SUNSHINE: SKY     :PK WND
================================================================================
1   2   3   4   5  6A  6B    7    8   9   10  11  12  13   14  15   16   17  18
                                     12Z  AVG MX 2MIN
DY MAX MIN AVG DEP HDD CDD  WTR  SNW DPTH SPD SPD DIR MIN PSBL S-S WX    SPD DR
================================================================================

 1  67  46  57   3   8   0 0.00    M    M 10.2 16 100   M    M   5        22  90
 2  70  53  62   8   3   0 0.49    M    M  8.9 22 300   M    M   7 13     28 280
 3  68  49  59   5   6   0 0.11    M    M 11.2 24 280   M    M   6 13     31 260
 4  68  51  60   5   5   0 0.81    M    M  8.1 24  40   M    M   5 13     30  30
 5  56  43  50  -5  15   0 0.04    M    M 15.2 38 340   M    M   9 1      51 330
 6  62  38  50  -6  15   0 0.00    M    M  8.3 21 310   M    M   3        27 290
 7  68  31  50  -6  15   0 0.00    M    M  4.3 12 160   M    M   0        15 150
 8  81  53  67  11   0   2 0.00    M    M 19.3 32 170   M    M   0        40 180
 9  79  64  72  16   0   7 0.00    M    M 21.5 33 200   M    M   1        43 230
10  72  47  60   3   5   0 0.00    M    M 12.8 23 190   M    M   2        42 290
11  67  38  53  -4  12   0 0.00    M    M  5.7 10  90   M    M   0 18     15  60
12  79  49  64   7   1   0 0.00    M    M  8.2 18 180   M    M   1        26 170
13  82  58  70  12   0   5 0.00    M    M  7.6 16 210   M    M   2        24 250
14  82  64  73  15   0   8 0.02    M    M 14.2 28 190   M    M   3        34 190
15  82  64  73  15   0   8 0.00    M    M 16.4 30 190   M    M   3        37 200
16  74  59  67   8   0   2 1.03    M    M  7.8 22 120   M    M   6 13     27 350
17  72  59  66   7   0   1 0.04    M    M  4.4 13 130   M    M   6 13     17 130
18  80  56  68   9   0   3 0.00    M    M  8.0 17 190   M    M   2        25 160
19  80  63  72  12   0   7 0.00    M    M 15.2 29 200   M    M   3        38 200
20  71  60  66   6   0   1 0.32    M    M  7.9 17 200   M    M   8 13     25  10
21  60  48  54  -6  11   0 2.05    M    M  9.8 22  90   M    M   9 13     30  80
22  51  44  48 -12  17   0 0.10    M    M  8.9 20  40   M    M   9 1      26  50
23  68  38  53  -8  12   0 0.00    M    M  5.0 14 360   M    M   0        19  40
24  77  38  58  -3   7   0 0.00  0.0    0  9.8 24 170   M    M   0        31 170
================================================================================
SM 1716 1213       132  44  5.01     0.0 248.7          M       90
================================================================================
AV 71.5 50.5                              10.4 FASTST   M    M   4    MAX(MPH)
                                 MISC ---->  # 38 340               # 51  330
================================================================================
NOTES:
# LAST OF SEVERAL OCCURRENCES

COLUMN 17 PEAK WIND IN M.P.H.

PRELIMINARY LOCAL CLIMATOLOGICAL DATA (WS FORM: F-6) , PAGE 2

                                          STATION:  JOPLIN MO
                                          MONTH:    APRIL
                                          YEAR:     2017
                                          LATITUDE:   37 10 N
                                          LONGITUDE:  94 30 W

[TEMPERATURE DATA]      [PRECIPITATION DATA]       SYMBOLS USED IN COLUMN 16

AVERAGE MONTHLY: 61.0   TOTAL FOR MONTH:   5.01    1 = FOG OR MIST
DPTR FM NORMAL:   3.5   DPTR FM NORMAL:    1.63    2 = FOG REDUCING VISIBILITY
HIGHEST:    82 ON 15,14 GRTST 24HR  2.05 ON 21-21      TO 1/4 MILE OR LESS
LOWEST:     31 ON  7                               3 = THUNDER
                        SNOW, ICE PELLETS, HAIL    4 = ICE PELLETS
                        TOTAL MONTH:   0.0 INCH    5 = HAIL
                        GRTST 24HR     0.0         6 = FREEZING RAIN OR DRIZZLE
                        GRTST DEPTH:   0           7 = DUSTSTORM OR SANDSTORM:
                                                       VSBY 1/2 MILE OR LESS
                                                   8 = SMOKE OR HAZE
[NO. OF DAYS WITH]      [WEATHER - DAYS WITH]      9 = BLOWING SNOW
                                                   X = TORNADO
MAX 32 OR BELOW:   0    0.01 INCH OR MORE:  10
MAX 90 OR ABOVE:   0    0.10 INCH OR MORE:   7
MIN 32 OR BELOW:   1    0.50 INCH OR MORE:   3
MIN  0 OR BELOW:   0    1.00 INCH OR MORE:   2

[HDD (BASE 65) ]
TOTAL THIS MO.   132    CLEAR  (SCALE 0-3)  14
DPTR FM NORMAL   -79    PTCLDY (SCALE 4-7)   6
TOTAL FM JUL 1  3064    CLOUDY (SCALE 8-10)  4
DPTR FM NORMAL  -909

[CDD (BASE 65) ]
TOTAL THIS MO.    44
DPTR FM NORMAL    12    [PRESSURE DATA]
TOTAL FM JAN 1    71    HIGHEST SLP M ON M
DPTR FM NORMAL    29    LOWEST  SLP 29.36 ON  4

[REMARKS]
