000
CXUS55 KCTP 281131
CF6JST
PRELIMINARY LOCAL CLIMATOLOGICAL DATA (WS FORM: F-6)

                                          STATION:   JOHNSTOWN
                                          MONTH:     JULY
                                          YEAR:      2015
                                          LATITUDE:   40 18 N
                                          LONGITUDE:  78 50 W

  TEMPERATURE IN F:       :PCPN:    SNOW:  WIND      :SUNSHINE: SKY     :PK WND
================================================================================
1   2   3   4   5  6A  6B    7    8   9   10  11  12  13   14  15   16   17  18
                                     12Z  AVG MX 2MIN
DY MAX MIN AVG DEP HDD CDD  WTR  SNW DPTH SPD SPD DIR MIN PSBL S-S WX    SPD DR
================================================================================

 1  72  57  65  -3   0   0    T    M    M  8.9 20 260   M    M   6 128    24 250
 2  71  57  64  -5   1   0 0.00    M    M  5.1 12 310   M    M   1 18     14 320
 3  72  54  63  -6   2   0 0.46    M    M  6.3 15 170   M    M   5 128    19 170
 4  75  61  68  -1   0   3 1.18    M    M  6.1 14 290   M    M   6 138    19 340
 5  77  57  67  -2   0   2 0.00    M    M  4.7 10 150   M    M   2 18     14 140
 6  75  67  71   2   0   6 0.18    M    M  6.9 13 150   M    M   7 138    19 160
 7  81  65  73   4   0   8 0.46    M    M  9.4 23 240   M    M   6 1238   29 240
 8  73  64  69   0   0   4 0.09    M    M  7.1 13 230   M    M   8 1      17 230
 9  81  61  71   2   0   6 1.35    M    M 12.0 22 310   M    M   8 123    31 200
10  72  61  67  -2   0   2    T    M    M  4.6 14 310   M    M   9 1      16 320
11  78  61  70   1   0   5 0.00    M    M  3.9 12 310   M    M   4 12     13 310
12  77  60  69   0   0   4 0.00    M    M  2.2  9 170   M    M   3        12 170
13  73  62  68  -1   0   3 0.05  0.0    0  7.9 15 160   M    M   7 13     20 170
14  82  63  73   3   0   8 0.51  0.0    0  8.0 24 260   M    M   5 123    33 270
15  75  55  65  -5   0   0 0.04    M    M  8.6 18 330   M    M   6 12     23 320
16  76  48  62  -8   3   0 0.00    M    M  4.7 12 160   M    M   0        15 160
17  81  59  70   0   0   5    T    M    M  8.2 16 230   M    M   3        20 190
18  84  70  77   7   0  12 0.01    M    M  8.5 17 280   M    M   5 13     23 260
19  85  69  77   7   0  12 0.00    M    M  8.6 17 250   M    M   2 1      23 240
20  81  68  75   5   0  10 0.00    M    M  8.2 16 260   M    M   6        20 300
21  80  61  71   1   0   6 0.15    M    M  9.5 22 320   M    M   5 13     28 330
22  72  56  64  -6   1   0 0.00  0.0    M  9.8 22 320   M    M   3        30 330
23  75  55  65  -5   0   0 0.00  0.0    M  5.6 15 310   M    M   1        18 310
24  78  56  67  -3   0   2 0.00  0.0    M  5.8 16 320   M    M   1 8      20 320
25  82  58  70   1   0   5 0.00  0.0    M  3.6  9 190   M    M   2 8      14 350
26  82  64  73   4   0   8 0.04  0.0    M  5.8 15 290   M    M   2 13     18 280
27  84  65  75   6   0  10 0.00  0.0    M  3.2  9  40   M    M   4 18     12  50
================================================================================
SM 2094 1634         7 121  4.52     0.0 183.2          M      117
================================================================================
AV 77.6 60.5                               6.8 FASTST   M    M   4    MAX(MPH)
                                 MISC ---->  # 24 260               # 33  270
================================================================================
NOTES:
# LAST OF SEVERAL OCCURRENCES

COLUMN 17 PEAK WIND IN M.P.H.

PRELIMINARY LOCAL CLIMATOLOGICAL DATA (WS FORM: F-6) , PAGE 2

                                          STATION:  JOHNSTOWN
                                          MONTH:    JULY
                                          YEAR:     2015
                                          LATITUDE:   40 18 N
                                          LONGITUDE:  78 50 W

[TEMPERATURE DATA]      [PRECIPITATION DATA]       SYMBOLS USED IN COLUMN 16

AVERAGE MONTHLY: 69.0   TOTAL FOR MONTH:   4.52    1 = FOG OR MIST
DPTR FM NORMAL:  -0.3   DPTR FM NORMAL:    1.23    2 = FOG REDUCING VISIBILITY
HIGHEST:    85 ON 19    GRTST 24HR  1.64 ON  3- 4      TO 1/4 MILE OR LESS
LOWEST:     48 ON 16                               3 = THUNDER
                        SNOW, ICE PELLETS, HAIL    4 = ICE PELLETS
                        TOTAL MONTH:   0.0 INCH    5 = HAIL
                        GRTST 24HR     0.0         6 = FREEZING RAIN OR DRIZZLE
                        GRTST DEPTH:   0           7 = DUSTSTORM OR SANDSTORM:
                                                       VSBY 1/2 MILE OR LESS
                                                   8 = SMOKE OR HAZE
[NO. OF DAYS WITH]      [WEATHER - DAYS WITH]      9 = BLOWING SNOW
                                                   X = TORNADO
MAX 32 OR BELOW:   0    0.01 INCH OR MORE:  12
MAX 90 OR ABOVE:   0    0.10 INCH OR MORE:   7
MIN 32 OR BELOW:   0    0.50 INCH OR MORE:   3
MIN  0 OR BELOW:   0    1.00 INCH OR MORE:   2

[HDD (BASE 65) ]
TOTAL THIS MO.     7    CLEAR  (SCALE 0-3)   9
DPTR FM NORMAL    -1    PTCLDY (SCALE 4-7)  16
TOTAL FM JUL 1     7    CLOUDY (SCALE 8-10)  2
DPTR FM NORMAL    -1

[CDD (BASE 65) ]
TOTAL THIS MO.   121
DPTR FM NORMAL    -9    [PRESSURE DATA]
TOTAL FM JAN 1   295    HIGHEST SLP M ON M
DPTR FM NORMAL    72    LOWEST  SLP 29.48 ON 14

[REMARKS]
