000
CXUS54 KFWD 220730
CF6JWY
PRELIMINARY LOCAL CLIMATOLOGICAL DATA (WS FORM: F-6)

                                          STATION:   WAXAHACHIE
                                          MONTH:     SEPTEMBER
                                          YEAR:      2014
                                          LATITUDE:   32 27 N
                                          LONGITUDE:  96 54 W

  TEMPERATURE IN F:       :PCPN:    SNOW:  WIND      :SUNSHINE: SKY     :PK WND
================================================================================
1   2   3   4   5  6A  6B    7    8   9   10  11  12  13   14  15   16   17  18
                                     12Z  AVG MX 2MIN
DY MAX MIN AVG DEP HDD CDD  WTR  SNW DPTH SPD SPD DIR MIN PSBL S-S WX    SPD DR
================================================================================

 1  96  75  86   5   0  21 0.00  0.0    0 11.5 18 180   M    M   4        25 200
 2  97  76  87   6   0  22 0.00  0.0    0  8.6 13 180   M    M   4        17 140
 3  98  73  86   5   0  21 0.00  0.0    0  8.6 15 150   M    M   2        22 200
 4  97  73  85   4   0  20 0.00  0.0    0  8.2 14 170   M    M   2        21 170
 5  96  71  84   4   0  19 0.00  0.0    0  4.0  9 170   M    M   1         M  M
 6  96  72  84   4   0  19 0.32  0.0    0  3.6 14 220   M    M   4        23 220
 7  88  70  79  -1   0  14 0.00  0.0    0  4.4  8 340   M    M   6         M  M
 8  94  71  83   4   0  18 0.00  0.0    0  3.3  8 140   M    M   3 1       M  M
 9  97  72  85   6   0  20 0.00  0.0    0  8.2 14 160   M    M   1        20 160
10  99  75  87   8   0  22 0.00  0.0    0 11.9 17 180   M    M   0        25 180
11  87  73  80   2   0  15 0.02  0.0    0  8.1 13 350   M    M   6        17 220
12  73  59  66 -12   0   1 0.00  0.0    0 11.4 20 350   M    M  10 18     27 350
13  71  56  64 -14   1   0 0.00  0.0    0  9.2 15 360   M    M   9 1      20 360
14  82  62  72  -5   0   7 0.00  0.0    0  2.4  6  60   M    M   6 1       M  M
15  86  68  77   0   0  12 0.00  0.0    0  1.6  6 100   M    M   2         M  M
16  92  72  82   5   0  17 0.00  0.0    0  2.4  7  80   M    M   3         M  M
17  93  69  81   5   0  16 0.05  0.0    0  3.2  9  40   M    M   3 1       M  M
18  90  69  80   4   0  15 0.00  0.0    0  3.8 13  50   M    M   5 1      20 150
19  88  66  77   1   0  12    M  0.0    0  3.2  9 140   M    M   6 12      M  M
20  92  69  81   6   0  16 0.00  0.0    0  3.6 10 140   M    M   3 1      16 120
21  94  65  80   5   0  15 0.00  0.0    0  0.7  6 110   M    M   1         M  M
================================================================================
SM 1906 1456         1 322  0.39     0.0 121.9          M       81
================================================================================
AV 90.8 69.3                               5.8 FASTST   M    M   4    MAX(MPH)
                                 MISC ---->    20   M               # 27  350
================================================================================
NOTES:
# LAST OF SEVERAL OCCURRENCES

COLUMN 17 PEAK WIND IN M.P.H.

PRELIMINARY LOCAL CLIMATOLOGICAL DATA (WS FORM: F-6) , PAGE 2

                                          STATION:  WAXAHACHIE
                                          MONTH:    SEPTEMBER
                                          YEAR:     2014
                                          LATITUDE:   32 27 N
                                          LONGITUDE:  96 54 W

[TEMPERATURE DATA]      [PRECIPITATION DATA]       SYMBOLS USED IN COLUMN 16

AVERAGE MONTHLY: 80.0   TOTAL FOR MONTH:   0.39    1 = FOG OR MIST
DPTR FM NORMAL:   1.8   DPTR FM NORMAL:   -1.87    2 = FOG REDUCING VISIBILITY
HIGHEST:    99 ON 10    GRTST 24HR  0.32 ON  6- 6      TO 1/4 MILE OR LESS
LOWEST:     56 ON 13                               3 = THUNDER
                        SNOW, ICE PELLETS, HAIL    4 = ICE PELLETS
                        TOTAL MONTH:   0.0 INCH    5 = HAIL
                        GRTST 24HR     0.0         6 = FREEZING RAIN OR DRIZZLE
                        GRTST DEPTH:   0           7 = DUSTSTORM OR SANDSTORM:
                                                       VSBY 1/2 MILE OR LESS
                                                   8 = SMOKE OR HAZE
[NO. OF DAYS WITH]      [WEATHER - DAYS WITH]      9 = BLOWING SNOW
                                                   X = TORNADO
MAX 32 OR BELOW:   0    0.01 INCH OR MORE:   3
MAX 90 OR ABOVE:  14    0.10 INCH OR MORE:   1
MIN 32 OR BELOW:   0    0.50 INCH OR MORE:   0
MIN  0 OR BELOW:   0    1.00 INCH OR MORE:   0

[HDD (BASE 65) ]
TOTAL THIS MO.     1    CLEAR  (SCALE 0-3)   9
DPTR FM NORMAL     1    PTCLDY (SCALE 4-7)  10
TOTAL FM JUL 1     1    CLOUDY (SCALE 8-10)  2
DPTR FM NORMAL     1

[CDD (BASE 65) ]
TOTAL THIS MO.   322
DPTR FM NORMAL    43    [PRESSURE DATA]
TOTAL FM JAN 1  2142    HIGHEST SLP M ON M
DPTR FM NORMAL   -74    LOWEST  SLP M ON M

[REMARKS]
