000
CXUS53 KGRR 261017
CF6JXN
PRELIMINARY LOCAL CLIMATOLOGICAL DATA (WS FORM: F-6)

                                          STATION:   JACKSON MI
                                          MONTH:     MAY
                                          YEAR:      2015
                                          LATITUDE:   42 16 N
                                          LONGITUDE:  84 28 W

  TEMPERATURE IN F:       :PCPN:    SNOW:  WIND      :SUNSHINE: SKY     :PK WND
================================================================================
1   2   3   4   5  6A  6B    7    8   9   10  11  12  13   14  15   16   17  18
                                     12Z  AVG MX 2MIN
DY MAX MIN AVG DEP HDD CDD  WTR  SNW DPTH SPD SPD DIR MIN PSBL S-S WX    SPD DR
================================================================================

 1  73  42  58   5   7   0 0.00    M    M  7.6 16 330   M    M   2        21  20
 2  74  43  59   5   6   0 0.00    M    M  4.8 16 210   M    M   0        22 240
 3  78  49  64  10   1   0 0.00    M    M 10.6 21 210   M    M   2        26 230
 4  76  56  66  12   0   1 0.15    M    M  9.5 25 240   M    M   6        34 230
 5  59  48  54   0  11   0 1.79    M    M  7.2 13  60   M    M   8 1      18 110
 6  72  51  62   7   3   0 0.08    M    M  6.4 10 100   M    M   5 18     14 110
 7  83  54  69  14   0   4 0.00    M    M  7.8 18 160   M    M   2 1      23 170
 8  83  58  71  16   0   6 0.26    M    M  7.0 24 230   M    M   3 13     29 240
 9  77  58  68  12   0   3 0.03    M    M  7.0 18 240   M    M   7 1      24 210
10  75  58  67  11   0   2    M    M    M  6.9 15 230   M    M   9 1238   19 160
11  76  56  66  10   0   1 0.11    M    M  8.7 22 290   M    M   7 128    29 250
12  60  47  54  -2  11   0 0.00    M    M 12.8 24 260   M    M  10        33 280
13  56  40  48  -9  17   0 0.00    M    M  6.8 15 340   M    M   6        19 340
14  61  38  50  -7  15   0 0.00    M    M  7.2 14 140   M    M   0 1      22 140
15  75  49  62   5   3   0 0.22    M    M  8.1 20 230   M    M   8 18     26 210
16  76  60  68  10   0   3 0.04    M    M  5.0 13 200   M    M   7 1      18 220
17  81  63  72  14   0   7 0.00    M    M  9.5 20 170   M    M   7 1      26 160
18  81  55  68  10   0   3    T    M    M 11.2 21 230   M    M   3 3      28 230
19  56  37  47 -12  18   0 0.00    M    M 12.3 22 320   M    M   6        28 300
20  60  34  47 -12  18   0 0.02    M    M  5.1 14 350   M    M   4        19 350
21  63  44  54  -5  11   0 0.00    M    M  8.1 20 280   M    M   6        27 280
22  67  47  57  -3   8   0    T    M    M  7.8 18 310   M    M   2        24 310
23  76  40  58  -2   7   0 0.00    M    M  4.8 15 280   M    M   0        20 260
24  75  50  63   3   2   0    T    M    M  6.6 16 120   M    M   3        21 100
25  81  63  72  12   0   7 0.01    M    M 14.1 31 220   M    M   3 1      41 210
================================================================================
SM 1794 1240       138  37  2.71    M    202.9          M      116
================================================================================
AV 71.8 49.6                               8.1 FASTST   M    M   5    MAX(MPH)
                                 MISC ---->  # 31 220               # 41  210
================================================================================
NOTES:
# LAST OF SEVERAL OCCURRENCES

COLUMN 17 PEAK WIND IN M.P.H.

PRELIMINARY LOCAL CLIMATOLOGICAL DATA (WS FORM: F-6) , PAGE 2

                                          STATION:  JACKSON MI
                                          MONTH:    MAY
                                          YEAR:     2015
                                          LATITUDE:   42 16 N
                                          LONGITUDE:  84 28 W

[TEMPERATURE DATA]      [PRECIPITATION DATA]       SYMBOLS USED IN COLUMN 16

AVERAGE MONTHLY: 60.7   TOTAL FOR MONTH:   2.71    1 = FOG OR MIST
DPTR FM NORMAL:   3.9   DPTR FM NORMAL:    0.06    2 = FOG REDUCING VISIBILITY
HIGHEST:    83 ON  8, 7 GRTST 24HR  1.87 ON  5- 6      TO 1/4 MILE OR LESS
LOWEST:     34 ON 20                               3 = THUNDER
                        SNOW, ICE PELLETS, HAIL    4 = ICE PELLETS
                        TOTAL MONTH:    M          5 = HAIL
                        GRTST 24HR    M  ON   M    6 = FREEZING RAIN OR DRIZZLE
                        GRTST DEPTH:  M  ON   M    7 = DUSTSTORM OR SANDSTORM:
                                                       VSBY 1/2 MILE OR LESS
                                                   8 = SMOKE OR HAZE
[NO. OF DAYS WITH]      [WEATHER - DAYS WITH]      9 = BLOWING SNOW
                                                   X = TORNADO
MAX 32 OR BELOW:   0    0.01 INCH OR MORE:  10
MAX 90 OR ABOVE:   0    0.10 INCH OR MORE:   5
MIN 32 OR BELOW:   0    0.50 INCH OR MORE:   1
MIN  0 OR BELOW:   0    1.00 INCH OR MORE:   1

[HDD (BASE 65) ]
TOTAL THIS MO.   138    CLEAR  (SCALE 0-3)   9
DPTR FM NORMAL   -89    PTCLDY (SCALE 4-7)  13
TOTAL FM JUL 1  7146    CLOUDY (SCALE 8-10)  3
DPTR FM NORMAL   573

[CDD (BASE 65) ]
TOTAL THIS MO.    37
DPTR FM NORMAL    17    [PRESSURE DATA]
TOTAL FM JAN 1    37    HIGHEST SLP M ON M
DPTR FM NORMAL    11    LOWEST  SLP 29.76 ON 11

[REMARKS]
