000
CXUS53 KGID 160730
CF6JYR
PRELIMINARY LOCAL CLIMATOLOGICAL DATA (WS FORM: F-6)

                                          STATION:   YORK
                                          MONTH:     JANUARY
                                          YEAR:      2017
                                          LATITUDE:   40 54 N
                                          LONGITUDE:  97 37 W

  TEMPERATURE IN F:       :PCPN:    SNOW:  WIND      :SUNSHINE: SKY     :PK WND
================================================================================
1   2   3   4   5  6A  6B    7    8   9   10  11  12  13   14  15   16   17  18
                                     12Z  AVG MX 2MIN
DY MAX MIN AVG DEP HDD CDD  WTR  SNW DPTH SPD SPD DIR MIN PSBL S-S WX    SPD DR
================================================================================

 1  36  21  29   M  36   0 0.00    M    M  9.5 14 180   M    M   5        18 180
 2  36  23  30   M  35   0    T    M    M  8.9 16 350   M    M  10 12     24 350
 3  23   7  15   M  50   0 0.00    M    M 15.5 23 340   M    M   2        33 350
 4  12   1   7   M  58   0    M    M    M  7.9 14  10   M    M   6         M  M
 5  10  -6   2   M  63   0    T    M    M 10.9 18 320   M    M   3        18 340
 6  14 -11   2   M  63   0 0.00    M    M  7.4 10 230   M    M   0         M  M
 7  16   1   9   M  56   0 0.00    M    M  6.4 14 340   M    M   0         M  M
 8  32   3  18   M  47   0 0.00    M    M 12.9 23 170   M    M   1        28 170
 9  37  16  27   M  38   0 0.00    M    M  9.0 16 160   M    M   3        22 170
10  37  23  30   M  35   0    T    M    M 12.8 30 320   M    M   3        38 320
11  37  10  24   M  41   0    M    M    M 17.6 31  10   M    M   3        44  10
12  19   5  12   M  53   0    M    M    M  6.6 17  10   M    M   4        21  10
13  25  12  19   M  46   0 0.00    M    M  6.7 12  60   M    M   3         M  M
14  36  18  27   M  38   0 0.00    M    M  2.2  6 330   M    M   3         M  M
15  32  28  30   M  35   0    M    M    M  2.3  7 150   M    M   5 1       M  M
================================================================================
SM  402  151       694   0    T     M    136.6          M       51
================================================================================
AV 26.8 10.1                               9.1 FASTST   M    M   3    MAX(MPH)
                                 MISC ---->    31   M                 44    M
================================================================================
NOTES:
# LAST OF SEVERAL OCCURRENCES

COLUMN 17 PEAK WIND IN M.P.H.

PRELIMINARY LOCAL CLIMATOLOGICAL DATA (WS FORM: F-6) , PAGE 2

                                          STATION:  YORK
                                          MONTH:    JANUARY
                                          YEAR:     2017
                                          LATITUDE:   40 54 N
                                          LONGITUDE:  97 37 W

[TEMPERATURE DATA]      [PRECIPITATION DATA]       SYMBOLS USED IN COLUMN 16

AVERAGE MONTHLY: 18.4   TOTAL FOR MONTH:      T    1 = FOG OR MIST
DPTR FM NORMAL:     M   DPTR FM NORMAL:       M    2 = FOG REDUCING VISIBILITY
HIGHEST:    37 ON 11,10 GRTST 24HR    T  ON 10-10      TO 1/4 MILE OR LESS
LOWEST:    -11 ON  6                               3 = THUNDER
                        SNOW, ICE PELLETS, HAIL    4 = ICE PELLETS
                        TOTAL MONTH:    M          5 = HAIL
                        GRTST 24HR    M  ON   M    6 = FREEZING RAIN OR DRIZZLE
                        GRTST DEPTH:  M  ON   M    7 = DUSTSTORM OR SANDSTORM:
                                                       VSBY 1/2 MILE OR LESS
                                                   8 = SMOKE OR HAZE
[NO. OF DAYS WITH]      [WEATHER - DAYS WITH]      9 = BLOWING SNOW
                                                   X = TORNADO
MAX 32 OR BELOW:   9    0.01 INCH OR MORE:   0
MAX 90 OR ABOVE:   0    0.10 INCH OR MORE:   0
MIN 32 OR BELOW:  15    0.50 INCH OR MORE:   0
MIN  0 OR BELOW:   2    1.00 INCH OR MORE:   0

[HDD (BASE 65) ]
TOTAL THIS MO.   694    CLEAR  (SCALE 0-3)  10
DPTR FM NORMAL     M    PTCLDY (SCALE 4-7)   4
TOTAL FM JUL 1  2815    CLOUDY (SCALE 8-10)  1
DPTR FM NORMAL     M

[CDD (BASE 65) ]
TOTAL THIS MO.     0
DPTR FM NORMAL     M    [PRESSURE DATA]
TOTAL FM JAN 1     0    HIGHEST SLP M ON M
DPTR FM NORMAL     M    LOWEST  SLP M ON M

[REMARKS]
