000
CXUS53 KGID 250730
CF6JYR
PRELIMINARY LOCAL CLIMATOLOGICAL DATA (WS FORM: F-6)

                                          STATION:   YORK
                                          MONTH:     APRIL
                                          YEAR:      2014
                                          LATITUDE:   40 54 N
                                          LONGITUDE:  97 37 W

  TEMPERATURE IN F:       :PCPN:    SNOW:  WIND      :SUNSHINE: SKY     :PK WND
================================================================================
1   2   3   4   5  6A  6B    7    8   9   10  11  12  13   14  15   16   17  18
                                     12Z  AVG MX 2MIN
DY MAX MIN AVG DEP HDD CDD  WTR  SNW DPTH SPD SPD DIR MIN PSBL S-S WX    SPD DR
================================================================================

 1  45  18  32   M  33   0 0.00    M    M  9.5 23 320   M    M   3        29 320
 2  41  30  36   M  29   0 0.00    M    M 13.6 20  80   M    M   8 1      27  80
 3  37  32  35   M  30   0    M    M    M 16.7 24 360   M    M   9 1      31 360
 4  45  30  38   M  27   0 0.00    M    M 15.0 28 320   M    M   6        35 320
 5  64  28  46   M  19   0 0.00    M    M 13.4 27 190   M    M   2 8      31 210
 6  63  41  52   M  13   0    T    M    M 11.9 20 180   M    M   6        24 190
 7  63  36  50   M  15   0 0.00    M    M 13.0 31 310   M    M   5        37 310
 8  57  34  46   M  19   0 0.00    M    M 10.6 17 360   M    M   0        37 360
 9  82  32  57   M   8   0 0.00    M    M 11.0 24 220   M    M   0        31 220
10  64  46  55   M  10   0 0.00    M    M 11.7 35 360   M    M   1 8      44 360
11  75  37  56   M   9   0 0.00    M    M  9.3 17 180   M    M   1        23 190
12  79  57  68   M   0   3 0.00    M    M 12.7 23  10   M    M   0        29 190
13  57  32  45   M  20   0    M    M    M 26.8 43  10   M    M   8 13     56  10
14  43  27  35   M  30   0    M    M    M 13.2 33 360   M    M   3        44 350
15  59  23  41   M  24   0 0.00    M    M 11.9 22 190   M    M   0        29 200
16  63  32  48   M  17   0 0.00    M    M 20.6 32 300   M    M   4        38 300
17  54  32  43   M  22   0 0.00    M    M  8.3 21 360   M    M   3        29 360
18  68  32  50   M  15   0 0.00    M    M 14.8 23 180   M    M   0        36 180
19  77  54  66   M   0   1 0.00    M    M 16.9 23 200   M    M   4        29 200
20  77  54  66   M   0   1 0.11    M    M 10.6 16 240   M    M   4 3      20 240
21  72  48  60   M   5   0 0.02  0.0    0 14.4 31  20   M    M   2 3      39  20
22  72  36  54   M  11   0 0.00    M    M 11.7 20 150   M    M   3        25 150
23  77  48  63   M   2   0 0.83    M    M 21.3 32 170   M    M   5 3      44 160
24  66  46  56   M   9   0 0.65    M    M 10.9 25 320   M    M   4        32 320
================================================================================
SM 1500  885       367   5  1.61     0.0 329.8          M       81
================================================================================
AV 62.5 36.9                              13.7 FASTST   M    M   3    MAX(MPH)
                                 MISC ---->    43   M                 56    M
================================================================================
NOTES:
# LAST OF SEVERAL OCCURRENCES

COLUMN 17 PEAK WIND IN M.P.H.

PRELIMINARY LOCAL CLIMATOLOGICAL DATA (WS FORM: F-6) , PAGE 2

                                          STATION:  YORK
                                          MONTH:    APRIL
                                          YEAR:     2014
                                          LATITUDE:   40 54 N
                                          LONGITUDE:  97 37 W

[TEMPERATURE DATA]      [PRECIPITATION DATA]       SYMBOLS USED IN COLUMN 16

AVERAGE MONTHLY: 49.7   TOTAL FOR MONTH:   1.61    1 = FOG OR MIST
DPTR FM NORMAL:     M   DPTR FM NORMAL:       M    2 = FOG REDUCING VISIBILITY
HIGHEST:    82 ON  9    GRTST 24HR  0.83 ON 23-23      TO 1/4 MILE OR LESS
LOWEST:     18 ON  1                               3 = THUNDER
                        SNOW, ICE PELLETS, HAIL    4 = ICE PELLETS
                        TOTAL MONTH:   0.0 INCH    5 = HAIL
                        GRTST 24HR     0.0         6 = FREEZING RAIN OR DRIZZLE
                        GRTST DEPTH:   0           7 = DUSTSTORM OR SANDSTORM:
                                                       VSBY 1/2 MILE OR LESS
                                                   8 = SMOKE OR HAZE
[NO. OF DAYS WITH]      [WEATHER - DAYS WITH]      9 = BLOWING SNOW
                                                   X = TORNADO
MAX 32 OR BELOW:   0    0.01 INCH OR MORE:   4
MAX 90 OR ABOVE:   0    0.10 INCH OR MORE:   3
MIN 32 OR BELOW:  12    0.50 INCH OR MORE:   2
MIN  0 OR BELOW:   0    1.00 INCH OR MORE:   0

[HDD (BASE 65) ]
TOTAL THIS MO.   367    CLEAR  (SCALE 0-3)  11
DPTR FM NORMAL     M    PTCLDY (SCALE 4-7)  12
TOTAL FM JUL 1  6383    CLOUDY (SCALE 8-10)  1
DPTR FM NORMAL     M

[CDD (BASE 65) ]
TOTAL THIS MO.     5
DPTR FM NORMAL     M    [PRESSURE DATA]
TOTAL FM JAN 1     5    HIGHEST SLP M ON M
DPTR FM NORMAL     M    LOWEST  SLP M ON M

[REMARKS]
