790
CXUS53 KGID 010730
CF6JYR
PRELIMINARY LOCAL CLIMATOLOGICAL DATA (WS FORM: F-6)

                                          STATION:   YORK
                                          MONTH:     APRIL
                                          YEAR:      2016
                                          LATITUDE:   40 54 N
                                          LONGITUDE:  97 37 W

  TEMPERATURE IN F:       :PCPN:    SNOW:  WIND      :SUNSHINE: SKY     :PK WND
================================================================================
1   2   3   4   5  6A  6B    7    8   9   10  11  12  13   14  15   16   17  18
                                     12Z  AVG MX 2MIN
DY MAX MIN AVG DEP HDD CDD  WTR  SNW DPTH SPD SPD DIR MIN PSBL S-S WX    SPD DR
================================================================================

 1  41  27  34   M  31   0 0.07    M    M 16.5 30 320   M    M   4        36 320
 2  61  28  45   M  20   0 0.00    M    M 10.8 16 350   M    M   0        24 350
 3  81  41  61   M   4   0 0.00    M    M 15.1 24 260   M    M   1        30 260
 4  61  34  48   M  17   0    T    M    M  9.7 20  20   M    M   1        20  70
 5  72  45  59   M   6   0    T    M    M 14.5 24 180   M    M   4        32 180
 6  63  39  51   M  14   0 0.00    M    M 18.7 33 320   M    M   3        44 330
 7  59  32  46   M  19   0 0.00    M    M 18.0 36 330   M    M   2        50 340
 8  59  28  44   M  21   0 0.00    M    M 13.2 22  10   M    M   0        29 340
 9  64  27  46   M  19   0 0.00    M    M 14.8 25 170   M    M   0        31 160
10  66  43  55   M  10   0 0.00    M    M 14.6 30  10   M    M   2        37  10
11  55  27  41   M  24   0 0.00    M    M 10.0 20  10   M    M   0        28 350
12  66  32  49   M  16   0 0.00    M    M 13.7 23 210   M    M   0 8      29 200
13  75  39  57   M   8   0 0.00    M    M 12.0 20 220   M    M   0        28 220
14  73  46  60   M   5   0 0.00    M    M 14.0 21 160   M    M   2 12     30 160
15  75  52  64   M   1   0 0.00    M    M 18.5 30 180   M    M   2        39 180
16  68  57  63   M   2   0 0.00    M    M 14.0 20 130   M    M   8        25 130
17  64  46  55   M  10   0 0.32    M    M 13.0 17 140   M    M   9        25 150
18  54  43  49   M  16   0 0.56    M    M  9.8 21  20   M    M   8 1      27  20
19  59  45  52   M  13   0 0.03    M    M  2.0  8  30   M    M   9         M  M
20  55  48  52   M  13   0 0.55    M    M  9.4 18 300   M    M   8        24 300
21  68  48  58   M   7   0 0.03    M    M 14.6 20 290   M    M   5        27 340
22  66  39  53   M  12   0 0.00    M    M  5.1  9 320   M    M   0         M  M
23  81  48  65   M   0   0 0.00    M    M 18.3 31 180   M    M   0 18     37 170
24  75  52  64   M   1   0    T    M    M 17.2 23 190   M    M   3 3      31 190
25  72  45  59   M   6   0 0.00    M    M  8.2 16 300   M    M   0        18 280
26  72  48  60   M   5   0 0.18    M    M 17.6 41 110   M    M   6 3      48 110
27  59  45  52   M  13   0 0.55    M    M 16.8 29 320   M    M   9 1      39 310
28  50  43  47   M  18   0    T    M    M 12.9 22 320   M    M  10 1      29 320
29  46  41  44   M  21   0 0.01    M    M 12.3 24  70   M    M  10 1      30  60
30  50  43  47   M  18   0 0.92    M    M 11.8 21  60   M    M   8 1      30  60
================================================================================
SM 1910 1231       370   0  3.22    M    397.1          M      114
================================================================================
AV 63.7 41.0                              13.2 FASTST   M    M   4    MAX(MPH)
                                 MISC ---->    41   M               # 50  340
================================================================================
NOTES:
# LAST OF SEVERAL OCCURRENCES

COLUMN 17 PEAK WIND IN M.P.H.

PRELIMINARY LOCAL CLIMATOLOGICAL DATA (WS FORM: F-6) , PAGE 2

                                          STATION:  YORK
                                          MONTH:    APRIL
                                          YEAR:     2016
                                          LATITUDE:   40 54 N
                                          LONGITUDE:  97 37 W

[TEMPERATURE DATA]      [PRECIPITATION DATA]       SYMBOLS USED IN COLUMN 16

AVERAGE MONTHLY: 52.3   TOTAL FOR MONTH:   3.22    1 = FOG OR MIST
DPTR FM NORMAL:     M   DPTR FM NORMAL:       M    2 = FOG REDUCING VISIBILITY
HIGHEST:    81 ON 23, 3 GRTST 24HR  0.92 ON 30-30      TO 1/4 MILE OR LESS
LOWEST:     27 ON 11, 9                            3 = THUNDER
                        SNOW, ICE PELLETS, HAIL    4 = ICE PELLETS
                        TOTAL MONTH:    M          5 = HAIL
                        GRTST 24HR    M  ON   M    6 = FREEZING RAIN OR DRIZZLE
                        GRTST DEPTH:  M  ON   M    7 = DUSTSTORM OR SANDSTORM:
                                                       VSBY 1/2 MILE OR LESS
                                                   8 = SMOKE OR HAZE
[NO. OF DAYS WITH]      [WEATHER - DAYS WITH]      9 = BLOWING SNOW
                                                   X = TORNADO
MAX 32 OR BELOW:   0    0.01 INCH OR MORE:  10
MAX 90 OR ABOVE:   0    0.10 INCH OR MORE:   6
MIN 32 OR BELOW:   7    0.50 INCH OR MORE:   4
MIN  0 OR BELOW:   0    1.00 INCH OR MORE:   0

[HDD (BASE 65) ]
TOTAL THIS MO.   370    CLEAR  (SCALE 0-3)  17
DPTR FM NORMAL     M    PTCLDY (SCALE 4-7)   7
TOTAL FM JUL 1  5085    CLOUDY (SCALE 8-10)  6
DPTR FM NORMAL     M

[CDD (BASE 65) ]
TOTAL THIS MO.     0
DPTR FM NORMAL     M    [PRESSURE DATA]
TOTAL FM JAN 1     2    HIGHEST SLP M ON M
DPTR FM NORMAL     M    LOWEST  SLP M ON M

[REMARKS]
#FINAL-04-16#
