000
CXHW53 PHFO 211250
CF6KOA
PRELIMINARY LOCAL CLIMATOLOGICAL DATA (WS FORM: F-6)

                                          STATION:   KONA HI
                                          MONTH:     SEPTEMBER
                                          YEAR:      2017
                                          LATITUDE:   19 38 N
                                          LONGITUDE: 156  0 W

  TEMPERATURE IN F:       :PCPN:    SNOW:  WIND      :SUNSHINE: SKY     :PK WND
================================================================================
1   2   3   4   5  6A  6B    7    8   9   10  11  12  13   14  15   16   17  18
                                     12Z  AVG MX 2MIN
DY MAX MIN AVG DEP HDD CDD  WTR  SNW DPTH SPD SPD DIR MIN PSBL S-S WX    SPD DR
================================================================================

 1  87  75  81   0   0  16    T  0.0    M  9.9 17 190   M    M   M        22 190
 2  87  74  81   0   0  16 0.79  0.0    M 10.9 17 140   M    M   M 1      22 160
 3  86  73  80  -1   0  15    T  0.0    M  7.4 15 230   M    M   M        19 230
 4  86  73  80  -1   0  15 0.00  0.0    M  7.2 12 270   M    M   M        14 260
 5  88  76  82   1   0  17 0.00  0.0    M  8.6 15 330   M    M   M        19 340
 6  86  74  80  -1   0  15 0.00  0.0    M  7.2 13 230   M    M   M        15 230
 7  87  76  82   1   0  17    T  0.0    M  7.7 13 240   M    M   M        17 210
 8  86  75  81   0   0  16 0.29  0.0    M  8.2 17 310   M    M   M        21 320
 9  87  75  81   0   0  16 0.00  0.0    M  7.5 15 240   M    M   M        18 240
10  87  77  82   1   0  17 0.00  0.0    M  7.5 14 230   M    M   M        17 220
11  86  75  81   0   0  16 0.87  0.0    M  8.1 15 250   M    M   M 18     19 260
12  86  79  83   2   0  18    M  0.0    M   M  14 240   M    M   M        16 240
13  87  75  81   0   0  16 0.00  0.0    M  6.8 13 300   M    M   M        17 310
14  88  76  82   1   0  17 0.00  0.0    M  7.9 17 290   M    M   M        20 300
15  87  73  80  -1   0  15 0.00  0.0    M  6.8 14 230   M    M   M        18 230
16  88  75  82   1   0  17 0.00  0.0    M  7.7 17 180   M    M   M        20 170
17  87  76  82   1   0  17 0.00  0.0    M  7.8 16 190   M    M   M        20  40
18  86  75  81   0   0  16    T  0.0    M  8.0 14 270   M    M   M        18 130
19  87  74  81   0   0  16 0.00  0.0    M  7.3 16 190   M    M   M        22 200
20  87  75  81   0   0  16    T  0.0    M  6.5 13 230   M    M   M        16 220
================================================================================
SM 1736 1501         0 324  1.95     0.0 149.0          M        M
================================================================================
AV 86.8 75.1                               7.8 FASTST   M    M -nan   MAX(MPH)
                                 MISC ---->  # 17 190               # 22  190
================================================================================
NOTES:
# LAST OF SEVERAL OCCURRENCES

COLUMN 17 PEAK WIND IN M.P.H.

PRELIMINARY LOCAL CLIMATOLOGICAL DATA (WS FORM: F-6) , PAGE 2

                                          STATION:  KONA HI
                                          MONTH:    SEPTEMBER
                                          YEAR:     2017
                                          LATITUDE:   19 38 N
                                          LONGITUDE: 156  0 W

[TEMPERATURE DATA]      [PRECIPITATION DATA]       SYMBOLS USED IN COLUMN 16

AVERAGE MONTHLY: 80.9   TOTAL FOR MONTH:   1.95    1 = FOG OR MIST
DPTR FM NORMAL:  -0.1   DPTR FM NORMAL:    1.47    2 = FOG REDUCING VISIBILITY
HIGHEST:    88 ON 16,14 GRTST 24HR  0.87 ON 11-11      TO 1/4 MILE OR LESS
LOWEST:     73 ON 15, 4                            3 = THUNDER
                        SNOW, ICE PELLETS, HAIL    4 = ICE PELLETS
                        TOTAL MONTH:   0.0 INCH    5 = HAIL
                        GRTST 24HR     0.0         6 = FREEZING RAIN OR DRIZZLE
                        GRTST DEPTH:  M  ON   M    7 = DUSTSTORM OR SANDSTORM:
                                                       VSBY 1/2 MILE OR LESS
                                                   8 = SMOKE OR HAZE
[NO. OF DAYS WITH]      [WEATHER - DAYS WITH]      9 = BLOWING SNOW
                                                   X = TORNADO
MAX 32 OR BELOW:   0    0.01 INCH OR MORE:   3
MAX 90 OR ABOVE:   0    0.10 INCH OR MORE:   3
MIN 32 OR BELOW:   0    0.50 INCH OR MORE:   2
MIN  0 OR BELOW:   0    1.00 INCH OR MORE:   0

[HDD (BASE 65) ]
TOTAL THIS MO.     0    CLEAR  (SCALE 0-3)   0
DPTR FM NORMAL     0    PTCLDY (SCALE 4-7)   0
TOTAL FM JUL 1     0    CLOUDY (SCALE 8-10)  0
DPTR FM NORMAL     0

[CDD (BASE 65) ]
TOTAL THIS MO.   324
DPTR FM NORMAL     4    [PRESSURE DATA]
TOTAL FM JAN 1  3614    HIGHEST SLP M ON M
DPTR FM NORMAL   239    LOWEST  SLP 29.89 ON M

[REMARKS]
