000
CXUS53 KGRR 261017
CF6LAN
PRELIMINARY LOCAL CLIMATOLOGICAL DATA (WS FORM: F-6)

                                          STATION:   LANSING MI
                                          MONTH:     JULY
                                          YEAR:      2016
                                          LATITUDE:   42 46 N
                                          LONGITUDE:  84 36 W

  TEMPERATURE IN F:       :PCPN:    SNOW:  WIND      :SUNSHINE: SKY     :PK WND
================================================================================
1   2   3   4   5  6A  6B    7    8   9   10  11  12  13   14  15   16   17  18
                                     12Z  AVG MX 2MIN
DY MAX MIN AVG DEP HDD CDD  WTR  SNW DPTH SPD SPD DIR MIN PSBL S-S WX    SPD DR
================================================================================

 1  74  52  63  -8   2   0 0.30  0.0    0  8.3 20 310   M    M   7 12     26 320
 2  79  49  64  -7   1   0 0.00  0.0    0  4.0 13 290   M    M   0        17 310
 3  80  50  65  -6   0   0 0.00  0.0    0  4.2 14 170   M    M   0        17 150
 4  83  51  67  -4   0   2 0.00  0.0    0  6.3 16 160   M    M   5        25 150
 5  86  65  76   4   0  11 0.00  0.0    0  7.8 20 260   M    M   4 18     24 290
 6  88  67  78   6   0  13 0.00  0.0    0  8.3 18 270   M    M   0        24 250
 7  89  64  77   5   0  12 0.42  0.0    0  4.6 26 300   M    M   2 138    32 270
 8  90  66  78   6   0  13 0.73  0.0    0  8.6 48 280   M    M   4 138    63 270
 9  80  62  71  -1   0   6 0.00  0.0    0  8.5 18 300   M    M   5        23 300
10  83  56  70  -2   0   5 0.00  0.0    0  2.3 12 300   M    M   1        16 270
11  86  63  75   3   0  10    T  0.0    0  6.1 15 200   M    M   4        19 150
12  92  68  80   8   0  15 0.27  0.0    0 12.3 36 300   M    M   2 13     48 300
13  87  69  78   6   0  13 0.15  0.0    0  9.1 22 240   M    M   2 13     28 250
14  85  69  77   5   0  12 0.00  0.0    0 14.1 28 240   M    M   3        35 260
15  77  62  70  -2   0   5    T  0.0    0  8.6 16 290   M    M   7        21 290
16  77  56  67  -5   0   2 0.00  0.0    0  4.4 10 290   M    M   5        14 270
17  87  53  70  -2   0   5 0.00  0.0    0 12.4 30 190   M    M   2        36 180
18  86  66  76   4   0  11    T  0.0    0  9.7 24 230   M    M   1        34 220
19  84  62  73   1   0   8    T  0.0    0  5.6 14  10   M    M   2        19  10
20  91  62  77   5   0  12 0.00  0.0    0  5.4 12 180   M    M   0        17 170
21  89  68  79   7   0  14 0.41  0.0    0 10.0 30 300   M    M   2 13     40 320
22  91  73  82  10   0  17 0.00  0.0    0  9.6 18 240   M    M   1        23 270
23  94  66  80   8   0  15 0.00  0.0    0  3.5 12 140   M    M   0 1      15 140
24  87  70  79   7   0  14 0.88  0.0    0  9.4 25 220   M    M   3 13     32 220
25  87  67  77   6   0  12 0.00  0.0    0  8.9 17 270   M    M   3        22 270
================================================================================
SM 2132 1556         3 227  3.16     0.0 192.0          M       65
================================================================================
AV 85.3 62.2                               7.7 FASTST   M    M   3    MAX(MPH)
                                 MISC ---->  # 48 280               # 63  270
================================================================================
NOTES:
# LAST OF SEVERAL OCCURRENCES

COLUMN 17 PEAK WIND IN M.P.H.

PRELIMINARY LOCAL CLIMATOLOGICAL DATA (WS FORM: F-6) , PAGE 2

                                          STATION:  LANSING MI
                                          MONTH:    JULY
                                          YEAR:     2016
                                          LATITUDE:   42 46 N
                                          LONGITUDE:  84 36 W

[TEMPERATURE DATA]      [PRECIPITATION DATA]       SYMBOLS USED IN COLUMN 16

AVERAGE MONTHLY: 73.8   TOTAL FOR MONTH:   3.16    1 = FOG OR MIST
DPTR FM NORMAL:   2.0   DPTR FM NORMAL:    0.90    2 = FOG REDUCING VISIBILITY
HIGHEST:    94 ON 23    GRTST 24HR  1.15 ON  7- 8      TO 1/4 MILE OR LESS
LOWEST:     49 ON  2                               3 = THUNDER
                        SNOW, ICE PELLETS, HAIL    4 = ICE PELLETS
                        TOTAL MONTH:   0.0 INCH    5 = HAIL
                        GRTST 24HR     0.0         6 = FREEZING RAIN OR DRIZZLE
                        GRTST DEPTH:   0           7 = DUSTSTORM OR SANDSTORM:
                                                       VSBY 1/2 MILE OR LESS
                                                   8 = SMOKE OR HAZE
[NO. OF DAYS WITH]      [WEATHER - DAYS WITH]      9 = BLOWING SNOW
                                                   X = TORNADO
MAX 32 OR BELOW:   0    0.01 INCH OR MORE:   7
MAX 90 OR ABOVE:   5    0.10 INCH OR MORE:   7
MIN 32 OR BELOW:   0    0.50 INCH OR MORE:   2
MIN  0 OR BELOW:   0    1.00 INCH OR MORE:   0

[HDD (BASE 65) ]
TOTAL THIS MO.     3    CLEAR  (SCALE 0-3)  16
DPTR FM NORMAL     1    PTCLDY (SCALE 4-7)   9
TOTAL FM JUL 1     3    CLOUDY (SCALE 8-10)  0
DPTR FM NORMAL     1

[CDD (BASE 65) ]
TOTAL THIS MO.   227
DPTR FM NORMAL    52    [PRESSURE DATA]
TOTAL FM JAN 1   437    HIGHEST SLP M ON M
DPTR FM NORMAL    89    LOWEST  SLP 29.71 ON  8

[REMARKS]
