000
CXUS55 KVEF 210940
CF6LAS
PRELIMINARY LOCAL CLIMATOLOGICAL DATA (WS FORM: F-6)

                                          STATION:   LAS VEGAS NV
                                          MONTH:     JANUARY
                                          YEAR:      2017
                                          LATITUDE:   36  4 N
                                          LONGITUDE: 115 10 W

  TEMPERATURE IN F:       :PCPN:    SNOW:  WIND      :SUNSHINE: SKY     :PK WND
================================================================================
1   2   3   4   5  6A  6B    7    8   9   10  11  12  13   14  15   16   17  18
                                     12Z  AVG MX 2MIN
DY MAX MIN AVG DEP HDD CDD  WTR  SNW DPTH SPD SPD DIR MIN PSBL S-S WX    SPD DR
================================================================================

 1  60  41  51   4  14   0 0.00  0.0    0  7.6 25 200   M    M   4        40 190
 2  57  48  53   5  12   0 0.00  0.0    0 14.6 28 190   M    M   8        40 200
 3  57  44  51   3  14   0 0.00  0.0    0  5.9 18 190   M    M   9        25 190
 4  58  42  50   2  15   0 0.00  0.0    0  5.3 14 220   M    M   6        24 230
 5  66  46  56   8   9   0 0.00  0.0    0 16.0 30 260   M    M   6        45 260
 6  46  34  40  -8  25   0 0.00  0.0    0  9.4 25  50   M    M   2        30  50
 7  46  35  41  -7  24   0    T  0.0    0  2.4  7 190   M    M   9         9 300
 8  56  43  50   2  15   0 0.00  0.0    0  1.2  7 280   M    M   8        11 110
 9  67  46  57   9   8   0    T    M    0 12.8 30 230   M    M   8        42 220
10  63  47  55   7  10   0 0.00  0.0    0 10.7 22 190   M    M   8        32 210
11  65  54  60  12   5   0 0.00  0.0    0 16.9 32 220   M    M   6        46 220
12  58  50  54   6  11   0 0.03  0.0    0  6.6 18 200   M    M  10        25 190
13  57  48  53   5  12   0 0.07  0.0    0  6.9 16  20   M    M   7 1      21  20
14  58  48  53   5  12   0    T    M    0 12.0 22 330   M    M   7        26 320
15  58  44  51   2  14   0 0.00  0.0    0  6.8 18  20   M    M   3        22  10
16  56  42  49   0  16   0 0.00  0.0    0  8.6 24  10   M    M   4        38  10
17  56  37  47  -2  18   0 0.00  0.0    0  3.1  7  90   M    M   0        10  60
18  56  37  47  -2  18   0 0.00  0.0    0  4.0 18 220   M    M   5        25 220
19  56  47  52   3  13   0 0.01    M    0  9.1 22 220   M    M   8        29 180
20  50  45  48  -1  17   0 0.27    M    0  9.1 22 220   M    M   9 1      30 210
================================================================================
SM 1146  878       282   0  0.38     0.0 169.0          M      127
================================================================================
AV 57.3 43.9                               8.5 FASTST   M    M   6    MAX(MPH)
                                 MISC ---->  # 32 220               # 46  220
================================================================================
NOTES:
# LAST OF SEVERAL OCCURRENCES

COLUMN 17 PEAK WIND IN M.P.H.

PRELIMINARY LOCAL CLIMATOLOGICAL DATA (WS FORM: F-6) , PAGE 2

                                          STATION:  LAS VEGAS NV
                                          MONTH:    JANUARY
                                          YEAR:     2017
                                          LATITUDE:   36  4 N
                                          LONGITUDE: 115 10 W

[TEMPERATURE DATA]      [PRECIPITATION DATA]       SYMBOLS USED IN COLUMN 16

AVERAGE MONTHLY: 50.6   TOTAL FOR MONTH:   0.38    1 = FOG OR MIST
DPTR FM NORMAL:   2.3   DPTR FM NORMAL:    0.02    2 = FOG REDUCING VISIBILITY
HIGHEST:    67 ON  9    GRTST 24HR  0.27 ON 20-20      TO 1/4 MILE OR LESS
LOWEST:     34 ON  6                               3 = THUNDER
                        SNOW, ICE PELLETS, HAIL    4 = ICE PELLETS
                        TOTAL MONTH:   0.0 INCH    5 = HAIL
                        GRTST 24HR     0.0         6 = FREEZING RAIN OR DRIZZLE
                        GRTST DEPTH:   0           7 = DUSTSTORM OR SANDSTORM:
                                                       VSBY 1/2 MILE OR LESS
                                                   8 = SMOKE OR HAZE
[NO. OF DAYS WITH]      [WEATHER - DAYS WITH]      9 = BLOWING SNOW
                                                   X = TORNADO
MAX 32 OR BELOW:   0    0.01 INCH OR MORE:   4
MAX 90 OR ABOVE:   0    0.10 INCH OR MORE:   1
MIN 32 OR BELOW:   0    0.50 INCH OR MORE:   0
MIN  0 OR BELOW:   0    1.00 INCH OR MORE:   0

[HDD (BASE 65) ]
TOTAL THIS MO.   282    CLEAR  (SCALE 0-3)   2
DPTR FM NORMAL   -53    PTCLDY (SCALE 4-7)  13
TOTAL FM JUL 1   961    CLOUDY (SCALE 8-10)  5
DPTR FM NORMAL  -221

[CDD (BASE 65) ]
TOTAL THIS MO.     0
DPTR FM NORMAL     0    [PRESSURE DATA]
TOTAL FM JAN 1     0    HIGHEST SLP M ON M
DPTR FM NORMAL     0    LOWEST  SLP 29.26 ON 20

[REMARKS]
