000
CXUS55 KVEF 260940
CF6LAS
PRELIMINARY LOCAL CLIMATOLOGICAL DATA (WS FORM: F-6)

                                          STATION:   LAS VEGAS NV
                                          MONTH:     MAY
                                          YEAR:      2016
                                          LATITUDE:   36  4 N
                                          LONGITUDE: 115 10 W

  TEMPERATURE IN F:       :PCPN:    SNOW:  WIND      :SUNSHINE: SKY     :PK WND
================================================================================
1   2   3   4   5  6A  6B    7    8   9   10  11  12  13   14  15   16   17  18
                                     12Z  AVG MX 2MIN
DY MAX MIN AVG DEP HDD CDD  WTR  SNW DPTH SPD SPD DIR MIN PSBL S-S WX    SPD DR
================================================================================

 1  76  54  65  -7   0   0 0.00  0.0    0  4.6 13  10   M    M   5        17 360
 2  81  58  70  -3   0   5 0.00  0.0    0  5.9 16  40   M    M   2        20  30
 3  85  61  73   0   0   8 0.00  0.0    0  5.8 16  20   M    M   3        21  20
 4  92  65  79   6   0  14 0.00  0.0    0  5.7 17 150   M    M   5        25 170
 5  85  68  77   3   0  12 0.00  0.0    0  9.3 23 170   M    M   7        32 170
 6  68  58  63 -11   2   0    T  0.0    0  7.7 20  70   M    M   7 3      26 160
 7  71  56  64 -10   1   0 0.04  0.0    0  5.2 18 320   M    M   7 3      24 310
 8  77  55  66  -9   0   1 0.00  0.0    0  4.7 20 290   M    M   5        24 290
 9  87  63  75   0   0  10 0.00  0.0    0  8.5 18 190   M    M   1        24 190
10  88  67  78   2   0  13 0.00  0.0    0  5.8 16  70   M    M   2        20  70
11  86  69  78   2   0  13 0.00  0.0    0  9.1 21  60   M    M   3        26  30
12  93  67  80   4   0  15 0.00  0.0    0  3.8 12  60   M    M   1        15  10
13  99  69  84   8   0  19 0.00  0.0    0  6.0 17 150   M    M   2        24 170
14  97  75  86   9   0  21 0.00  0.0    0 10.4 23 210   M    M   5        35 170
15  91  71  81   4   0  16 0.00  0.0    0  9.8 20 180   M    M   4        25 180
16  88  69  79   1   0  14 0.00  0.0    0  9.2 28  40   M    M   4        35  50
17  75  65  70  -8   0   5    T  0.0    0 12.1 29 340   M    M   8        38 330
18  88  65  77  -1   0  12 0.00  0.0    0  5.9 16  20   M    M   4        20  60
19  94  70  82   4   0  17 0.00  0.0    0 10.2 23 220   M    M   4        37 230
20  84  65  75  -4   0  10 0.00  0.0    0 16.2 28 230   M    M   8        36 240
21  77  59  68 -11   0   3 0.00  0.0    0 14.3 26 230   M    M   2        32 230
22  81  59  70  -9   0   5 0.00  0.0    0  6.9 26 230   M    M   1        35 220
23  85  63  74  -6   0   9 0.00  0.0    0 11.2 25 230   M    M   1        34 220
24  79  62  71  -9   0   6 0.00  0.0    0 12.4 25 220   M    M   2        34 230
25  82  61  72  -8   0   7 0.00  0.0    0  7.5 23 250   M    M   2        29 240
================================================================================
SM 2109 1594         3 235  0.04     0.0 208.2          M       95
================================================================================
AV 84.4 63.8                               8.3 FASTST   M    M   4    MAX(MPH)
                                 MISC ---->  # 29 340               # 38  330
================================================================================
NOTES:
# LAST OF SEVERAL OCCURRENCES

COLUMN 17 PEAK WIND IN M.P.H.

PRELIMINARY LOCAL CLIMATOLOGICAL DATA (WS FORM: F-6) , PAGE 2

                                          STATION:  LAS VEGAS NV
                                          MONTH:    MAY
                                          YEAR:     2016
                                          LATITUDE:   36  4 N
                                          LONGITUDE: 115 10 W

[TEMPERATURE DATA]      [PRECIPITATION DATA]       SYMBOLS USED IN COLUMN 16

AVERAGE MONTHLY: 74.1   TOTAL FOR MONTH:   0.04    1 = FOG OR MIST
DPTR FM NORMAL:  -2.3   DPTR FM NORMAL:   -0.06    2 = FOG REDUCING VISIBILITY
HIGHEST:    99 ON 13    GRTST 24HR  0.93 ON 30- 1      TO 1/4 MILE OR LESS
LOWEST:     54 ON  1                               3 = THUNDER
                        SNOW, ICE PELLETS, HAIL    4 = ICE PELLETS
                        TOTAL MONTH:   0.0 INCH    5 = HAIL
                        GRTST 24HR     0.0         6 = FREEZING RAIN OR DRIZZLE
                        GRTST DEPTH:   0           7 = DUSTSTORM OR SANDSTORM:
                                                       VSBY 1/2 MILE OR LESS
                                                   8 = SMOKE OR HAZE
[NO. OF DAYS WITH]      [WEATHER - DAYS WITH]      9 = BLOWING SNOW
                                                   X = TORNADO
MAX 32 OR BELOW:   0    0.01 INCH OR MORE:   1
MAX 90 OR ABOVE:   6    0.10 INCH OR MORE:   0
MIN 32 OR BELOW:   0    0.50 INCH OR MORE:   0
MIN  0 OR BELOW:   0    1.00 INCH OR MORE:   0

[HDD (BASE 65) ]
TOTAL THIS MO.     3    CLEAR  (SCALE 0-3)  12
DPTR FM NORMAL    -1    PTCLDY (SCALE 4-7)  12
TOTAL FM JUL 1  1696    CLOUDY (SCALE 8-10)  1
DPTR FM NORMAL  -251

[CDD (BASE 65) ]
TOTAL THIS MO.   235
DPTR FM NORMAL   -57    [PRESSURE DATA]
TOTAL FM JAN 1   441    HIGHEST SLP M ON M
DPTR FM NORMAL   -11    LOWEST  SLP 29.43 ON 19

[REMARKS]
