000
CXUS54 KOUN 300800
CF6LAW
PRELIMINARY LOCAL CLIMATOLOGICAL DATA (WS FORM: F-6)

                                          STATION:   LAWTON MUNICIPAL
                                          MONTH:     MAY
                                          YEAR:      2015
                                          LATITUDE:   34 34 N
                                          LONGITUDE:  98 25 W

  TEMPERATURE IN F:       :PCPN:    SNOW:  WIND      :SUNSHINE: SKY     :PK WND
================================================================================
1   2   3   4   5  6A  6B    7    8   9   10  11  12  13   14  15   16   17  18
                                     12Z  AVG MX 2MIN
DY MAX MIN AVG DEP HDD CDD  WTR  SNW DPTH SPD SPD DIR MIN PSBL S-S WX    SPD DR
================================================================================

 1  80  49  65  -1   0   0 0.00  0.0    0  3.8 13 130   M    M   0 1      17 130
 2  82  53  68   1   0   3 0.00  0.0    0  7.8 17 170   M    M   0        23 170
 3  82  56  69   2   0   4 0.00  0.0    0 11.3 21 170   M    M   0        28 170
 4  82  61  72   5   0   7 0.00  0.0    0 11.0 22 170   M    M   1        29 130
 5  69  59  64  -4   1   0 3.19  0.0    0 12.6 22 130   M    M   8 1      28 120
 6  83  59  71   3   0   6 0.13  0.0    0 16.8 38 190   M    M   6 1      50 200
 7  75  60  68   0   0   3 1.59  0.0    0 12.1 28 180   M    M   7 1      39 180
 8  77  61  69   1   0   4 0.83  0.0    0  8.1 30 350   M    M   7 18     42 330
 9  75  64  70   1   0   5 0.79  0.0    0  9.7 28 360   M    M   8 1      34 360
10  80  60  70   1   0   5 0.14  0.0    0  9.7 25 120   M    M   3 12     32 130
11  71  50  61  -9   4   0 0.00  0.0    0 11.6 23  10   M    M   0        31  10
12  74  50  62  -8   3   0 0.00  0.0    0  6.6 15 110   M    M   2        19 110
13  66  59  63  -7   2   0 1.44  0.0    0 10.8 18 100   M    M  10 1      30 230
14  83  62  73   2   0   8 0.10  0.0    0  9.5 17 190   M    M   4 1      21 180
15  83  63  73   2   0   8 1.07  0.0    0 12.3 25 110   M    M   3 1      32 240
16  79  64  72   1   0   7 0.60  0.0    0 11.7 31 280   M    M   6 1      47 280
17  85  61  73   1   0   8 0.00  0.0    0  4.9 16 210   M    M   0 1      24 210
18  89  61  75   3   0  10 0.00  0.0    0  5.6 18  90   M    M   3 12     22  80
19  77  67  72   0   0   7 0.96  0.0    0 14.0 29 130   M    M   9 18     34 130
20  69  56  63 -10   2   0    M  0.0    0 15.1 24  10   M    M   9 18     32  10
21  70  53  62 -11   3   0 0.00  0.0    0 11.0 20  30   M    M   8        24  20
22  59  55  57 -16   8   0 1.71  0.0    0  9.9 21 130   M    M  10 1      26 130
23  83  59  71  -3   0   6 0.69  0.0    0 14.5 29 170   M    M  10 18     36 160
24  78  61  70  -4   0   5 0.05  0.0    0  9.8 20  70   M    M   5 1      23 130
25  76  56  66  -8   0   1 0.15  0.0    0  7.7 24 230   M    M   5 1      37 250
26  81  56  69  -6   0   4 0.00  0.0    0  8.7 31 180   M    M   3 12     42 170
27  83  60  72  -3   0   7 0.00  0.0    0  7.4 24 140   M    M   4        31 140
28  85  64  75   0   0  10 1.78  0.0    0  9.8 33 120   M    M   5 18     44 120
29  84  64  74  -2   0   9 0.00  0.0    0  3.6  8 280   M    M   1        11 270
================================================================================
SM 2260 1703        23 127 15.22     0.0 287.4          M      137
================================================================================
AV 77.9 58.7                               9.9 FASTST   M    M   5    MAX(MPH)
                                 MISC ---->  # 38 190               # 50  200
================================================================================
NOTES:
# LAST OF SEVERAL OCCURRENCES

COLUMN 17 PEAK WIND IN M.P.H.

PRELIMINARY LOCAL CLIMATOLOGICAL DATA (WS FORM: F-6) , PAGE 2

                                          STATION:  LAWTON MUNICIPAL
                                          MONTH:    MAY
                                          YEAR:     2015
                                          LATITUDE:   34 34 N
                                          LONGITUDE:  98 25 W

[TEMPERATURE DATA]      [PRECIPITATION DATA]       SYMBOLS USED IN COLUMN 16

AVERAGE MONTHLY: 68.3   TOTAL FOR MONTH:  15.22    1 = FOG OR MIST
DPTR FM NORMAL:  -2.6   DPTR FM NORMAL:   11.24    2 = FOG REDUCING VISIBILITY
HIGHEST:    89 ON 18    GRTST 24HR  3.32 ON  5- 6      TO 1/4 MILE OR LESS
LOWEST:     49 ON  1                               3 = THUNDER
                        SNOW, ICE PELLETS, HAIL    4 = ICE PELLETS
                        TOTAL MONTH:   0.0 INCH    5 = HAIL
                        GRTST 24HR     0.0         6 = FREEZING RAIN OR DRIZZLE
                        GRTST DEPTH:   0           7 = DUSTSTORM OR SANDSTORM:
                                                       VSBY 1/2 MILE OR LESS
                                                   8 = SMOKE OR HAZE
[NO. OF DAYS WITH]      [WEATHER - DAYS WITH]      9 = BLOWING SNOW
                                                   X = TORNADO
MAX 32 OR BELOW:   0    0.01 INCH OR MORE:  16
MAX 90 OR ABOVE:   0    0.10 INCH OR MORE:  15
MIN 32 OR BELOW:   0    0.50 INCH OR MORE:  11
MIN  0 OR BELOW:   0    1.00 INCH OR MORE:   6

[HDD (BASE 65) ]
TOTAL THIS MO.    23    CLEAR  (SCALE 0-3)  10
DPTR FM NORMAL     1    PTCLDY (SCALE 4-7)  14
TOTAL FM JUL 1  3203    CLOUDY (SCALE 8-10)  5
DPTR FM NORMAL    54

[CDD (BASE 65) ]
TOTAL THIS MO.   127
DPTR FM NORMAL   -67    [PRESSURE DATA]
TOTAL FM JAN 1   179    HIGHEST SLP M ON M
DPTR FM NORMAL   -91    LOWEST  SLP 29.63 ON 25

[REMARKS]
