000
CXUS54 KLUB 230755
CF6LBB
PRELIMINARY LOCAL CLIMATOLOGICAL DATA (WS FORM: F-6)

                                          STATION:   LUBBOCK
                                          MONTH:     JUNE
                                          YEAR:      2017
                                          LATITUDE:   33 39 N
                                          LONGITUDE: 101 49 W

  TEMPERATURE IN F:       :PCPN:    SNOW:  WIND      :SUNSHINE: SKY     :PK WND
================================================================================
1   2   3   4   5  6A  6B    7    8   9   10  11  12  13   14  15   16   17  18
                                     12Z  AVG MX 2MIN
DY MAX MIN AVG DEP HDD CDD  WTR  SNW DPTH SPD SPD DIR MIN PSBL S-S WX    SPD DR
================================================================================

 1  83  60  72  -2   0   7    T  0.0    0  8.3 28 170   M    M   6        32 170
 2  85  61  73  -2   0   8 0.04  0.0    0  8.7 30 140   M    M   8 138    37 130
 3  86  63  75   0   0  10 0.03    T    0  5.0 25  40   M    M   8 1358   31  40
 4  87  60  74  -1   0   9    T  0.0    0  9.6 24  40   M    M   4 13     28  40
 5  91  59  75   0   0  10 0.00  0.0    0 10.0 20  50   M    M   3 8      26  30
 6  93  62  78   2   0  13 0.00  0.0    0  6.7 12 100   M    M   6        21 360
 7  90  62  76   0   0  11 0.08  0.0    0  9.9 31  30   M    M   5 3      37  20
 8  91  64  78   2   0  13 0.20  0.0    0 11.1 31 350   M    M   7 3      42 350
 9  93  64  79   3   0  14    T  0.0    0 10.6 22 110   M    M   5 3      26  90
10 100  72  86  10   0  21 0.00  0.0    0 17.8 29 160   M    M   1        33 150
11 100  71  86   9   0  21 0.00  0.0    0 18.8 30 150   M    M   3        35 150
12 100  71  86   9   0  21    T  0.0    0 16.8 31 180   M    M   2 38     43 170
13 101  70  86   9   0  21 0.00  0.0    0 18.0 31 180   M    M   3 8      40 190
14 101  68  85   8   0  20 0.00  0.0    0 12.9 36 170   M    M   2 38     44 180
15 100  70  85   7   0  20 0.23  0.0    0 13.8 36 310   M    M   3 3      45 300
16 102  71  87   9   0  22 0.00  0.0    0 13.9 26 200   M    M   1        34 170
17 112  73  93  15   0  28 0.00  0.0    0 10.8 26 210   M    M   5        32 200
18  84  68  76  -2   0  11    T  0.0    0 18.2 36  40   M    M   7 18     44  50
19  91  65  78   0   0  13    T  0.0    0  9.4 16  60   M    M   7 18     20  90
20  98  71  85   7   0  20 0.00  0.0    0  8.7 22 140   M    M   5 1      27 130
21  99  71  85   6   0  20 0.20  0.0    0 11.1 33 320   M    M   6 38     41 320
22  99  69  84   5   0  19 0.00  0.0    0  7.6 23  20   M    M   4        30  20
================================================================================
SM 2086 1465         0 352  0.78    T    257.7          M      101
================================================================================
AV 94.8 66.6                              11.7 FASTST   M    M   5    MAX(MPH)
                                 MISC ---->  # 36 170               # 45  300
================================================================================
NOTES:
# LAST OF SEVERAL OCCURRENCES

COLUMN 17 PEAK WIND IN M.P.H.

PRELIMINARY LOCAL CLIMATOLOGICAL DATA (WS FORM: F-6) , PAGE 2

                                          STATION:  LUBBOCK
                                          MONTH:    JUNE
                                          YEAR:     2017
                                          LATITUDE:   33 39 N
                                          LONGITUDE: 101 49 W

[TEMPERATURE DATA]      [PRECIPITATION DATA]       SYMBOLS USED IN COLUMN 16

AVERAGE MONTHLY: 80.7   TOTAL FOR MONTH:   0.78    1 = FOG OR MIST
DPTR FM NORMAL:   4.0   DPTR FM NORMAL:   -1.55    2 = FOG REDUCING VISIBILITY
HIGHEST:   112 ON 17    GRTST 24HR  0.23 ON 15-15      TO 1/4 MILE OR LESS
LOWEST:     59 ON  5                               3 = THUNDER
                        SNOW, ICE PELLETS, HAIL    4 = ICE PELLETS
                        TOTAL MONTH:    T          5 = HAIL
                        GRTST 24HR    T  ON  3- 3  6 = FREEZING RAIN OR DRIZZLE
                        GRTST DEPTH:   0           7 = DUSTSTORM OR SANDSTORM:
                                                       VSBY 1/2 MILE OR LESS
                                                   8 = SMOKE OR HAZE
[NO. OF DAYS WITH]      [WEATHER - DAYS WITH]      9 = BLOWING SNOW
                                                   X = TORNADO
MAX 32 OR BELOW:   0    0.01 INCH OR MORE:   6
MAX 90 OR ABOVE:  17    0.10 INCH OR MORE:   3
MIN 32 OR BELOW:   0    0.50 INCH OR MORE:   0
MIN  0 OR BELOW:   0    1.00 INCH OR MORE:   0

[HDD (BASE 65) ]
TOTAL THIS MO.     0    CLEAR  (SCALE 0-3)   6
DPTR FM NORMAL     0    PTCLDY (SCALE 4-7)  16
TOTAL FM JUL 1  2468    CLOUDY (SCALE 8-10)  0
DPTR FM NORMAL  -909

[CDD (BASE 65) ]
TOTAL THIS MO.   352
DPTR FM NORMAL    91    [PRESSURE DATA]
TOTAL FM JAN 1   654    HIGHEST SLP M ON M
DPTR FM NORMAL   147    LOWEST  SLP 29.46 ON 17

[REMARKS]
