000
CXUS54 KLUB 280812
CF6LBB
PRELIMINARY LOCAL CLIMATOLOGICAL DATA (WS FORM: F-6)

                                          STATION:   LUBBOCK
                                          MONTH:     AUGUST
                                          YEAR:      2014
                                          LATITUDE:   33 39 N
                                          LONGITUDE: 101 49 W

  TEMPERATURE IN F:       :PCPN:    SNOW:  WIND      :SUNSHINE: SKY     :PK WND
================================================================================
1   2   3   4   5  6A  6B    7    8   9   10  11  12  13   14  15   16   17  18
                                     12Z  AVG MX 2MIN
DY MAX MIN AVG DEP HDD CDD  WTR  SNW DPTH SPD SPD DIR MIN PSBL S-S WX    SPD DR
================================================================================

 1  85  60  73  -7   0   8 0.00  0.0    0  5.7 14  30   M    M   7        17  20
 2  89  61  75  -5   0  10 0.00  0.0    0  5.9 10 130   M    M   6        17 130
 3  91  64  78  -2   0  13 0.00  0.0    0  6.2 13 140   M    M   3        18 130
 4  91  60  76  -4   0  11 0.00  0.0    0  7.9 16 150   M    M   5        19 150
 5  93  64  79  -1   0  14 0.00  0.0    0  9.7 17 190   M    M   6 8      22 200
 6  99  69  84   4   0  19 0.00  0.0    0 11.7 23 210   M    M   3        27 210
 7 102  71  87   7   0  22    T  0.0    0 10.3 25 300   M    M   4        31 320
 8  99  67  83   3   0  18 0.11  0.0    0  7.8 23  70   M    M   5 3      29  60
 9  94  68  81   1   0  16 0.00  0.0    0  9.8 24 130   M    M   7 3      29 130
10  94  68  81   1   0  16    T  0.0    0  7.6 17  60   M    M   7 3      22  70
11  87  66  77  -3   0  12 0.09  0.0    0  8.3 21  30   M    M   6 3      26  30
12  91  65  78  -2   0  13 0.00  0.0    0  7.4 15 120   M    M   3        21 120
13  95  64  80   0   0  15 0.00  0.0    0  9.2 17 180   M    M   3        21 170
14  95  69  82   2   0  17 0.00  0.0    0 13.2 22 210   M    M   7        28 220
15  99  69  84   5   0  19 0.13  0.0    0 15.4 28 210   M    M   7 13     34 200
16  97  66  82   3   0  17 0.00  0.0    0  6.6 17 150   M    M   6 3      21 150
17  96  67  82   3   0  17 0.00  0.0    0  9.0 20 170   M    M   5        23 170
18  93  63  78  -1   0  13 0.00  0.0    0  6.1 17 160   M    M   2        22 160
19  93  66  80   1   0  15 0.00  0.0    0 10.4 18 160   M    M   4 128    24 150
20  96  70  83   4   0  18 0.00  0.0    0 16.1 30 180   M    M   4        38 180
21 101  73  87   8   0  22 0.00  0.0    0 16.1 30 200   M    M   5        36 190
22  96  73  85   7   0  20 0.00  0.0    0 13.4 22 180   M    M   2        28 210
23  95  70  83   5   0  18 0.00  0.0    0 13.9 23 200   M    M   6        29 190
24  98  72  85   7   0  20 0.07  0.0    0 10.7 24 210   M    M   5 38     31 190
25  94  70  82   4   0  17 0.01  0.0    0 10.5 21 180   M    M   5 3      25 170
26  95  68  82   4   0  17    T  0.0    0  7.1 17 150   M    M   8        22 120
27  96  72  84   6   0  19    T  0.0    0  9.0 17 280   M    M   7 3      24 190
================================================================================
SM 2554 1815         0 436  0.41     0.0 265.0          M      138
================================================================================
AV 94.6 67.2                               9.8 FASTST   M    M   5    MAX(MPH)
                                 MISC ---->  # 30 180               # 38  180
================================================================================
NOTES:
# LAST OF SEVERAL OCCURRENCES

COLUMN 17 PEAK WIND IN M.P.H.

PRELIMINARY LOCAL CLIMATOLOGICAL DATA (WS FORM: F-6) , PAGE 2

                                          STATION:  LUBBOCK
                                          MONTH:    AUGUST
                                          YEAR:     2014
                                          LATITUDE:   33 39 N
                                          LONGITUDE: 101 49 W

[TEMPERATURE DATA]      [PRECIPITATION DATA]       SYMBOLS USED IN COLUMN 16

AVERAGE MONTHLY: 80.9   TOTAL FOR MONTH:   0.41    1 = FOG OR MIST
DPTR FM NORMAL:   1.6   DPTR FM NORMAL:   -1.23    2 = FOG REDUCING VISIBILITY
HIGHEST:   102 ON  7    GRTST 24HR  0.13 ON 15-15      TO 1/4 MILE OR LESS
LOWEST:     60 ON  4, 1                            3 = THUNDER
                        SNOW, ICE PELLETS, HAIL    4 = ICE PELLETS
                        TOTAL MONTH:   0.0 INCH    5 = HAIL
                        GRTST 24HR     0.0         6 = FREEZING RAIN OR DRIZZLE
                        GRTST DEPTH:   0           7 = DUSTSTORM OR SANDSTORM:
                                                       VSBY 1/2 MILE OR LESS
                                                   8 = SMOKE OR HAZE
[NO. OF DAYS WITH]      [WEATHER - DAYS WITH]      9 = BLOWING SNOW
                                                   X = TORNADO
MAX 32 OR BELOW:   0    0.01 INCH OR MORE:   5
MAX 90 OR ABOVE:  24    0.10 INCH OR MORE:   2
MIN 32 OR BELOW:   0    0.50 INCH OR MORE:   0
MIN  0 OR BELOW:   0    1.00 INCH OR MORE:   0

[HDD (BASE 65) ]
TOTAL THIS MO.     0    CLEAR  (SCALE 0-3)   5
DPTR FM NORMAL     0    PTCLDY (SCALE 4-7)  22
TOTAL FM JUL 1     0    CLOUDY (SCALE 8-10)  0
DPTR FM NORMAL     0

[CDD (BASE 65) ]
TOTAL THIS MO.   436
DPTR FM NORMAL    51    [PRESSURE DATA]
TOTAL FM JAN 1  1565    HIGHEST SLP M ON M
DPTR FM NORMAL    87    LOWEST  SLP 29.69 ON 19

[REMARKS]
