000
CXUS54 KLUB 300755
CF6LBB
PRELIMINARY LOCAL CLIMATOLOGICAL DATA (WS FORM: F-6)

                                          STATION:   LUBBOCK
                                          MONTH:     JULY
                                          YEAR:      2016
                                          LATITUDE:   33 39 N
                                          LONGITUDE: 101 49 W

  TEMPERATURE IN F:       :PCPN:    SNOW:  WIND      :SUNSHINE: SKY     :PK WND
================================================================================
1   2   3   4   5  6A  6B    7    8   9   10  11  12  13   14  15   16   17  18
                                     12Z  AVG MX 2MIN
DY MAX MIN AVG DEP HDD CDD  WTR  SNW DPTH SPD SPD DIR MIN PSBL S-S WX    SPD DR
================================================================================

 1  95  70  83   3   0  18 0.00  0.0    0 11.3 24 160   M    M   6        31 160
 2  99  71  85   5   0  20 0.00  0.0    0 17.4 30 200   M    M   5 8      37 190
 3  99  69  84   4   0  19 0.00  0.0    0 10.3 29 210   M    M   4        40 200
 4 102  70  86   6   0  21 0.00  0.0    0  7.8 20 120   M    M   3        25 130
 5 100  76  88   8   0  23    T  0.0    0 14.4 38 180   M    M   6 38     46 180
 6 105  75  90  10   0  25 0.27  0.0    0 14.6 52 180   M    M   6 378    63 180
 7 109  76  93  13   0  28 0.00  0.0    0 13.9 35 190   M    M   4 78     41 180
 8  98  73  86   6   0  21 0.00  0.0    0 10.5 25 150   M    M   7        31 120
 9  97  68  83   3   0  18 0.00  0.0    0 13.2 22 170   M    M   5        28 180
10  99  72  86   6   0  21 0.02  0.0    0 17.9 30 180   M    M   3 3      37 200
11 108  77  93  13   0  28 0.00  0.0    0 19.7 32 190   M    M   2        40 190
12 107  78  93  13   0  28 0.00  0.0    0 16.0 32 170   M    M   2        39 180
13 108  79  94  14   0  29 0.01  0.0    0 16.4 33 240   M    M   3 38     41 240
14 104  73  89   9   0  24 0.00  0.0    0 13.4 36 220   M    M   4 38     48 220
15  98  67  83   3   0  18 0.28  0.0    0 11.4 31 320   M    M   6 138    37 310
16  97  67  82   2   0  17    T  0.0    0 14.1 25 120   M    M   4 13     31  90
17  99  73  86   6   0  21 0.00  0.0    0 15.1 24 170   M    M   1        37 150
18  96  67  82   2   0  17 0.00  0.0    0 12.1 23 150   M    M   1        29 150
19  95  68  82   2   0  17 0.00  0.0    0 10.4 20 150   M    M   3        25 170
20  97  73  85   5   0  20 0.00  0.0    0 12.2 24 180   M    M   1 8      28 180
21  99  77  88   8   0  23 0.00  0.0    0 14.4 23 200   M    M   2 8      29 210
22  99  71  85   5   0  20 0.00  0.0    0 11.2 22 180   M    M   1        27 180
23  98  68  83   3   0  18 0.00  0.0    0 11.0 21 160   M    M   1 8      30 170
24 100  73  87   7   0  22 0.00  0.0    0  8.9 20 140   M    M   4        23 140
25 100  69  85   5   0  20 0.00  0.0    0  8.1 37  30   M    M   4 378    46  20
26  97  69  83   3   0  18 0.00  0.0    0 10.2 28 110   M    M   5 78     33 110
27  97  67  82   2   0  17 0.00  0.0    0  5.3 26  20   M    M   4 38     36  10
28  96  66  81   1   0  16 0.00  0.0    0  7.5 20 180   M    M   3 3      23 190
29  95  68  82   2   0  17 0.00  0.0    0  9.3 21 180   M    M   3        27 140
================================================================================
SM 2893 2070         0 604  0.58     0.0 358.0          M      103
================================================================================
AV 99.8 71.4                              12.3 FASTST   M    M   4    MAX(MPH)
                                 MISC ---->  # 52 180               # 63  180
================================================================================
NOTES:
# LAST OF SEVERAL OCCURRENCES

COLUMN 17 PEAK WIND IN M.P.H.

PRELIMINARY LOCAL CLIMATOLOGICAL DATA (WS FORM: F-6) , PAGE 2

                                          STATION:  LUBBOCK
                                          MONTH:    JULY
                                          YEAR:     2016
                                          LATITUDE:   33 39 N
                                          LONGITUDE: 101 49 W

[TEMPERATURE DATA]      [PRECIPITATION DATA]       SYMBOLS USED IN COLUMN 16

AVERAGE MONTHLY: 85.6   TOTAL FOR MONTH:   0.58    1 = FOG OR MIST
DPTR FM NORMAL:   5.6   DPTR FM NORMAL:   -1.22    2 = FOG REDUCING VISIBILITY
HIGHEST:   109 ON  7    GRTST 24HR  0.28 ON 15-15      TO 1/4 MILE OR LESS
LOWEST:     66 ON 28                               3 = THUNDER
                        SNOW, ICE PELLETS, HAIL    4 = ICE PELLETS
                        TOTAL MONTH:   0.0 INCH    5 = HAIL
                        GRTST 24HR     0.0         6 = FREEZING RAIN OR DRIZZLE
                        GRTST DEPTH:   0           7 = DUSTSTORM OR SANDSTORM:
                                                       VSBY 1/2 MILE OR LESS
                                                   8 = SMOKE OR HAZE
[NO. OF DAYS WITH]      [WEATHER - DAYS WITH]      9 = BLOWING SNOW
                                                   X = TORNADO
MAX 32 OR BELOW:   0    0.01 INCH OR MORE:   4
MAX 90 OR ABOVE:  29    0.10 INCH OR MORE:   2
MIN 32 OR BELOW:   0    0.50 INCH OR MORE:   0
MIN  0 OR BELOW:   0    1.00 INCH OR MORE:   0

[HDD (BASE 65) ]
TOTAL THIS MO.     0    CLEAR  (SCALE 0-3)  11
DPTR FM NORMAL     0    PTCLDY (SCALE 4-7)  18
TOTAL FM JUL 1     0    CLOUDY (SCALE 8-10)  0
DPTR FM NORMAL     0

[CDD (BASE 65) ]
TOTAL THIS MO.   604
DPTR FM NORMAL   169    [PRESSURE DATA]
TOTAL FM JAN 1  1257    HIGHEST SLP M ON M
DPTR FM NORMAL   202    LOWEST  SLP 29.55 ON 11

[REMARKS]
