000
CXUS55 KLBF 221200
CF6LBF
PRELIMINARY LOCAL CLIMATOLOGICAL DATA (WS FORM: F-6)

                                          STATION:   NORTH PLATTE
                                          MONTH:     APRIL
                                          YEAR:      2017
                                          LATITUDE:   41  7 N
                                          LONGITUDE: 100 41 W

  TEMPERATURE IN F:       :PCPN:    SNOW:  WIND      :SUNSHINE: SKY     :PK WND
================================================================================
1   2   3   4   5  6A  6B    7    8   9   10  11  12  13   14  15   16   17  18
                                     12Z  AVG MX 2MIN
DY MAX MIN AVG DEP HDD CDD  WTR  SNW DPTH SPD SPD DIR MIN PSBL S-S WX    SPD DR
================================================================================

 1  57  39  48   5  17   0    T  0.0    0  7.9 15 120   M    M   6        20  80
 2  67  37  52   9  13   0 0.00  0.0    0  7.0 18 200   M    M   6 1      22 200
 3  48  31  40  -4  25   0 0.06  0.0    0 11.4 21 330   M    M   6 1      28 350
 4  58  30  44   0  21   0 0.00  0.0    0 11.4 26  30   M    M   3        31  20
 5  59  30  45   1  20   0 0.00  0.0    0 11.4 24 330   M    M   3        31 330
 6  63  27  45   1  20   0 0.00  0.0    0  4.4 12 110   M    M   3        15 110
 7  73  37  55  10  10   0 0.00  0.0    0 13.8 26 170   M    M   0        35 180
 8  82  41  62  17   3   0 0.00  0.0    0  4.7 18 170   M    M   0        23 160
 9  72  43  58  13   7   0 0.20  0.0    0 15.6 36 300   M    M   2 3      45 300
10  55  30  43  -3  22   0 0.00  0.0    0 16.1 36 320   M    M   3        48 320
11  72  26  49   3  16   0 0.00  0.0    0  6.7 23 200   M    M   0 18     31 200
12  77  47  62  16   3   0 0.00  0.0    0  9.8 20 160   M    M   0 8      26 170
13  77  40  59  12   6   0 0.00  0.0    0 10.2 26 190   M    M   2 128    35 170
14  79  54  67  20   0   2 0.01  0.0    0  9.4 23 310   M    M   6 13     27 310
15  76  46  61  14   4   0 0.04  0.0    0 11.6 28  10   M    M   2 3      36  20
16  71  37  54   6  11   0 0.00  0.0    0  7.3 22 170   M    M   3        32 180
17  71  44  58  10   7   0 0.00  0.0    0  9.9 24 170   M    M   7 1      33 160
18  76  52  64  16   1   0 0.00  0.0    0  6.9 16  40   M    M   2 1      22  30
19  70  44  57   8   8   0    T  0.0    0 14.7 30 100   M    M   6        38 120
20  71  32  52   3  13   0 0.00  0.0    0  8.4 21 330   M    M   0        28 330
21  56  36  46  -3  19   0 0.00  0.0    0 11.4 20 110   M    M   6        24 120
================================================================================
SM 1430  803       246   2  0.31     0.0 210.0          M       66
================================================================================
AV 68.1 38.2                              10.0 FASTST   M    M   3    MAX(MPH)
                                 MISC ---->  # 36 300               # 48  320
================================================================================
NOTES:
# LAST OF SEVERAL OCCURRENCES

COLUMN 17 PEAK WIND IN M.P.H.

PRELIMINARY LOCAL CLIMATOLOGICAL DATA (WS FORM: F-6) , PAGE 2

                                          STATION:  NORTH PLATTE
                                          MONTH:    APRIL
                                          YEAR:     2017
                                          LATITUDE:   41  7 N
                                          LONGITUDE: 100 41 W

[TEMPERATURE DATA]      [PRECIPITATION DATA]       SYMBOLS USED IN COLUMN 16

AVERAGE MONTHLY: 53.2   TOTAL FOR MONTH:   0.31    1 = FOG OR MIST
DPTR FM NORMAL:   7.1   DPTR FM NORMAL:   -1.16    2 = FOG REDUCING VISIBILITY
HIGHEST:    82 ON  8    GRTST 24HR  0.20 ON  9- 9      TO 1/4 MILE OR LESS
LOWEST:     26 ON 11                               3 = THUNDER
                        SNOW, ICE PELLETS, HAIL    4 = ICE PELLETS
                        TOTAL MONTH:   0.0 INCH    5 = HAIL
                        GRTST 24HR     0.0         6 = FREEZING RAIN OR DRIZZLE
                        GRTST DEPTH:   0           7 = DUSTSTORM OR SANDSTORM:
                                                       VSBY 1/2 MILE OR LESS
                                                   8 = SMOKE OR HAZE
[NO. OF DAYS WITH]      [WEATHER - DAYS WITH]      9 = BLOWING SNOW
                                                   X = TORNADO
MAX 32 OR BELOW:   0    0.01 INCH OR MORE:   4
MAX 90 OR ABOVE:   0    0.10 INCH OR MORE:   1
MIN 32 OR BELOW:   7    0.50 INCH OR MORE:   0
MIN  0 OR BELOW:   0    1.00 INCH OR MORE:   0

[HDD (BASE 65) ]
TOTAL THIS MO.   246    CLEAR  (SCALE 0-3)  13
DPTR FM NORMAL  -153    PTCLDY (SCALE 4-7)   8
TOTAL FM JUL 1  5219    CLOUDY (SCALE 8-10)  0
DPTR FM NORMAL -1045

[CDD (BASE 65) ]
TOTAL THIS MO.     2
DPTR FM NORMAL     2    [PRESSURE DATA]
TOTAL FM JAN 1     2    HIGHEST SLP M ON M
DPTR FM NORMAL     2    LOWEST  SLP 29.40 ON  9

[REMARKS]
