000
CXUS55 KLBF 231200
CF6LBF
PRELIMINARY LOCAL CLIMATOLOGICAL DATA (WS FORM: F-6)

                                          STATION:   NORTH PLATTE NE
                                          MONTH:     NOVEMBER
                                          YEAR:      2014
                                          LATITUDE:   41  7 N
                                          LONGITUDE: 100 41 W

  TEMPERATURE IN F:       :PCPN:    SNOW:  WIND      :SUNSHINE: SKY     :PK WND
================================================================================
1   2   3   4   5  6A  6B    7    8   9   10  11  12  13   14  15   16   17  18
                                     12Z  AVG MX 2MIN
DY MAX MIN AVG DEP HDD CDD  WTR  SNW DPTH SPD SPD DIR MIN PSBL S-S WX    SPD DR
================================================================================

 1  56  29  43   0  22   0 0.00  0.0    0 14.9 25 170   M    M   0        32 170
 2  68  33  51   9  14   0 0.00  0.0    0  5.3 14 140   M    M   0        19 140
 3  55  26  41  -1  24   0 0.03  0.0    0 12.8 28  40   M    M   5 1      36  30
 4  59  21  40  -1  25   0 0.00  0.0    0  6.3 20 260   M    M   M        24 240
 5  67  29  48   7  17   0 0.00  0.0    0 13.6 36 310   M    M   M        46 310
 6  62  22  42   2  23   0 0.00  0.0    0  6.8 16 220   M    M   0        21 230
 7  73  28  51  11  14   0 0.00  0.0    0 11.2 30 340   M    M   0        38 350
 8  62  24  43   4  22   0 0.00  0.0    0  6.0 17 250   M    M   1        23 220
 9  70  26  48   9  17   0 0.00  0.0    0  6.1 16 260   M    M   0        22 250
10  52  13  33  -5  32   0    T    T    0 16.7 33 350   M    M   6        41 360
11  21   4  13 -25  52   0    T    T    0 12.6 21 330   M    M   4 8      32 340
12  20   4  12 -25  53   0    T    T    0 14.1 24 320   M    M   6        29 320
13  23   1  12 -25  53   0 0.00  0.0    0  5.5 12 320   M    M   0        16 320
14  31   5  18 -18  47   0    T    T    0 12.2 22 170   M    M   9        28 160
15  24   4  14 -22  51   0 0.03  0.4    0 12.3 24 330   M    M   6 18     33 330
16  37  -1  18 -17  47   0 0.00  0.0    T 14.9 31 320   M    M   2        39 320
17  23  -2  11 -24  54   0    T    T    0 11.0 30 310   M    M   6        37 330
18  50  -4  23 -11  42   0 0.00  0.0    0  8.8 22 270   M    M   1        27 240
19  40  12  26  -8  39   0 0.00  0.0    0  5.5 15 330   M    M   3        17 320
20  44   7  26  -7  39   0 0.00  0.0    0  3.8 13 110   M    M   0 1      16 120
21  55  16  36   3  29   0 0.00  0.0    0  4.9 15 170   M    M   0        18 160
22  69  15  42  10  23   0 0.00  0.0    0  4.3 17 220   M    M   1 12     21 230
================================================================================
SM 1061  312       739   0  0.06     0.4 209.6          M       50
================================================================================
AV 48.2 14.2                               9.5 FASTST   M    M   3    MAX(MPH)
                                 MISC ---->  # 36 310               # 46  310
================================================================================
NOTES:
# LAST OF SEVERAL OCCURRENCES

COLUMN 17 PEAK WIND IN M.P.H.

PRELIMINARY LOCAL CLIMATOLOGICAL DATA (WS FORM: F-6) , PAGE 2

                                          STATION:  NORTH PLATTE NE
                                          MONTH:    NOVEMBER
                                          YEAR:     2014
                                          LATITUDE:   41  7 N
                                          LONGITUDE: 100 41 W

[TEMPERATURE DATA]      [PRECIPITATION DATA]       SYMBOLS USED IN COLUMN 16

AVERAGE MONTHLY: 31.2   TOTAL FOR MONTH:   0.06    1 = FOG OR MIST
DPTR FM NORMAL:  -6.3   DPTR FM NORMAL:   -0.45    2 = FOG REDUCING VISIBILITY
HIGHEST:    73 ON  7    GRTST 24HR  0.03 ON 15-15      TO 1/4 MILE OR LESS
LOWEST:     -4 ON 18                               3 = THUNDER
                        SNOW, ICE PELLETS, HAIL    4 = ICE PELLETS
                        TOTAL MONTH:   0.4 INCH    5 = HAIL
                        GRTST 24HR   0.4 ON   M    6 = FREEZING RAIN OR DRIZZLE
                        GRTST DEPTH:   T           7 = DUSTSTORM OR SANDSTORM:
                                                       VSBY 1/2 MILE OR LESS
                                                   8 = SMOKE OR HAZE
[NO. OF DAYS WITH]      [WEATHER - DAYS WITH]      9 = BLOWING SNOW
                                                   X = TORNADO
MAX 32 OR BELOW:   6    0.01 INCH OR MORE:   2
MAX 90 OR ABOVE:   0    0.10 INCH OR MORE:   0
MIN 32 OR BELOW:  21    0.50 INCH OR MORE:   0
MIN  0 OR BELOW:   3    1.00 INCH OR MORE:   0

[HDD (BASE 65) ]
TOTAL THIS MO.   739    CLEAR  (SCALE 0-3)  12
DPTR FM NORMAL   134    PTCLDY (SCALE 4-7)   7
TOTAL FM JUL 1  1270    CLOUDY (SCALE 8-10)  1
DPTR FM NORMAL    -4

[CDD (BASE 65) ]
TOTAL THIS MO.     0
DPTR FM NORMAL     0    [PRESSURE DATA]
TOTAL FM JAN 1   744    HIGHEST SLP M ON M
DPTR FM NORMAL   -24    LOWEST  SLP 29.31 ON 10

[REMARKS]
