000
CXUS52 KILM 301000
CF6LBT
PRELIMINARY LOCAL CLIMATOLOGICAL DATA (WS FORM: F-6)

                                          STATION:   LUMBERTON NORTH CAROLINA
                                          MONTH:     SEPTEMBER
                                          YEAR:      2016
                                          LATITUDE:   34 35 N
                                          LONGITUDE:  79  4 W

  TEMPERATURE IN F:       :PCPN:    SNOW:  WIND      :SUNSHINE: SKY     :PK WND
================================================================================
1   2   3   4   5  6A  6B    7    8   9   10  11  12  13   14  15   16   17  18
                                     12Z  AVG MX 2MIN
DY MAX MIN AVG DEP HDD CDD  WTR  SNW DPTH SPD SPD DIR MIN PSBL S-S WX    SPD DR
================================================================================

 1  92  69  81   4   0  16 0.30    M    M  4.9 14 360   M    M   2 1      17 360
 2  75  65  70  -6   0   5 3.90    M    M 13.3 31  10   M    M   9 1      45  10
 3  84  65  75  -1   0  10 0.06    M    M  9.8 23 330   M    M   7 1      30 320
 4  85  62  74  -2   0   9 0.00    M    M  5.2 13  30   M    M   0        18  10
 5  84  60  72  -4   0   7 0.00    M    M  4.0 15 360   M    M   0        18 360
 6  91  61  76   0   0  11 0.00    M    M  3.3 12 270   M    M   0        16 240
 7  94  68  81   6   0  16 0.00    M    M  5.5 12 250   M    M   1        16 280
 8  94  68  81   6   0  16 0.00    M    M  5.6 13 230   M    M   M        18 240
 9  92  70  81   6   0  16 0.00    M    M  5.0  9 180   M    M   0 1      13 220
10  92  72  82   7   0  17 0.00    M    M  5.1 12 210   M    M   1        18 160
11  91  72  82   8   0  17 0.00    M    M  4.3 12 300   M    M   2 3      16 210
12  84  71  78   4   0  13 0.14    M    M  3.0 15 160   M    M   8 13     19 170
13  89  68  79   5   0  14 0.00    M    M  3.9 12 160   M    M   3 1      15 160
14  86  67  77   3   0  12 0.17    M    M  4.3 12 140   M    M   2 18     15 140
15  89  69  79   6   0  14 0.00    M    M  8.1 17  60   M    M   3 1      22  80
16  83  71  77   4   0  12 0.00    M    M  8.5 16  40   M    M   6        22  50
17  88  69  79   6   0  14 0.00    M    M  4.8 13  30   M    M   6        17  70
18  91  68  80   8   0  15    T    M    M  4.2 16 100   M    M   3 1      19 110
19  90  70  80   8   0  15 0.26    M    M  5.2 21 350   M    M   7 13     26 350
20  80  71  76   4   0  11 0.04    M    M  6.9 14 350   M    M  10 18     19 350
21  82  69  76   4   0  11 0.44    M    M  9.2 21  30   M    M  10 1      25  30
22  83  71  77   6   0  12 0.37    M    M  6.9 15  30   M    M   8 13     19  70
23  84  69  77   6   0  12 0.03    M    M  5.8 13  20   M    M   6 1      16  20
24  90  65  78   7   0  13 0.00    M    M  1.4  8  40   M    M   0 128    15  20
25  87  67  77   7   0  12 0.00    M    M  4.6 12  50   M    M   5 1      15  60
26  86  67  77   7   0  12 0.00    M    M  3.7  9 110   M    M   5        13  90
27  87  69  78   8   0  13 0.57    M    M  3.6 14 340   M    M   4 1      17 340
28  87  68  78   9   0  13 0.00    M    M  6.3 15 170   M    M   2 13     21 150
29  77  67  72   3   0   7 0.92    M    M  6.3 22  40   M    M   6 123    28  60
================================================================================
SM 2517 1968         0 365  7.20    M    162.7          M      116
================================================================================
AV 86.8 67.9                               5.6 FASTST   M    M   4    MAX(MPH)
                                 MISC ---->  # 31  10               # 45   10
================================================================================
NOTES:
# LAST OF SEVERAL OCCURRENCES

COLUMN 17 PEAK WIND IN M.P.H.

PRELIMINARY LOCAL CLIMATOLOGICAL DATA (WS FORM: F-6) , PAGE 2

                                          STATION:  LUMBERTON NORTH CAROLINA
                                          MONTH:    SEPTEMBER
                                          YEAR:     2016
                                          LATITUDE:   34 35 N
                                          LONGITUDE:  79  4 W

[TEMPERATURE DATA]      [PRECIPITATION DATA]       SYMBOLS USED IN COLUMN 16

AVERAGE MONTHLY: 77.3   TOTAL FOR MONTH:   7.20    1 = FOG OR MIST
DPTR FM NORMAL:   4.2   DPTR FM NORMAL:    2.55    2 = FOG REDUCING VISIBILITY
HIGHEST:    94 ON  8, 7 GRTST 24HR  3.90 ON  2- 2      TO 1/4 MILE OR LESS
LOWEST:     60 ON  5                               3 = THUNDER
                        SNOW, ICE PELLETS, HAIL    4 = ICE PELLETS
                        TOTAL MONTH:    M          5 = HAIL
                        GRTST 24HR    M  ON   M    6 = FREEZING RAIN OR DRIZZLE
                        GRTST DEPTH:  M  ON   M    7 = DUSTSTORM OR SANDSTORM:
                                                       VSBY 1/2 MILE OR LESS
                                                   8 = SMOKE OR HAZE
[NO. OF DAYS WITH]      [WEATHER - DAYS WITH]      9 = BLOWING SNOW
                                                   X = TORNADO
MAX 32 OR BELOW:   0    0.01 INCH OR MORE:  12
MAX 90 OR ABOVE:  10    0.10 INCH OR MORE:   9
MIN 32 OR BELOW:   0    0.50 INCH OR MORE:   3
MIN  0 OR BELOW:   0    1.00 INCH OR MORE:   1

[HDD (BASE 65) ]
TOTAL THIS MO.     0    CLEAR  (SCALE 0-3)  13
DPTR FM NORMAL    -7    PTCLDY (SCALE 4-7)  11
TOTAL FM JUL 1     0    CLOUDY (SCALE 8-10)  4
DPTR FM NORMAL    -7

[CDD (BASE 65) ]
TOTAL THIS MO.   365
DPTR FM NORMAL   123    [PRESSURE DATA]
TOTAL FM JAN 1  2264    HIGHEST SLP  0.00 ON  3
DPTR FM NORMAL   450    LOWEST  SLP 29.50 ON  2

[REMARKS]
