000
CXUS54 KHGX 281415
CF6LBX
PRELIMINARY LOCAL CLIMATOLOGICAL DATA (WS FORM: F-6)

                                          STATION:   ANGLETON/LAKE_JACKS
                                          MONTH:     DECEMBER
                                          YEAR:      2014
                                          LATITUDE:   29  6 N
                                          LONGITUDE:  95 28 W

  TEMPERATURE IN F:       :PCPN:    SNOW:  WIND      :SUNSHINE: SKY     :PK WND
================================================================================
1   2   3   4   5  6A  6B    7    8   9   10  11  12  13   14  15   16   17  18
                                     12Z  AVG MX 2MIN
DY MAX MIN AVG DEP HDD CDD  WTR  SNW DPTH SPD SPD DIR MIN PSBL S-S WX    SPD DR
================================================================================

 1  70  47  59   1   6   0 0.04  0.0    0  8.2 18 360   M    M   9 1      23 350
 2  56  44  50  -8  15   0 0.00  0.0    0  7.2 18  10   M    M  10 1      23  10
 3  66  51  59   1   6   0 0.00  0.0    0  5.4 12  60   M    M   7 1      16  50
 4  67  54  61   4   4   0 0.03  0.0    0  7.1 13  80   M    M  10 12     15  90
 5  77  64  71  14   0   6 0.26  0.0    0  9.5 23 180   M    M   9 1      26 170
 6  76  60  68  11   0   3    T  0.0    0  7.7 17  10   M    M  10 1      20  10
 7  61  55  58   1   7   0 0.00  0.0    0  7.4 17  40   M    M  10        21  50
 8  67  43  55  -1  10   0 0.00  0.0    0  5.7 15 360   M    M   2        19  20
 9  69  39  54  -2  11   0 0.00  0.0    0  3.3 10 130   M    M   0 1      13  60
10  66  39  53  -3  12   0 0.00  0.0    0  4.0 10 110   M    M   1 1      14 130
11  72  54  63   7   2   0    T  0.0    0  6.8 16 180   M    M   8        20 180
12  73  55  64   8   1   0    T  0.0    0  7.1 18 150   M    M   4        23 160
13  71  52  62   6   3   0 0.01  0.0    0  7.8 15 130   M    M   6 12     20 130
14  75  60  68  13   0   3 0.00  0.0    0 11.5 25 150   M    M   6        30 160
15  77  62  70  15   0   5    T  0.0    0  7.8 16 230   M    M   7 1      22 230
16  69  47  58   3   7   0 0.00  0.0    0  7.8 15 350   M    M   5        18 350
17  68  44  56   1   9   0    T  0.0    0  8.6 17 120   M    M   7        23 140
18  72  60  66  11   0   1 1.06  0.0    0  4.6 14  80   M    M  10 13     20  70
19  62  53  58   3   7   0 1.01  0.0    0 12.0 21  20   M    M   9 13     26  10
20  54  50  52  -3  13   0    T  0.0    0  9.4 17  10   M    M   9 1      21 360
21  59  50  55   1  10   0 0.00  0.0    0  5.8 12  40   M    M  10 1      14  20
22  73  53  63   9   2   0    T  0.0    0  7.0 22 200   M    M   5 12     29 220
23  64  46  55   1  10   0 0.02    M    0  8.2 23 360   M    M   6 123    29 350
24  54  37  46  -8  19   0 0.00  0.0    0  6.5 17 330   M    M   1        26 320
25  65  33  49  -5  16   0 0.00  0.0    0  9.3 24 180   M    M   1        29 170
26  72  61  67  13   0   2    T  0.0    0 15.0 25 160   M    M  10 1      33 170
27  78  47  63   9   2   0 0.47    M    0 13.8 25 180   M    M   9 1      32 170
================================================================================
SM 1833 1360       172  20  2.90     0.0 214.5          M      181
================================================================================
AV 67.9 50.4                               7.9 FASTST   M    M   7    MAX(MPH)
                                 MISC ---->  # 25 150               # 33  170
================================================================================
NOTES:
# LAST OF SEVERAL OCCURRENCES

COLUMN 17 PEAK WIND IN M.P.H.

PRELIMINARY LOCAL CLIMATOLOGICAL DATA (WS FORM: F-6) , PAGE 2

                                          STATION:  ANGLETON/LAKE_JACKS
                                          MONTH:    DECEMBER
                                          YEAR:     2014
                                          LATITUDE:   29  6 N
                                          LONGITUDE:  95 28 W

[TEMPERATURE DATA]      [PRECIPITATION DATA]       SYMBOLS USED IN COLUMN 16

AVERAGE MONTHLY: 59.1   TOTAL FOR MONTH:   2.90    1 = FOG OR MIST
DPTR FM NORMAL:   3.5   DPTR FM NORMAL:   -0.53    2 = FOG REDUCING VISIBILITY
HIGHEST:    78 ON 27    GRTST 24HR  1.71 ON 18-19      TO 1/4 MILE OR LESS
LOWEST:     33 ON 25                               3 = THUNDER
                        SNOW, ICE PELLETS, HAIL    4 = ICE PELLETS
                        TOTAL MONTH:   0.0 INCH    5 = HAIL
                        GRTST 24HR     0.0         6 = FREEZING RAIN OR DRIZZLE
                        GRTST DEPTH:   0           7 = DUSTSTORM OR SANDSTORM:
                                                       VSBY 1/2 MILE OR LESS
                                                   8 = SMOKE OR HAZE
[NO. OF DAYS WITH]      [WEATHER - DAYS WITH]      9 = BLOWING SNOW
                                                   X = TORNADO
MAX 32 OR BELOW:   0    0.01 INCH OR MORE:   8
MAX 90 OR ABOVE:   0    0.10 INCH OR MORE:   4
MIN 32 OR BELOW:   0    0.50 INCH OR MORE:   2
MIN  0 OR BELOW:   0    1.00 INCH OR MORE:   2

[HDD (BASE 65) ]
TOTAL THIS MO.   172    CLEAR  (SCALE 0-3)   5
DPTR FM NORMAL  -105    PTCLDY (SCALE 4-7)  10
TOTAL FM JUL 1   428    CLOUDY (SCALE 8-10) 12
DPTR FM NORMAL   -26

[CDD (BASE 65) ]
TOTAL THIS MO.    20
DPTR FM NORMAL    -7    [PRESSURE DATA]
TOTAL FM JAN 1  2761    HIGHEST SLP M ON M
DPTR FM NORMAL   -81    LOWEST  SLP 29.58 ON 22

[REMARKS]
