488
CXUS54 KLCH 301930
CF6LCH
PRELIMINARY LOCAL CLIMATOLOGICAL DATA (WS FORM: F-6)

                                          STATION:   LAKE CHARLES
                                          MONTH:     APRIL
                                          YEAR:      2017
                                          LATITUDE:   30  7 N
                                          LONGITUDE:  93 13 W

  TEMPERATURE IN F:       :PCPN:    SNOW:  WIND      :SUNSHINE: SKY     :PK WND
================================================================================
1   2   3   4   5  6A  6B    7    8   9   10  11  12  13   14  15   16   17  18
                                     12Z  AVG MX 2MIN
DY MAX MIN AVG DEP HDD CDD  WTR  SNW DPTH SPD SPD DIR MIN PSBL S-S WX    SPD DR
================================================================================

 1   M   M   M   M   M   M    M    M    M   M   M   M   M    M   M 1       M  M
 2  81  67  74   9   0   9 1.08  0.0    0 14.7 36 140   M    M  10 138    43 140
 3  80  63  72   7   0   7    T  0.0    0  6.1 14 300   M    M   0 1      20 290
 4  85  68  77  12   0  12 0.00  0.0    0  7.5 18 160   M    M   1 1      23 160
 5  75  54  65  -1   0   0 0.00  0.0    0 11.7 26 320   M    M   3 18     34 310
 6  77  50  64  -2   1   0 0.00  0.0    0  6.5 20 340   M    M   0        27 340
 7  76  49  63  -3   2   0 0.00  0.0    0  4.0 14  40   M    M   0        16  50
 8  77  54  66   0   0   1 0.00  0.0    0  5.7 14 220   M    M   0 1      20 250
 9  78  56  67   1   0   2 0.00  0.0    0  9.1 20 150   M    M   M        25 150
10  80  62  71   4   0   6 0.00  0.0    0 10.2 21 150   M    M   6        25 160
11  77  61  69   2   0   4 1.35  0.0    0  7.7 24 350   M    M   7 13     30 340
12  81  61  71   4   0   6    T  0.0    0  5.7 12 100   M    M   5 1      16 190
13  82  60  71   4   0   6 0.00  0.0    0  4.3 16 140   M    M   3 12     18 130
14  82  60  71   3   0   6 0.00  0.0    0  7.4 17 130   M    M   3 1      21 130
15  81  64  73   5   0   8 0.00  0.0    0  7.3 16 170   M    M   3        22 160
16  83  66  75   7   0  10 0.00  0.0    0  6.4 15 160   M    M   2 1      20 170
17  83  65  74   6   0   9 0.00  0.0    0  5.3 14 220   M    M   2 1      19 210
18  82  66  74   5   0   9 0.05  0.0    0  8.9 20 160   M    M   2 3      30 130
19  84  65  75   6   0  10 0.03  0.0    0  6.5 20 130   M    M   2 1      25 140
20  84  67  76   7   0  11 0.00  0.0    0  6.8 16 150   M    M   3 18     20 220
21  83  66  75   6   0  10 0.00  0.0    0  7.5 16 150   M    M   3 1      23 190
22  85  61  73   3   0   8    T  0.0    0 10.2 22 330   M    M   5        28 320
23  70  52  61  -9   4   0    T  0.0    0 11.0 20 350   M    M   M        29  20
24  79  50  65  -5   0   0 0.00  0.0    0  4.2 13 210   M    M   0 1      18 220
25  78  56  67  -3   0   2 0.00  0.0    0  9.9 18 160   M    M   M        23 160
26  83  60  72   1   0   7 0.01  0.0    0 13.7 25 340   M    M   9 18     34 150
27  82  54  68  -3   0   3 0.00  0.0    0  8.9 18  10   M    M   2        24 340
28  85  73  79   8   0  14 0.02  0.0    0 14.1 23 150   M    M  10 18     29 150
29  83  77  80   9   0  15    T  0.0    0 21.8 33 160   M    M  10 13     44 160
================================================================================
SM 2256 1707         7 175  2.54     0.0 243.1          M       91
================================================================================
AV 80.6 61.0                               8.7 FASTST   M    M   4    MAX(MPH)
                                 MISC ---->  # 36 140               # 44  160
================================================================================
NOTES:
# LAST OF SEVERAL OCCURRENCES

COLUMN 17 PEAK WIND IN M.P.H.

PRELIMINARY LOCAL CLIMATOLOGICAL DATA (WS FORM: F-6) , PAGE 2

                                          STATION:  LAKE CHARLES
                                          MONTH:    APRIL
                                          YEAR:     2017
                                          LATITUDE:   30  7 N
                                          LONGITUDE:  93 13 W

[TEMPERATURE DATA]      [PRECIPITATION DATA]       SYMBOLS USED IN COLUMN 16

AVERAGE MONTHLY: 70.8   TOTAL FOR MONTH:   2.54    1 = FOG OR MIST
DPTR FM NORMAL:   2.8   DPTR FM NORMAL:   -0.67    2 = FOG REDUCING VISIBILITY
HIGHEST:    85 ON 28,22 GRTST 24HR  1.35 ON 11-11      TO 1/4 MILE OR LESS
LOWEST:     49 ON  7                               3 = THUNDER
                        SNOW, ICE PELLETS, HAIL    4 = ICE PELLETS
                        TOTAL MONTH:   0.0 INCH    5 = HAIL
                        GRTST 24HR     0.0         6 = FREEZING RAIN OR DRIZZLE
                        GRTST DEPTH:   0           7 = DUSTSTORM OR SANDSTORM:
                                                       VSBY 1/2 MILE OR LESS
                                                   8 = SMOKE OR HAZE
[NO. OF DAYS WITH]      [WEATHER - DAYS WITH]      9 = BLOWING SNOW
                                                   X = TORNADO
MAX 32 OR BELOW:   0    0.01 INCH OR MORE:   6
MAX 90 OR ABOVE:   0    0.10 INCH OR MORE:   2
MIN 32 OR BELOW:   0    0.50 INCH OR MORE:   2
MIN  0 OR BELOW:   0    1.00 INCH OR MORE:   2

[HDD (BASE 65) ]
TOTAL THIS MO.     7    CLEAR  (SCALE 0-3)  16
DPTR FM NORMAL   -37    PTCLDY (SCALE 4-7)   5
TOTAL FM JUL 1   742    CLOUDY (SCALE 8-10)  4
DPTR FM NORMAL  -746

[CDD (BASE 65) ]
TOTAL THIS MO.   175
DPTR FM NORMAL    45    [PRESSURE DATA]
TOTAL FM JAN 1   414    HIGHEST SLP M ON M
DPTR FM NORMAL   212    LOWEST  SLP 29.54 ON 26

[REMARKS]
