000
CXUS53 KLMK 290800
CF6LEX
PRELIMINARY LOCAL CLIMATOLOGICAL DATA (WS FORM: F-6)

                                          STATION:   LEXINGTON KY
                                          MONTH:     JUNE
                                          YEAR:      2015
                                          LATITUDE:   38  1 N
                                          LONGITUDE:  84 36 W

  TEMPERATURE IN F:       :PCPN:    SNOW:  WIND      :SUNSHINE: SKY     :PK WND
================================================================================
1   2   3   4   5  6A  6B    7    8   9   10  11  12  13   14  15   16   17  18
                                     12Z  AVG MX 2MIN
DY MAX MIN AVG DEP HDD CDD  WTR  SNW DPTH SPD SPD DIR MIN PSBL S-S WX    SPD DR
================================================================================

 1  62  53  58 -11   7   0 0.91  0.0    0 10.0 16  40   M    M  10 1      19  50
 2  60  54  57 -12   8   0    T  0.0    0  8.1 13  40   M    M  10 1      16  30
 3  67  57  62  -7   3   0 0.00  0.0    0  4.5  9  90   M    M   8 1      12  80
 4  82  51  67  -3   0   2 0.00  0.0    0  2.6 10 260   M    M   2 1      14 250
 5  84  57  71   1   0   6 0.00  0.0    0  2.6 10 280   M    M   1        14 280
 6  81  64  73   3   0   8 0.00  0.0    0  8.8 15  60   M    M   3 18     18  70
 7  89  60  75   4   0  10 0.00  0.0    0  8.0 18 210   M    M   1 18     24 250
 8  81  66  74   3   0   9 0.36  0.0    0 11.6 24 280   M    M   4 13     33 280
 9  84  59  72   1   0   7 0.01  0.0    0  5.1 22  40   M    M   4        26  40
10  88  60  74   2   0   9 0.00  0.0    0  4.8 12 200   M    M   0 18     16 190
11  90  65  78   6   0  13 0.00  0.0    0  6.3 14 210   M    M   1 8      18 210
12  89  71  80   8   0  15 0.00  0.0    0 11.8 21 220   M    M   1        24 210
13  88  70  79   7   0  14 0.00  0.0    0 10.0 20 200   M    M   2        25 230
14  89  72  81   8   0  16    T  0.0    0  9.7 18 210   M    M   2        24 220
15  90  72  81   8   0  16 0.02  0.0    0 10.4 20 260   M    M   1 3      27 250
16  91  72  82   9   0  17 0.11  0.0    0  9.7 18 320   M    M   5 13     25 310
17  88  70  79   6   0  14 0.34  0.0    0  6.5 20 270   M    M   3 13     26 290
18  90  69  80   6   0  15 0.14  0.0    0  6.9 28 310   M    M   1 13     39 310
19  86  69  78   4   0  13 0.53  0.0    0  7.1 20 240   M    M   5 13     26 240
20  81  69  75   1   0  10 1.80  0.0    0 13.5 29 250   M    M   8 13     40 250
21  87  68  78   4   0  13 0.00  0.0    0  7.5 17 280   M    M   2 1      24 270
22  87  67  77   3   0  12 0.02  0.0    0  7.8 16 190   M    M   1 123    21 200
23  90  73  82   7   0  17 0.00  0.0    0  9.7 17 190   M    M   4 3      23 200
24  86  65  76   1   0  11 0.00  0.0    0  3.8  9 300   M    M   0        13  50
25  88  62  75   0   0  10 0.04  0.0    0  6.5 25 340   M    M   2 13     36 340
26  87  68  78   3   0  13 0.68  0.0    0  5.7 18 320   M    M   3 13     25 320
27  74  59  67  -8   0   2 0.06  0.0    0 10.5 22 320   M    M   7 1      29 330
28  78  56  67  -8   0   2 0.00  0.0    0  6.9 15 270   M    M   2        20 280
================================================================================
SM 2337 1798        18 274  5.02     0.0 216.4          M       93
================================================================================
AV 83.5 64.2                               7.7 FASTST   M    M   3    MAX(MPH)
                                 MISC ---->  # 29 250               # 40  250
================================================================================
NOTES:
# LAST OF SEVERAL OCCURRENCES

COLUMN 17 PEAK WIND IN M.P.H.

PRELIMINARY LOCAL CLIMATOLOGICAL DATA (WS FORM: F-6) , PAGE 2

                                          STATION:  LEXINGTON KY
                                          MONTH:    JUNE
                                          YEAR:     2015
                                          LATITUDE:   38  1 N
                                          LONGITUDE:  84 36 W

[TEMPERATURE DATA]      [PRECIPITATION DATA]       SYMBOLS USED IN COLUMN 16

AVERAGE MONTHLY: 73.8   TOTAL FOR MONTH:   5.02    1 = FOG OR MIST
DPTR FM NORMAL:   1.3   DPTR FM NORMAL:    0.84    2 = FOG REDUCING VISIBILITY
HIGHEST:    91 ON 16    GRTST 24HR  2.32 ON 19-20      TO 1/4 MILE OR LESS
LOWEST:     51 ON  4                               3 = THUNDER
                        SNOW, ICE PELLETS, HAIL    4 = ICE PELLETS
                        TOTAL MONTH:   0.0 INCH    5 = HAIL
                        GRTST 24HR     0.0         6 = FREEZING RAIN OR DRIZZLE
                        GRTST DEPTH:   0           7 = DUSTSTORM OR SANDSTORM:
                                                       VSBY 1/2 MILE OR LESS
                                                   8 = SMOKE OR HAZE
[NO. OF DAYS WITH]      [WEATHER - DAYS WITH]      9 = BLOWING SNOW
                                                   X = TORNADO
MAX 32 OR BELOW:   0    0.01 INCH OR MORE:  13
MAX 90 OR ABOVE:   5    0.10 INCH OR MORE:   8
MIN 32 OR BELOW:   0    0.50 INCH OR MORE:   4
MIN  0 OR BELOW:   0    1.00 INCH OR MORE:   1

[HDD (BASE 65) ]
TOTAL THIS MO.    18    CLEAR  (SCALE 0-3)  17
DPTR FM NORMAL    10    PTCLDY (SCALE 4-7)   8
TOTAL FM JUL 1  4964    CLOUDY (SCALE 8-10)  3
DPTR FM NORMAL   356

[CDD (BASE 65) ]
TOTAL THIS MO.   274
DPTR FM NORMAL    54    [PRESSURE DATA]
TOTAL FM JAN 1   442    HIGHEST SLP M ON M
DPTR FM NORMAL   115    LOWEST  SLP 29.68 ON 20

[REMARKS]
