000
CXUS54 KFWD 190730
CF6LHB
PRELIMINARY LOCAL CLIMATOLOGICAL DATA (WS FORM: F-6)

                                          STATION:   HEARNE
                                          MONTH:     JANUARY
                                          YEAR:      2018
                                          LATITUDE:   30 52 N
                                          LONGITUDE:  96 36 W

  TEMPERATURE IN F:       :PCPN:    SNOW:  WIND      :SUNSHINE: SKY     :PK WND
================================================================================
1   2   3   4   5  6A  6B    7    8   9   10  11  12  13   14  15   16   17  18
                                     12Z  AVG MX 2MIN
DY MAX MIN AVG DEP HDD CDD  WTR  SNW DPTH SPD SPD DIR MIN PSBL S-S WX    SPD DR
================================================================================

 1  34  23  29   M  36   0 0.00  0.0    0 10.7 15 340   M    M   3        21 340
 2  32  24  28   M  37   0 0.00  0.0    0  6.7 12 330   M    M  10        16 330
 3  49  17  33   M  32   0 0.00  0.0    0  3.6 13 320   M    M   0         M  M
 4  53  21  37   M  28   0 0.00  0.0    0  0.7  7 290   M    M   0         M  M
 5  60  36  48   M  17   0 0.00  0.0    0  4.0  9 120   M    M   4         M  M
 6  64  31  48   M  17   0 0.00  0.0    0  3.6  8 140   M    M   2         M  M
 7  68  48  58   M   7   0 0.10  0.0    0  7.7 15 160   M    M   8 3      25 160
 8  62  37  50   M  15   0 0.00  0.0    0 11.4 18 310   M    M   1        28 310
 9  58  30  44   M  21   0 0.00  0.0    0  2.7  9 120   M    M   3 1       M  M
10  68  46  57   M   8   0 0.00  0.0    0  9.4 17 160   M    M   9 1      24 130
11  69  37  53   M  12   0 0.02  0.0    0 12.7 29 310   M    M   6 1      38 310
12  48  28  38   M  27   0 0.00  0.0    0 13.4 22 310   M    M   0        32 310
13  49  24  37   M  28   0 0.00  0.0    0  4.4 10 340   M    M   0         M  M
14  57  26  42   M  23   0 0.00  0.0    0  3.4  9 150   M    M   0         M  M
15  66  32  49   M  16   0 0.21    M    0  6.4 22 350   M    M   6 1      35 340
16  35  17  26   M  39   0 0.01    M    M 16.7 25 340   M    M   9        33 340
17  37  11  24   M  41   0 0.00  0.0    0  2.6  8  20   M    M   0        16  20
18  38  14  26   M  39   0 0.00  0.0    0  3.2  8 160   M    M   7         M  M
================================================================================
SM  947  502       443   0  0.34     0.0 123.3          M       68
================================================================================
AV 52.6 27.9                               6.8 FASTST   M    M   4    MAX(MPH)
                                 MISC ---->    29   M               # 38  310
================================================================================
NOTES:
# LAST OF SEVERAL OCCURRENCES

COLUMN 17 PEAK WIND IN M.P.H.

PRELIMINARY LOCAL CLIMATOLOGICAL DATA (WS FORM: F-6) , PAGE 2

                                          STATION:  HEARNE
                                          MONTH:    JANUARY
                                          YEAR:     2018
                                          LATITUDE:   30 52 N
                                          LONGITUDE:  96 36 W

[TEMPERATURE DATA]      [PRECIPITATION DATA]       SYMBOLS USED IN COLUMN 16

AVERAGE MONTHLY: 40.3   TOTAL FOR MONTH:   0.34    1 = FOG OR MIST
DPTR FM NORMAL:     M   DPTR FM NORMAL:       M    2 = FOG REDUCING VISIBILITY
HIGHEST:    69 ON 11    GRTST 24HR  0.21 ON 15-15      TO 1/4 MILE OR LESS
LOWEST:     11 ON 17                               3 = THUNDER
                        SNOW, ICE PELLETS, HAIL    4 = ICE PELLETS
                        TOTAL MONTH:   0.0 INCH    5 = HAIL
                        GRTST 24HR     0.0         6 = FREEZING RAIN OR DRIZZLE
                        GRTST DEPTH:   0           7 = DUSTSTORM OR SANDSTORM:
                                                       VSBY 1/2 MILE OR LESS
                                                   8 = SMOKE OR HAZE
[NO. OF DAYS WITH]      [WEATHER - DAYS WITH]      9 = BLOWING SNOW
                                                   X = TORNADO
MAX 32 OR BELOW:   1    0.01 INCH OR MORE:   4
MAX 90 OR ABOVE:   0    0.10 INCH OR MORE:   2
MIN 32 OR BELOW:  13    0.50 INCH OR MORE:   0
MIN  0 OR BELOW:   0    1.00 INCH OR MORE:   0

[HDD (BASE 65) ]
TOTAL THIS MO.   443    CLEAR  (SCALE 0-3)   9
DPTR FM NORMAL     M    PTCLDY (SCALE 4-7)   6
TOTAL FM JUL 1  1179    CLOUDY (SCALE 8-10)  3
DPTR FM NORMAL     M

[CDD (BASE 65) ]
TOTAL THIS MO.     0
DPTR FM NORMAL     M    [PRESSURE DATA]
TOTAL FM JAN 1     0    HIGHEST SLP M ON M
DPTR FM NORMAL     M    LOWEST  SLP M ON M

[REMARKS]
