000
CXUS55 KRIW 290945
CF6LND
PRELIMINARY LOCAL CLIMATOLOGICAL DATA (WS FORM: F-6)

                                          STATION:   LANDER WY
                                          MONTH:     APRIL
                                          YEAR:      2016
                                          LATITUDE:   42 49 N
                                          LONGITUDE: 108 44 W

  TEMPERATURE IN F:       :PCPN:    SNOW:  WIND      :SUNSHINE: SKY     :PK WND
================================================================================
1   2   3   4   5  6A  6B    7    8   9   10  11  12  13   14  15   16   17  18
                                     12Z  AVG MX 2MIN
DY MAX MIN AVG DEP HDD CDD  WTR  SNW DPTH SPD SPD DIR MIN PSBL S-S WX    SPD DR
================================================================================

 1  43  22  33  -7  32   0    T  0.2    8  4.8 13 170   M    M   2 1      14  70
 2  53  31  42   2  23   0 0.00  0.0    6  3.5 15 230   M    M   0        18 230
 3  54  28  41   1  24   0 0.00  0.0    4  6.8 17 230   M    M   1        20 230
 4  58  32  45   4  20   0    T  0.0    1  7.7 30 200   M    M   1        43 260
 5  52  33  43   2  22   0 0.00  0.0    T 14.5 39 250   M    M   0        48 250
 6  68  29  49   8  16   0 0.00  0.0    T 10.7 32 320   M    M   0        44 310
 7  63  36  50   8  15   0 0.00  0.0    0  5.8 17 240   M    M   0        18 160
 8  66  34  50   8  15   0 0.00  0.0    0  5.9 17 130   M    M   0        22 150
 9  73  37  55  13  10   0 0.00  0.0    0  7.3 21 220   M    M   0        29 300
10  54  38  46   4  19   0    T  0.0    0  6.9 17  20   M    M   8        21  30
11  66  32  49   7  16   0 0.00  0.0    0  5.9 16 230   M    M   1        18 230
12  69  40  55  12  10   0 0.00  0.0    0  6.1 21 340   M    M   2        25 340
13  64  41  53  10  12   0 0.00  0.0    0  7.3 38 220   M    M   1        45 210
14  67  36  52   9  13   0    T  0.0    0 10.5 49 210   M    M   4        62 210
15  56  28  42  -2  23   0 0.00  0.0    0  7.8 23 360   M    M   3        28 350
16  44  30  37  -7  28   0 0.03  0.1    0  9.6 22  20   M    M   9 18     32  30
17  47  31  39  -5  26   0 0.07  0.3    T  8.1 24  20   M    M   6 1      30  20
18  42  32  37  -7  28   0 0.15  0.2    T  4.2  9 130   M    M  10 1      11 130
19  46  32  39  -6  26   0 0.49  0.1    T  3.3 10 240   M    M   9 12     12 240
20  64  36  50   5  15   0 0.00  0.0    0  4.7 14 230   M    M   5 12     16 230
21  72  38  55  10  10   0 0.00  0.0    0  6.4 18 240   M    M   0        23 240
22  75  41  58  12   7   0 0.00  0.0    0  8.8 36 190   M    M   0        46 180
23  70  43  57  11   8   0 0.01  0.0    0  9.5 37 190   M    M   2        45 180
24  54  40  47   1  18   0 0.48  0.0    0  8.6 20  80   M    M  10 1      23  90
25  51  36  44  -3  21   0 1.26  0.0    0  7.5 22  30   M    M   9 138    26  30
26  37  32  35 -12  30   0 1.25  2.9    2  4.3 15  10   M    M  10 12     18  10
27  38  31  35 -12  30   0 0.04  0.5    0  4.0 12  60   M    M  10 12     13  60
28  37  31  34 -14  31   0 0.04    M    0  5.5 12  70   M    M  10 1      14  60
================================================================================
SM 1583  950       548   0  3.82     4.3 196.0          M      113
================================================================================
AV 56.5 33.9                               7.0 FASTST   M    M   4    MAX(MPH)
                                 MISC ---->  # 49 210               # 62  210
================================================================================
NOTES:
# LAST OF SEVERAL OCCURRENCES

COLUMN 17 PEAK WIND IN M.P.H.

PRELIMINARY LOCAL CLIMATOLOGICAL DATA (WS FORM: F-6) , PAGE 2

                                          STATION:  LANDER WY
                                          MONTH:    APRIL
                                          YEAR:     2016
                                          LATITUDE:   42 49 N
                                          LONGITUDE: 108 44 W

[TEMPERATURE DATA]      [PRECIPITATION DATA]       SYMBOLS USED IN COLUMN 16

AVERAGE MONTHLY: 45.2   TOTAL FOR MONTH:   3.82    1 = FOG OR MIST
DPTR FM NORMAL:   1.7   DPTR FM NORMAL:    2.10    2 = FOG REDUCING VISIBILITY
HIGHEST:    75 ON 22    GRTST 24HR  2.17 ON 25-26      TO 1/4 MILE OR LESS
LOWEST:     22 ON  1                               3 = THUNDER
                        SNOW, ICE PELLETS, HAIL    4 = ICE PELLETS
                        TOTAL MONTH:   4.3 INCHES  5 = HAIL
                        GRTST 24HR   2.9 ON   M    6 = FREEZING RAIN OR DRIZZLE
                        GRTST DEPTH:   8 ON  1     7 = DUSTSTORM OR SANDSTORM:
                                                       VSBY 1/2 MILE OR LESS
                                                   8 = SMOKE OR HAZE
[NO. OF DAYS WITH]      [WEATHER - DAYS WITH]      9 = BLOWING SNOW
                                                   X = TORNADO
MAX 32 OR BELOW:   0    0.01 INCH OR MORE:  10
MAX 90 OR ABOVE:   0    0.10 INCH OR MORE:   5
MIN 32 OR BELOW:  14    0.50 INCH OR MORE:   2
MIN  0 OR BELOW:   0    1.00 INCH OR MORE:   2

[HDD (BASE 65) ]
TOTAL THIS MO.   548    CLEAR  (SCALE 0-3)  15
DPTR FM NORMAL   -52    PTCLDY (SCALE 4-7)   5
TOTAL FM JUL 1  6520    CLOUDY (SCALE 8-10)  8
DPTR FM NORMAL  -699

[CDD (BASE 65) ]
TOTAL THIS MO.     0
DPTR FM NORMAL     0    [PRESSURE DATA]
TOTAL FM JAN 1     0    HIGHEST SLP M ON M
DPTR FM NORMAL     0    LOWEST  SLP 29.67 ON 24

[REMARKS]
