000
CXUS53 KOAX 261000
CF6LNK
PRELIMINARY LOCAL CLIMATOLOGICAL DATA (WS FORM: F-6)

                                          STATION:   LINCOLN, NEBRASKA
                                          MONTH:     JULY
                                          YEAR:      2016
                                          LATITUDE:   40 50 N
                                          LONGITUDE:  96 45 W

  TEMPERATURE IN F:       :PCPN:    SNOW:  WIND      :SUNSHINE: SKY     :PK WND
================================================================================
1   2   3   4   5  6A  6B    7    8   9   10  11  12  13   14  15   16   17  18
                                     12Z  AVG MX 2MIN
DY MAX MIN AVG DEP HDD CDD  WTR  SNW DPTH SPD SPD DIR MIN PSBL S-S WX    SPD DR
================================================================================

 1  81  57  69  -8   0   4    T  0.0    0  7.1 13 120   M    M   1        17 110
 2  72  62  67 -10   0   2 0.88  0.0    0 10.6 20  80   M    M  10 1      25  80
 3  69  61  65 -12   0   0 0.00  0.0    0  8.3 15  80   M    M  10 1      18  80
 4  82  64  73  -4   0   8 0.00  0.0    0  5.8 13 190   M    M   9 18     16 250
 5  96  69  83   6   0  18 0.00  0.0    0  7.6 18 190   M    M   0 13     23 280
 6  93  68  81   4   0  16    T  0.0    0  8.7 32 350   M    M   1 3      39 340
 7  89  65  77   0   0  12 2.34  0.0    0  9.7 36 360   M    M   4 13     46 360
 8  90  66  78   0   0  13 0.00  0.0    0  4.2 12 180   M    M   0        16  80
 9  91  69  80   2   0  15 0.07  0.0    0 10.6 18 140   M    M   3 3      23 150
10  93  76  85   7   0  20 0.00  0.0    0 16.1 25 160   M    M   0        32 160
11  94  72  83   5   0  18 0.73  0.0    0 18.5 30 170   M    M   2 13     38 170
12  87  67  77  -1   0  12 0.00  0.0    0  6.6 15 180   M    M   1 3      18 170
13  92  68  80   2   0  15    T  0.0    0  6.2 25 210   M    M   1        32 210
14  89  63  76  -2   0  11 0.00  0.0    0  5.7 14 350   M    M   0        16 350
15  73  60  67 -11   0   2 0.16  0.0    0  6.7 18 170   M    M   2 1      23 160
16  88  59  74  -4   0   9 0.00  0.0    0 11.4 24 160   M    M   2        29 160
17  91  75  83   5   0  18 0.03  0.0    0  5.8 23 190   M    M   1 38     29 180
18  88  71  80   2   0  15 0.00  0.0    0 13.6 24 160   M    M   5 3      29 150
19  92  74  83   5   0  18 0.00  0.0    0  9.7 20 170   M    M   0 3      25 170
20  97  73  85   7   0  20 0.00  0.0    0 14.7 23 170   M    M   0        28 170
21  99  79  89  11   0  24 0.00  0.0    0 12.3 22 200   M    M   0        28 210
22  96  77  87   9   0  22 0.00  0.0    0  7.9 21 170   M    M   0        27 190
23  94  76  85   7   0  20 0.00  0.0    0 10.1 18 180   M    M   1        24 170
24  87  67  77  -1   0  12 0.00  0.0    0  6.5 16  50   M    M   1        19  40
25  89  64  77  -1   0  12 0.00  0.0    0  5.4 13 100   M    M   1        18  80
================================================================================
SM 2212 1702         0 336  4.21     0.0 229.8          M       55
================================================================================
AV 88.5 68.1                               9.2 FASTST   M    M   2    MAX(MPH)
                                 MISC ---->  # 36 360               # 46  360
================================================================================
NOTES:
# LAST OF SEVERAL OCCURRENCES

COLUMN 17 PEAK WIND IN M.P.H.

PRELIMINARY LOCAL CLIMATOLOGICAL DATA (WS FORM: F-6) , PAGE 2

                                          STATION:  LINCOLN, NEBRASKA
                                          MONTH:    JULY
                                          YEAR:     2016
                                          LATITUDE:   40 50 N
                                          LONGITUDE:  96 45 W

[TEMPERATURE DATA]      [PRECIPITATION DATA]       SYMBOLS USED IN COLUMN 16

AVERAGE MONTHLY: 78.3   TOTAL FOR MONTH:   4.21    1 = FOG OR MIST
DPTR FM NORMAL:   0.6   DPTR FM NORMAL:    1.43    2 = FOG REDUCING VISIBILITY
HIGHEST:    99 ON 21    GRTST 24HR  2.34 ON  7- 7      TO 1/4 MILE OR LESS
LOWEST:     57 ON  1                               3 = THUNDER
                        SNOW, ICE PELLETS, HAIL    4 = ICE PELLETS
                        TOTAL MONTH:   0.0 INCH    5 = HAIL
                        GRTST 24HR     0.0         6 = FREEZING RAIN OR DRIZZLE
                        GRTST DEPTH:   0           7 = DUSTSTORM OR SANDSTORM:
                                                       VSBY 1/2 MILE OR LESS
                                                   8 = SMOKE OR HAZE
[NO. OF DAYS WITH]      [WEATHER - DAYS WITH]      9 = BLOWING SNOW
                                                   X = TORNADO
MAX 32 OR BELOW:   0    0.01 INCH OR MORE:   6
MAX 90 OR ABOVE:  13    0.10 INCH OR MORE:   4
MIN 32 OR BELOW:   0    0.50 INCH OR MORE:   3
MIN  0 OR BELOW:   0    1.00 INCH OR MORE:   1

[HDD (BASE 65) ]
TOTAL THIS MO.     0    CLEAR  (SCALE 0-3)  20
DPTR FM NORMAL     0    PTCLDY (SCALE 4-7)   2
TOTAL FM JUL 1     0    CLOUDY (SCALE 8-10)  3
DPTR FM NORMAL     0

[CDD (BASE 65) ]
TOTAL THIS MO.   336
DPTR FM NORMAL    18    [PRESSURE DATA]
TOTAL FM JAN 1   827    HIGHEST SLP M ON M
DPTR FM NORMAL   188    LOWEST  SLP 29.56 ON 11

[REMARKS]
