000
CXUS53 KMKX 270646
CF6LNR
PRELIMINARY LOCAL CLIMATOLOGICAL DATA (WS FORM: F-6)

                                          STATION:   LONE ROCK WI
                                          MONTH:     JULY
                                          YEAR:      2015
                                          LATITUDE:   43 12 N
                                          LONGITUDE:  90 11 W

  TEMPERATURE IN F:       :PCPN:    SNOW:  WIND      :SUNSHINE: SKY     :PK WND
================================================================================
1   2   3   4   5  6A  6B    7    8   9   10  11  12  13   14  15   16   17  18
                                     12Z  AVG MX 2MIN
DY MAX MIN AVG DEP HDD CDD  WTR  SNW DPTH SPD SPD DIR MIN PSBL S-S WX    SPD DR
================================================================================

 1  71  50  61 -10   4   0 0.00  0.0    0  3.6 12  30   M    M   1        13  30
 2  74  48  61 -10   4   0 0.00  0.0    0  3.4 13  80   M    M   2 12     16  70
 3  77  49  63  -8   2   0 0.00  0.0    0  1.2  8 320   M    M   2 12     15 210
 4  82  53  68  -3   0   3 0.00  0.0    0  2.6 10 250   M    M   2 128    13 210
 5  85  56  71   0   0   6 0.00  0.0    0  5.1 15 190   M    M   2 18     23 180
 6  81  63  72   1   0   7 0.46  0.0    0  7.4 20 330   M    M   7 138    28 340
 7  71  56  64  -8   1   0 0.00  0.0    0  6.9 16 340   M    M   9 18     19  20
 8  73  51  62 -10   3   0 0.00  0.0    0  3.9 12 120   M    M   1 12     15  80
 9  79  50  65  -7   0   0 0.00  0.0    0  2.8  9 310   M    M   1 1      14 340
10  82  54  68  -4   0   3 0.00  0.0    0  2.2  9 200   M    M   3 12     12 220
11  79  58  69  -3   0   4 0.00  0.0    0  4.7 15 140   M    M   4 1      19 140
12  84  62  73   1   0   8 0.00  0.0    0  4.7 10 160   M    M   8 1      15 170
13  90  66  78   6   0  13 1.25    M    M  5.1 54 350   M    M   3 138    68 350
14  83  66  75   3   0  10 0.00    M    M  8.3 16 330   M    M   3        22 340
15  79  57  68  -4   0   3 0.00    M    M  3.2 13  90   M    M   1        16 100
16  70  58  64  -8   1   0 0.17  0.0    0  6.0 15  90   M    M   6 1      18  90
17  90  67  79   7   0  14 0.00  0.0    0  4.2 14 260   M    M   5 12     19 190
18  89  70  80   8   0  15 0.03  0.0    0  5.0 26 340   M    M   2 3      39 320
19  81  60  71   0   0   6 0.00  0.0    0  5.9 16 290   M    M   0        24 300
20  82  59  71   0   0   6    T  0.0    0  6.1 18 280   M    M   1        22 290
21  81  55  68  -3   0   3 0.00  0.0    0  5.6 16 310   M    M   1        21 320
22  82  53  68  -3   0   3 0.00  0.0    0  0.8  9 230   M    M   1 12     12 230
23  85  57  71   0   0   6 0.00    M    M  2.4  9 200   M    M   3 12     12 210
24  80  59  70  -1   0   5 0.06    M    M  4.0 24 200   M    M   3 13     32 180
25  89  64  77   6   0  12 0.00    M    M  3.8 13 360   M    M   3 1      18 260
26  81  62  72   1   0   7 0.00    M    M  2.9 10 140   M    M   1 12     14 140
================================================================================
SM 2100 1503        15 134  1.97     0.0 111.8          M       75
================================================================================
AV 80.8 57.8                               4.3 FASTST   M    M   3    MAX(MPH)
                                 MISC ---->  # 54 350               # 68  350
================================================================================
NOTES:
# LAST OF SEVERAL OCCURRENCES

COLUMN 17 PEAK WIND IN M.P.H.

PRELIMINARY LOCAL CLIMATOLOGICAL DATA (WS FORM: F-6) , PAGE 2

                                          STATION:  LONE ROCK WI
                                          MONTH:    JULY
                                          YEAR:     2015
                                          LATITUDE:   43 12 N
                                          LONGITUDE:  90 11 W

[TEMPERATURE DATA]      [PRECIPITATION DATA]       SYMBOLS USED IN COLUMN 16

AVERAGE MONTHLY: 69.3   TOTAL FOR MONTH:   1.97    1 = FOG OR MIST
DPTR FM NORMAL:  -2.2   DPTR FM NORMAL:   -2.12    2 = FOG REDUCING VISIBILITY
HIGHEST:    90 ON 17,13 GRTST 24HR  1.25 ON 13-13      TO 1/4 MILE OR LESS
LOWEST:     48 ON  2                               3 = THUNDER
                        SNOW, ICE PELLETS, HAIL    4 = ICE PELLETS
                        TOTAL MONTH:   0.0 INCH    5 = HAIL
                        GRTST 24HR     0.0         6 = FREEZING RAIN OR DRIZZLE
                        GRTST DEPTH:   0           7 = DUSTSTORM OR SANDSTORM:
                                                       VSBY 1/2 MILE OR LESS
                                                   8 = SMOKE OR HAZE
[NO. OF DAYS WITH]      [WEATHER - DAYS WITH]      9 = BLOWING SNOW
                                                   X = TORNADO
MAX 32 OR BELOW:   0    0.01 INCH OR MORE:   5
MAX 90 OR ABOVE:   2    0.10 INCH OR MORE:   3
MIN 32 OR BELOW:   0    0.50 INCH OR MORE:   1
MIN  0 OR BELOW:   0    1.00 INCH OR MORE:   1

[HDD (BASE 65) ]
TOTAL THIS MO.    15    CLEAR  (SCALE 0-3)  18
DPTR FM NORMAL    15    PTCLDY (SCALE 4-7)   6
TOTAL FM JUL 1    15    CLOUDY (SCALE 8-10)  2
DPTR FM NORMAL    15

[CDD (BASE 65) ]
TOTAL THIS MO.   134
DPTR FM NORMAL   -44    [PRESSURE DATA]
TOTAL FM JAN 1   294    HIGHEST SLP M ON M
DPTR FM NORMAL   -41    LOWEST  SLP 29.54 ON 13

[REMARKS]
