000
CXUS54 KCRP 261300
CF6LRD
PRELIMINARY LOCAL CLIMATOLOGICAL DATA (WS FORM: F-6)

                                          STATION:   LAREDO
                                          MONTH:     MARCH
                                          YEAR:      2015
                                          LATITUDE:   27 31 N
                                          LONGITUDE:  99 28 W

  TEMPERATURE IN F:       :PCPN:    SNOW:  WIND      :SUNSHINE: SKY     :PK WND
================================================================================
1   2   3   4   5  6A  6B    7    8   9   10  11  12  13   14  15   16   17  18
                                     12Z  AVG MX 2MIN
DY MAX MIN AVG DEP HDD CDD  WTR  SNW DPTH SPD SPD DIR MIN PSBL S-S WX    SPD DR
================================================================================

 1  54  42  48 -17  17   0    T    M    0  5.9 10 330   M    M  10 1      13 320
 2  49  46  48 -17  17   0 0.02  0.0    0  6.1 13  10   M    M  10 1      16  20
 3  69  47  58  -7   7   0 0.01    M    0  4.6 16 130   M    M   8 1      20 140
 4  71  47  59  -6   6   0 0.01    M    0  5.2 33  10   M    M   9 1      39  10
 5  52  39  46 -20  19   0    T    M    0 15.3 29  10   M    M   7 1      33 330
 6  51  38  45 -21  20   0 0.00  0.0    0  8.5 20  60   M    M   8        23  50
 7  63  37  50 -16  15   0 0.00  0.0    0  5.8 15 150   M    M   5        17 180
 8  60  51  56 -10   9   0 0.36  0.0    0  6.4 18 110   M    M  10 13     20 110
 9  70  56  63  -4   2   0 0.25  0.0    0  4.9 16  90   M    M   8 1      17  90
10  71  52  62  -5   3   0 0.00  0.0    0  4.8 12  40   M    M   4 12     16  15
11  63  50  57 -10   8   0 0.00  0.0    0  7.8 16  10   M    M   3 1      17  10
12  76  46  61  -6   4   0 0.00  0.0    0  7.2 15 340   M    M   1        24 340
13  78  53  66  -2   0   1 0.00  0.0    0  4.0 12 160   M    M   2        15 170
14  80  54  67  -1   0   2 0.00  0.0    0  5.5 15 360   M    M   5        16  10
15  76  61  69   1   0   4 0.00  0.0    0  8.1 16  50   M    M   3        20  50
16  71  60  66  -2   0   1    T  0.0    0  5.6 13  50   M    M   9        16  80
17  68  62  65  -4   0   0 0.55  0.0    0  6.6 21 100   M    M   9 1      22 100
18  73  63  68  -1   0   3 0.04  0.0    0  5.9 10 130   M    M   9 1      12 110
19  78  68  73   4   0   8    T  0.0    0  7.4 14 110   M    M   8 1      15 110
20  75  63  69   0   0   4 0.15  0.0    0  8.1 20  20   M    M   9 18     24  30
21  68  61  65  -5   0   0 1.17  0.0    0  9.7 21  60   M    M   9 1      28  70
22  81  57  69  -1   0   4 0.00  0.0    0  2.6  9 290   M    M   4 1      12 300
23  87  60  74   4   0   9 0.00  0.0    0  7.2 16 130   M    M   2 128    20 120
24  88  62  75   5   0  10 0.00  0.0    0 10.9 16 160   M    M   1        21 140
25  84  66  75   4   0  10 0.00  0.0    0 12.0 29 140   M    M   7        34 140
================================================================================
SM 1756 1341       127  56  2.56     0.0 176.1          M      160
================================================================================
AV 70.2 53.6                               7.0 FASTST   M    M   6    MAX(MPH)
                                 MISC ---->    33   M                 39    M
================================================================================
NOTES:
# LAST OF SEVERAL OCCURRENCES

COLUMN 17 PEAK WIND IN M.P.H.

PRELIMINARY LOCAL CLIMATOLOGICAL DATA (WS FORM: F-6) , PAGE 2

                                          STATION:  LAREDO
                                          MONTH:    MARCH
                                          YEAR:     2015
                                          LATITUDE:   27 31 N
                                          LONGITUDE:  99 28 W

[TEMPERATURE DATA]      [PRECIPITATION DATA]       SYMBOLS USED IN COLUMN 16

AVERAGE MONTHLY: 61.9   TOTAL FOR MONTH:   2.56    1 = FOG OR MIST
DPTR FM NORMAL:  -5.7   DPTR FM NORMAL:    1.61    2 = FOG REDUCING VISIBILITY
HIGHEST:    88 ON 24    GRTST 24HR  1.17 ON 21-21      TO 1/4 MILE OR LESS
LOWEST:     37 ON  7                               3 = THUNDER
                        SNOW, ICE PELLETS, HAIL    4 = ICE PELLETS
                        TOTAL MONTH:   0.0 INCH    5 = HAIL
                        GRTST 24HR     0.0         6 = FREEZING RAIN OR DRIZZLE
                        GRTST DEPTH:   0           7 = DUSTSTORM OR SANDSTORM:
                                                       VSBY 1/2 MILE OR LESS
                                                   8 = SMOKE OR HAZE
[NO. OF DAYS WITH]      [WEATHER - DAYS WITH]      9 = BLOWING SNOW
                                                   X = TORNADO
MAX 32 OR BELOW:   0    0.01 INCH OR MORE:   9
MAX 90 OR ABOVE:   0    0.10 INCH OR MORE:   5
MIN 32 OR BELOW:   0    0.50 INCH OR MORE:   2
MIN  0 OR BELOW:   0    1.00 INCH OR MORE:   1

[HDD (BASE 65) ]
TOTAL THIS MO.   127    CLEAR  (SCALE 0-3)   6
DPTR FM NORMAL    64    PTCLDY (SCALE 4-7)   7
TOTAL FM JUL 1  1062    CLOUDY (SCALE 8-10) 12
DPTR FM NORMAL   155

[CDD (BASE 65) ]
TOTAL THIS MO.    56
DPTR FM NORMAL   -71    [PRESSURE DATA]
TOTAL FM JAN 1   104    HIGHEST SLP M ON M
DPTR FM NORMAL  -108    LOWEST  SLP M ON M

[REMARKS]
