000
CXUS53 KARX 270930
CF6LSE
PRELIMINARY LOCAL CLIMATOLOGICAL DATA (WS FORM: F-6)

                                          STATION:   LA CROSSE WI
                                          MONTH:     NOVEMBER
                                          YEAR:      2014
                                          LATITUDE:   43 52 N
                                          LONGITUDE:  91 15 W

  TEMPERATURE IN F:       :PCPN:    SNOW:  WIND      :SUNSHINE: SKY     :PK WND
================================================================================
1   2   3   4   5  6A  6B    7    8   9   10  11  12  13   14  15   16   17  18
                                     12Z  AVG MX 2MIN
DY MAX MIN AVG DEP HDD CDD  WTR  SNW DPTH SPD SPD DIR MIN PSBL S-S WX    SPD DR
================================================================================

 1  45  22  34 -10  31   0 0.00  0.0    0  5.7 13 190   M    M   0        16 190
 2  58  35  47   4  18   0 0.00  0.0    0 12.9 21 160   M    M   3        26 160
 3  58  44  51   8  14   0 0.01  0.0    0  8.9 22 180   M    M   5 1      27 180
 4  57  42  50   8  15   0 0.02  0.0    0 12.9 26 300   M    M   5 1      32 310
 5  52  34  43   1  22   0 0.03  0.0    0  6.5 14 280   M    M   7 1      17 280
 6  43  31  37  -4  28   0 0.01  0.0    0 11.4 23 340   M    M   9        28 340
 7  44  33  39  -2  26   0 0.01  0.0    0 11.1 20 170   M    M   7        27 160
 8  47  39  43   3  22   0    T  0.0    0 14.6 33 330   M    M   7 1      42 340
 9  48  36  42   2  23   0    T    T    0  7.1 14 190   M    M   8        17 190
10  44  34  39   0  26   0 0.01    T    0 10.4 20 110   M    M  10 168    27 110
11  34  24  29 -10  36   0 0.17  2.7    2 17.6 25 320   M    M  10 16     32 340
12  28  18  23 -15  42   0    T    T    1 10.1 20 320   M    M   7        23 320
13  28  22  25 -13  40   0    T  0.2    1 10.8 20 320   M    M  10        24 320
14  25  13  19 -18  46   0    T    T    1  5.5 12 310   M    M   7        14 300
15  25  12  19 -17  46   0 0.08  1.0    1  3.8 10 190   M    M   8 18     13 180
16  27  14  21 -15  44   0 0.03  0.3    2  9.9 21 250   M    M   6 18     26 250
17  17  12  15 -20  50   0    T    T    2 15.0 22 290   M    M   8 8      28 280
18  20  11  16 -19  49   0    T    T    2 12.3 21 270   M    M   9 8      27 270
19  26  20  23 -11  42   0 0.02  0.4    2 13.4 24 300   M    M  10        31 290
20  22   7  15 -18  50   0 0.00  0.0    2 11.4 21 300   M    M   0        27 320
21  35   4  20 -13  45   0 0.00  0.0    2 10.6 20 170   M    M   2        26 180
22  49  34  42  10  23   0    T    T    1  8.8 17 180   M    M  10 1      20 180
23  53  39  46  14  19   0 0.28  0.0    0  9.0 20 180   M    M  10 12     25 200
24  39  23  31   0  34   0 0.19  2.2    T 15.6 21 300   M    M  10 1      27 300
25  28  17  23  -8  42   0    T    T    2  7.5 17 300   M    M   7        22 310
26  29  18  24  -6  41   0 0.05  0.6    2  6.9 15 330   M    M   9 18     17 330
================================================================================
SM  981  638       874   0  0.91     7.4 269.7          M      184
================================================================================
AV 37.7 24.5                              10.4 FASTST   M    M   7    MAX(MPH)
                                 MISC ---->  # 33 330               # 42  340
================================================================================
NOTES:
# LAST OF SEVERAL OCCURRENCES

COLUMN 17 PEAK WIND IN M.P.H.

PRELIMINARY LOCAL CLIMATOLOGICAL DATA (WS FORM: F-6) , PAGE 2

                                          STATION:  LA CROSSE WI
                                          MONTH:    NOVEMBER
                                          YEAR:     2014
                                          LATITUDE:   43 52 N
                                          LONGITUDE:  91 15 W

[TEMPERATURE DATA]      [PRECIPITATION DATA]       SYMBOLS USED IN COLUMN 16

AVERAGE MONTHLY: 31.1   TOTAL FOR MONTH:   0.91    1 = FOG OR MIST
DPTR FM NORMAL:  -6.0   DPTR FM NORMAL:   -0.84    2 = FOG REDUCING VISIBILITY
HIGHEST:    58 ON  3, 2 GRTST 24HR  0.43 ON 23-24      TO 1/4 MILE OR LESS
LOWEST:      4 ON 21                               3 = THUNDER
                        SNOW, ICE PELLETS, HAIL    4 = ICE PELLETS
                        TOTAL MONTH:   7.4 INCHES  5 = HAIL
                        GRTST 24HR   2.7 ON   M    6 = FREEZING RAIN OR DRIZZLE
                        GRTST DEPTH:   2 ON 26,25  7 = DUSTSTORM OR SANDSTORM:
                                                       VSBY 1/2 MILE OR LESS
                                                   8 = SMOKE OR HAZE
[NO. OF DAYS WITH]      [WEATHER - DAYS WITH]      9 = BLOWING SNOW
                                                   X = TORNADO
MAX 32 OR BELOW:  11    0.01 INCH OR MORE:  13
MAX 90 OR ABOVE:   0    0.10 INCH OR MORE:   3
MIN 32 OR BELOW:  16    0.50 INCH OR MORE:   0
MIN  0 OR BELOW:   0    1.00 INCH OR MORE:   0

[HDD (BASE 65) ]
TOTAL THIS MO.   874    CLEAR  (SCALE 0-3)   3
DPTR FM NORMAL   148    PTCLDY (SCALE 4-7)  12
TOTAL FM JUL 1  1434    CLOUDY (SCALE 8-10) 11
DPTR FM NORMAL    80

[CDD (BASE 65) ]
TOTAL THIS MO.     0
DPTR FM NORMAL     0    [PRESSURE DATA]
TOTAL FM JAN 1   822    HIGHEST SLP M ON M
DPTR FM NORMAL    40    LOWEST  SLP 29.18 ON 24

[REMARKS]
