000
CXUS53 KARX 270930
CF6LSE
PRELIMINARY LOCAL CLIMATOLOGICAL DATA (WS FORM: F-6)

                                          STATION:   LA CROSSE WI
                                          MONTH:     MAY
                                          YEAR:      2017
                                          LATITUDE:   43 52 N
                                          LONGITUDE:  91 15 W

  TEMPERATURE IN F:       :PCPN:    SNOW:  WIND      :SUNSHINE: SKY     :PK WND
================================================================================
1   2   3   4   5  6A  6B    7    8   9   10  11  12  13   14  15   16   17  18
                                     12Z  AVG MX 2MIN
DY MAX MIN AVG DEP HDD CDD  WTR  SNW DPTH SPD SPD DIR MIN PSBL S-S WX    SPD DR
================================================================================

 1  43  34  39 -16  26   0 0.76    T    0  7.3 23 320   M    M  10 1      28 300
 2  60  39  50  -5  15   0    T  0.0    0 14.3 25 320   M    M   6        32 320
 3  67  36  52  -4  13   0 0.00  0.0    0  7.5 13 190   M    M   0        16 230
 4  72  40  56   0   9   0 0.00  0.0    0  7.5 22 340   M    M   3        29  10
 5  73  40  57   1   8   0 0.01  0.0    0  5.2 20  80   M    M   2        25 110
 6  68  45  57   0   8   0 0.00  0.0    0  9.4 21 350   M    M   1        29 340
 7  67  39  53  -4  12   0 0.00  0.0    0  4.3 13 310   M    M   0        17 300
 8  71  42  57   0   8   0 0.31  0.0    0  7.8 20 350   M    M   3 3      24 340
 9  63  50  57  -1   8   0 0.05  0.0    0  4.6 12 110   M    M   8 1      14 110
10  67  49  58   0   7   0 0.02  0.0    0  4.4 10 190   M    M   7 128    13 180
11  72  45  59   1   6   0 0.00  0.0    0  5.8 14 310   M    M   3 12     16 310
12  75  46  61   3   4   0    T  0.0    0  6.7 18 340   M    M   2        23 340
13  83  58  71  12   0   6 0.00  0.0    0  7.9 16 300   M    M   2        20 290
14  85  54  70  11   0   5 0.00  0.0    0  7.7 17 110   M    M   0        24 110
15  78  56  67   8   0   2 0.85  0.0    0  6.6 16 100   M    M   3 3      23 110
16  86  62  74  14   0   9 1.28  0.0    0 11.1 36 240   M    M   4 3      52 270
17  79  61  70  10   0   5 2.39  0.0    0  6.1 33 260   M    M   6 123    42 260
18  63  47  55  -5  10   0    T  0.0    0 12.1 22 340   M    M  10        27 320
19  55  44  50 -11  15   0    T  0.0    0  9.9 18  80   M    M   7        23  80
20  53  47  50 -11  15   0 0.89  0.0    0  8.5 16  70   M    M  10 1      22  60
21  57  49  53  -8  12   0 0.04  0.0    0 11.7 22 220   M    M   9 1      29 220
22  73  47  60  -2   5   0 0.25  0.0    0  8.1 15 200   M    M   4 13     19 240
23  61  52  57  -5   8   0 0.17  0.0    0  5.5 14 350   M    M   9 1      17 350
24  62  52  57  -5   8   0    T  0.0    0  6.1 15  60   M    M  10        18  30
25  74  44  59  -3   6   0 0.05  0.0    0  4.4 13 230   M    M   4 12     15 220
26  74  57  66   3   0   1 0.01  0.0    0  7.6 15 190   M    M   2 1      19 200
================================================================================
SM 1781 1235       203  28  7.08    T    198.1          M      125
================================================================================
AV 68.5 47.5                               7.6 FASTST   M    M   5    MAX(MPH)
                                 MISC ---->  # 36 240               # 52  270
================================================================================
NOTES:
# LAST OF SEVERAL OCCURRENCES

COLUMN 17 PEAK WIND IN M.P.H.

PRELIMINARY LOCAL CLIMATOLOGICAL DATA (WS FORM: F-6) , PAGE 2

                                          STATION:  LA CROSSE WI
                                          MONTH:    MAY
                                          YEAR:     2017
                                          LATITUDE:   43 52 N
                                          LONGITUDE:  91 15 W

[TEMPERATURE DATA]      [PRECIPITATION DATA]       SYMBOLS USED IN COLUMN 16

AVERAGE MONTHLY: 58.0   TOTAL FOR MONTH:   7.08    1 = FOG OR MIST
DPTR FM NORMAL:  -0.9   DPTR FM NORMAL:    4.16    2 = FOG REDUCING VISIBILITY
HIGHEST:    86 ON 16    GRTST 24HR  2.39 ON 17-17      TO 1/4 MILE OR LESS
LOWEST:     34 ON  1                               3 = THUNDER
                        SNOW, ICE PELLETS, HAIL    4 = ICE PELLETS
                        TOTAL MONTH:    T          5 = HAIL
                        GRTST 24HR    T  ON  1- 1  6 = FREEZING RAIN OR DRIZZLE
                        GRTST DEPTH:   0           7 = DUSTSTORM OR SANDSTORM:
                                                       VSBY 1/2 MILE OR LESS
                                                   8 = SMOKE OR HAZE
[NO. OF DAYS WITH]      [WEATHER - DAYS WITH]      9 = BLOWING SNOW
                                                   X = TORNADO
MAX 32 OR BELOW:   0    0.01 INCH OR MORE:  14
MAX 90 OR ABOVE:   0    0.10 INCH OR MORE:   8
MIN 32 OR BELOW:   0    0.50 INCH OR MORE:   5
MIN  0 OR BELOW:   0    1.00 INCH OR MORE:   2

[HDD (BASE 65) ]
TOTAL THIS MO.   203    CLEAR  (SCALE 0-3)  12
DPTR FM NORMAL    18    PTCLDY (SCALE 4-7)   8
TOTAL FM JUL 1  5757    CLOUDY (SCALE 8-10)  6
DPTR FM NORMAL -1380

[CDD (BASE 65) ]
TOTAL THIS MO.    28
DPTR FM NORMAL    -2    [PRESSURE DATA]
TOTAL FM JAN 1    34    HIGHEST SLP M ON M
DPTR FM NORMAL    -3    LOWEST  SLP 29.34 ON  1

[REMARKS]
