000
CXUS54 KFWD 280730
CF6LUD
PRELIMINARY LOCAL CLIMATOLOGICAL DATA (WS FORM: F-6)

                                          STATION:   DECATUR
                                          MONTH:     MAY
                                          YEAR:      2015
                                          LATITUDE:   33 15 N
                                          LONGITUDE:  97 30 W

  TEMPERATURE IN F:       :PCPN:    SNOW:  WIND      :SUNSHINE: SKY     :PK WND
================================================================================
1   2   3   4   5  6A  6B    7    8   9   10  11  12  13   14  15   16   17  18
                                     12Z  AVG MX 2MIN
DY MAX MIN AVG DEP HDD CDD  WTR  SNW DPTH SPD SPD DIR MIN PSBL S-S WX    SPD DR
================================================================================

 1  79  60  70   4   0   5 0.00  0.0    0  5.5 10 120   M    M   0         M  M
 2  82  59  71   4   0   6 0.00  0.0    0  7.5 12 180   M    M   1        16 180
 3  79  62  71   4   0   6 0.00  0.0    0  9.2 13 150   M    M   0        21 140
 4  80  63  72   5   0   7 0.00  0.0    0 10.9 15 170   M    M   2        21 130
 5  76  60  68   1   0   3 0.11  0.0    0 12.0 22 130   M    M   4        30 130
 6  82  67  75   7   0  10 0.02  0.0    0 13.2 17 150   M    M   6        25 160
 7  80  61  71   3   0   6 0.58  0.0    0 10.7 16 130   M    M   7        32 110
 8  83  65  74   6   0   9 0.00  0.0    0 10.8 18 150   M    M   5 1      25 160
 9  82  65  74   5   0   9 0.31  0.0    0 12.7 29 130   M    M   5 13     36 130
10  73  64  69   0   0   4 3.60  0.0    0  9.4 35 150   M    M   5 13     43 150
11  71  55  63  -6   2   0 0.00  0.0    0  6.8 13  10   M    M   1        21  20
12  71  56  64  -5   1   0 0.00  0.0    0  8.3 13  90   M    M   5        18  70
13  66  60  63  -7   2   0 0.86  0.0    0  8.7 13 170   M    M   9 1      18 100
14  82  64  73   3   0   8 0.00  0.0    0 10.9 15 190   M    M   6 1      21 170
15  79  66  73   3   0   8 0.06  0.0    0 10.8 17 160   M    M   6        25 160
16  82  64  73   3   0   8 0.36  0.0    0 13.0 18 160   M    M   7 1      28 170
17  81  64  73   2   0   8 0.03  0.0    0  7.0 13 180   M    M   1 1      17 180
18  88  68  78   7   0  13 0.00  0.0    0  6.1  9 150   M    M   2         M  M
19  80  66  73   2   0   8 3.13  0.0    0 10.6 20 140   M    M   7 1      31 210
20  75  59  67  -4   0   2 0.39  0.0    0  7.2 14  20   M    M   8        23 340
21  65  53  59 -13   6   0 0.44  0.0    0  7.9 14  50   M    M   9        22  20
22  63  57  60 -12   5   0 0.15  0.0    0  8.4 15 100   M    M  10 1      18 110
23  81  63  72   0   0   7 0.09  0.0    0 11.6 18 180   M    M   9 1      28 130
24  77  66  72   0   0   7 0.53  0.0    0  6.6 13 180   M    M   5 1      18 130
25  78  58  68  -5   0   3 0.72  0.0    0  9.6 17  80   M    M   6 12     40 280
26  77  58  68  -5   0   3 0.04  0.0    0  8.2 17 140   M    M   6 12     21 110
27  82  60  71  -2   0   6 0.00  0.0    0  7.6 13 170   M    M   2        22 190
================================================================================
SM 2094 1663        16 146 11.42     0.0 251.2          M      134
================================================================================
AV 77.6 61.6                               9.3 FASTST   M    M   5    MAX(MPH)
                                 MISC ---->  # 35 150                 43    M
================================================================================
NOTES:
# LAST OF SEVERAL OCCURRENCES

COLUMN 17 PEAK WIND IN M.P.H.

PRELIMINARY LOCAL CLIMATOLOGICAL DATA (WS FORM: F-6) , PAGE 2

                                          STATION:  DECATUR
                                          MONTH:    MAY
                                          YEAR:     2015
                                          LATITUDE:   33 15 N
                                          LONGITUDE:  97 30 W

[TEMPERATURE DATA]      [PRECIPITATION DATA]       SYMBOLS USED IN COLUMN 16

AVERAGE MONTHLY: 69.6   TOTAL FOR MONTH:  11.42    1 = FOG OR MIST
DPTR FM NORMAL:  -0.2   DPTR FM NORMAL:    6.70    2 = FOG REDUCING VISIBILITY
HIGHEST:    88 ON 18    GRTST 24HR  3.60 ON 10-10      TO 1/4 MILE OR LESS
LOWEST:     53 ON 21                               3 = THUNDER
                        SNOW, ICE PELLETS, HAIL    4 = ICE PELLETS
                        TOTAL MONTH:   0.0 INCH    5 = HAIL
                        GRTST 24HR     0.0         6 = FREEZING RAIN OR DRIZZLE
                        GRTST DEPTH:   0           7 = DUSTSTORM OR SANDSTORM:
                                                       VSBY 1/2 MILE OR LESS
                                                   8 = SMOKE OR HAZE
[NO. OF DAYS WITH]      [WEATHER - DAYS WITH]      9 = BLOWING SNOW
                                                   X = TORNADO
MAX 32 OR BELOW:   0    0.01 INCH OR MORE:  17
MAX 90 OR ABOVE:   0    0.10 INCH OR MORE:  12
MIN 32 OR BELOW:   0    0.50 INCH OR MORE:   6
MIN  0 OR BELOW:   0    1.00 INCH OR MORE:   2

[HDD (BASE 65) ]
TOTAL THIS MO.    16    CLEAR  (SCALE 0-3)   8
DPTR FM NORMAL    -2    PTCLDY (SCALE 4-7)  14
TOTAL FM JUL 1  2540    CLOUDY (SCALE 8-10)  5
DPTR FM NORMAL  -399

[CDD (BASE 65) ]
TOTAL THIS MO.   146
DPTR FM NORMAL    -4    [PRESSURE DATA]
TOTAL FM JAN 1   255    HIGHEST SLP M ON M
DPTR FM NORMAL    40    LOWEST  SLP M ON M

[REMARKS]
