000
CXUS54 KFWD 010730
CF6LUD
PRELIMINARY LOCAL CLIMATOLOGICAL DATA (WS FORM: F-6)

                                          STATION:   DECATUR
                                          MONTH:     JANUARY
                                          YEAR:      2015
                                          LATITUDE:   33 15 N
                                          LONGITUDE:  97 30 W

  TEMPERATURE IN F:       :PCPN:    SNOW:  WIND      :SUNSHINE: SKY     :PK WND
================================================================================
1   2   3   4   5  6A  6B    7    8   9   10  11  12  13   14  15   16   17  18
                                     12Z  AVG MX 2MIN
DY MAX MIN AVG DEP HDD CDD  WTR  SNW DPTH SPD SPD DIR MIN PSBL S-S WX    SPD DR
================================================================================

 1  32  28  30 -12  35   0 0.33    M    0  2.4  7 100   M    M  10 16      M  M
 2  38  32  35  -7  30   0 0.22    M    0  3.9  8  20   M    M  10 1      16  20
 3  55  35  45   3  20   0 0.11    M    0  8.0 18 240   M    M   6 1      27 240
 4  38  23  31 -11  34   0 0.00  0.0    0 10.0 21 330   M    M   1        27 330
 5  46  20  33  -9  32   0 0.00  0.0    0  8.1 16 180   M    M   0        22 180
 6  55  29  42   0  23   0 0.00  0.0    0  5.8 13  40   M    M   0        18  50
 7  37  19  28 -14  37   0 0.00  0.0    0 13.1 24  10   M    M   0        33  10
 8  38  15  27 -15  38   0 0.00  0.0    0  7.5 15 180   M    M   0        20 190
 9  39  26  33  -9  32   0 0.00  0.0    0  7.4 16  30   M    M   4        23  20
10  37  28  33  -9  32   0 0.00  0.0    0  7.3 13 150   M    M   9        16 160
11  41  32  37  -5  28   0 0.02  0.0    0  7.3 13 130   M    M  10 12      M  M
12  40  32  36  -6  29   0 0.00  0.0    0  8.7 14 360   M    M  10 12     23 350
13  35  29  32 -10  33   0 0.00  0.0    0  5.0 10  10   M    M  10        17 360
14  38  31  35  -7  30   0 0.00  0.0    0  2.1  7 330   M    M   9         M  M
15  56  31  44   2  21   0 0.00  0.0    0  5.2 10 280   M    M   2        17 280
16  64  37  51   9  14   0 0.00  0.0    0  7.6 14 170   M    M   0         M  M
17  66  43  55  13  10   0 0.00  0.0    0 11.9 17 290   M    M   0        28 290
18  71  39  55  13  10   0 0.00  0.0    0  9.8 16 210   M    M   0        23 220
19  69  46  58  16   7   0 0.00  0.0    0  6.9 13 200   M    M   0         M  M
20  67  41  54  12  11   0 0.00  0.0    0  7.6 14  40   M    M   0        20  60
21  58  40  49   7  16   0 0.16  0.0    0 10.1 15  40   M    M   4        23  40
22  43  36  40  -2  25   0 0.47    M    0 12.1 17  60   M    M  10        27  60
23  49  36  43   1  22   0 0.00  0.0    0  7.3 15 300   M    M   2        23 300
24  60  31  46   4  19   0 0.00  0.0    0  8.2 12 270   M    M   0        17 280
25  61  40  51   9  14   0 0.00  0.0    0 11.4 24 320   M    M   0        37 310
26  72  40  56  14   9   0 0.00  0.0    0  6.5 13 270   M    M   0        17 270
27  77  46  62  19   3   0 0.00  0.0    0  5.4 10 170   M    M   0         M  M
28  81  54  68  25   0   3 0.00  0.0    0 10.0 15 210   M    M   0        21 220
29  64  46  55  12  10   0 0.00  0.0    0 10.1 22 350   M    M   0        31 350
30  55  38  47   4  18   0 0.00  0.0    0  6.6 10  50   M    M   0         M  M
31  50  43  47   4  18   0 0.37    M    0 10.4 16 120   M    M   8 1      20 130
================================================================================
SM 1632 1066       660   3  1.68     0.0 243.7          M      105
================================================================================
AV 52.6 34.4                               7.9 FASTST   M    M   3    MAX(MPH)
                                 MISC ---->    24   M                 37    M
================================================================================
NOTES:
# LAST OF SEVERAL OCCURRENCES

COLUMN 17 PEAK WIND IN M.P.H.

PRELIMINARY LOCAL CLIMATOLOGICAL DATA (WS FORM: F-6) , PAGE 2

                                          STATION:  DECATUR
                                          MONTH:    JANUARY
                                          YEAR:     2015
                                          LATITUDE:   33 15 N
                                          LONGITUDE:  97 30 W

[TEMPERATURE DATA]      [PRECIPITATION DATA]       SYMBOLS USED IN COLUMN 16

AVERAGE MONTHLY: 43.5   TOTAL FOR MONTH:   1.68    1 = FOG OR MIST
DPTR FM NORMAL:   1.5   DPTR FM NORMAL:   -0.06    2 = FOG REDUCING VISIBILITY
HIGHEST:    81 ON 28    GRTST 24HR  0.47 ON 22-22      TO 1/4 MILE OR LESS
LOWEST:     15 ON  8                               3 = THUNDER
                        SNOW, ICE PELLETS, HAIL    4 = ICE PELLETS
                        TOTAL MONTH:   0.0 INCH    5 = HAIL
                        GRTST 24HR     0.0         6 = FREEZING RAIN OR DRIZZLE
                        GRTST DEPTH:   0           7 = DUSTSTORM OR SANDSTORM:
                                                       VSBY 1/2 MILE OR LESS
                                                   8 = SMOKE OR HAZE
[NO. OF DAYS WITH]      [WEATHER - DAYS WITH]      9 = BLOWING SNOW
                                                   X = TORNADO
MAX 32 OR BELOW:   1    0.01 INCH OR MORE:   7
MAX 90 OR ABOVE:   0    0.10 INCH OR MORE:   6
MIN 32 OR BELOW:  15    0.50 INCH OR MORE:   0
MIN  0 OR BELOW:   0    1.00 INCH OR MORE:   0

[HDD (BASE 65) ]
TOTAL THIS MO.   660    CLEAR  (SCALE 0-3)  19
DPTR FM NORMAL   -53    PTCLDY (SCALE 4-7)   3
TOTAL FM JUL 1  1627    CLOUDY (SCALE 8-10)  9
DPTR FM NORMAL  -232

[CDD (BASE 65) ]
TOTAL THIS MO.     3
DPTR FM NORMAL     3    [PRESSURE DATA]
TOTAL FM JAN 1     3    HIGHEST SLP M ON M
DPTR FM NORMAL     3    LOWEST  SLP M ON M

[REMARKS]
#FINAL-01-15#
