000
CXUS54 KHGX 271315
CF6LVJ
PRELIMINARY LOCAL CLIMATOLOGICAL DATA (WS FORM: F-6)

                                          STATION:   HOUSTON/CLOVER_FIELD
                                          MONTH:     JULY
                                          YEAR:      2017
                                          LATITUDE:   29 31 N
                                          LONGITUDE:  95 14 W

  TEMPERATURE IN F:       :PCPN:    SNOW:  WIND      :SUNSHINE: SKY     :PK WND
================================================================================
1   2   3   4   5  6A  6B    7    8   9   10  11  12  13   14  15   16   17  18
                                     12Z  AVG MX 2MIN
DY MAX MIN AVG DEP HDD CDD  WTR  SNW DPTH SPD SPD DIR MIN PSBL S-S WX    SPD DR
================================================================================

 1  94  79  87   4   0  22 0.00  0.0    0  6.9 17 160   M    M   5 18     22 160
 2  94  79  87   4   0  22 0.00  0.0    0  6.5 16 160   M    M   1 18     20 170
 3  95  80  88   5   0  23    T  0.0    0  6.6 16 140   M    M   2 8      21 140
 4  95  80  88   5   0  23 0.00  0.0    0  5.8 17 140   M    M   1 8      25 130
 5  96  78  87   4   0  22    T  0.0    0  5.3 16 140   M    M   2        22 140
 6  92  78  85   2   0  20 0.99  0.0    0  4.5 16 230   M    M   1 138    20 230
 7  95  78  87   4   0  22    T  0.0    0  3.4 15 180   M    M   1 3      18 180
 8  96  78  87   4   0  22 0.00  0.0    0  4.4 13 180   M    M   1 3      16 200
 9  95  76  86   3   0  21 0.00  0.0    0  5.4 25  10   M    M   2 3      32  10
10  91  75  83   0   0  18 1.02  0.0    0  3.5 21 290   M    M   1 138    27 290
11  95  78  87   4   0  22    T  0.0    0  3.4 14 190   M    M   0 3      20 150
12  93  78  86   3   0  21    T  0.0    0  3.8 15 190   M    M   1 3      21 180
13  95  79  87   4   0  22 0.00  0.0    0  3.6 14 120   M    M   1        16 120
14  97  78  88   5   0  23 0.80  0.0    0  3.1 21 130   M    M   1 13     23 130
15  92  76  84   1   0  19 1.74  0.0    0  2.4 25  30   M    M   2 138    33  30
16  93  76  85   2   0  20 0.02  0.0    0  3.8 16  30   M    M   3 138    19 210
17  89  78  84   1   0  19 0.00  0.0    0  4.4 12  50   M    M   1 3      14  40
18  90  78  84   1   0  19 0.00  0.0    0  3.2 10 130   M    M   1 3      14 190
19  97  77  87   4   0  22    T  0.0    0  2.9 15 170   M    M   0 3      18 170
20 100  79  90   7   0  25 0.00  0.0    0  4.2 15 130   M    M   1        20 140
21  97  78  88   5   0  23 0.00  0.0    0  3.6 17 150   M    M   1 3      22 140
22  94  79  87   4   0  22 0.04  0.0    0  4.5 16 170   M    M   1 3      25  30
23  95  80  88   5   0  23 0.00  0.0    0  5.9 15 190   M    M   1        24 180
24  95  81  88   5   0  23 0.00  0.0    0  5.0 14 180   M    M   0 8      18 180
25  94  78  86   3   0  21    T  0.0    0  5.8 16 170   M    M   2 3      23 180
26  96  79  88   5   0  23 0.18  0.0    0  3.1 14 150   M    M   2 3      19 170
================================================================================
SM 2455 2033         0 562  4.79     0.0 115.0          M       35
================================================================================
AV 94.4 78.2                               4.4 FASTST   M    M   1    MAX(MPH)
                                 MISC ---->  # 25  10               # 33   30
================================================================================
NOTES:
# LAST OF SEVERAL OCCURRENCES

COLUMN 17 PEAK WIND IN M.P.H.

PRELIMINARY LOCAL CLIMATOLOGICAL DATA (WS FORM: F-6) , PAGE 2

                                          STATION:  HOUSTON/CLOVER_FIELD
                                          MONTH:    JULY
                                          YEAR:     2017
                                          LATITUDE:   29 31 N
                                          LONGITUDE:  95 14 W

[TEMPERATURE DATA]      [PRECIPITATION DATA]       SYMBOLS USED IN COLUMN 16

AVERAGE MONTHLY: 86.3   TOTAL FOR MONTH:   4.79    1 = FOG OR MIST
DPTR FM NORMAL:   3.3   DPTR FM NORMAL:    0.70    2 = FOG REDUCING VISIBILITY
HIGHEST:   100 ON 20    GRTST 24HR  1.74 ON 15-15      TO 1/4 MILE OR LESS
LOWEST:     75 ON 10                               3 = THUNDER
                        SNOW, ICE PELLETS, HAIL    4 = ICE PELLETS
                        TOTAL MONTH:   0.0 INCH    5 = HAIL
                        GRTST 24HR     0.0         6 = FREEZING RAIN OR DRIZZLE
                        GRTST DEPTH:   0           7 = DUSTSTORM OR SANDSTORM:
                                                       VSBY 1/2 MILE OR LESS
                                                   8 = SMOKE OR HAZE
[NO. OF DAYS WITH]      [WEATHER - DAYS WITH]      9 = BLOWING SNOW
                                                   X = TORNADO
MAX 32 OR BELOW:   0    0.01 INCH OR MORE:   7
MAX 90 OR ABOVE:  25    0.10 INCH OR MORE:   5
MIN 32 OR BELOW:   0    0.50 INCH OR MORE:   4
MIN  0 OR BELOW:   0    1.00 INCH OR MORE:   2

[HDD (BASE 65) ]
TOTAL THIS MO.     0    CLEAR  (SCALE 0-3)  25
DPTR FM NORMAL     0    PTCLDY (SCALE 4-7)   1
TOTAL FM JUL 1     0    CLOUDY (SCALE 8-10)  0
DPTR FM NORMAL     0

[CDD (BASE 65) ]
TOTAL THIS MO.   562
DPTR FM NORMAL    94    [PRESSURE DATA]
TOTAL FM JAN 1  2235    HIGHEST SLP M ON M
DPTR FM NORMAL   679    LOWEST  SLP 29.83 ON 23

[REMARKS]
