000
CXUS53 KTOP 200200
CF6LWC
PRELIMINARY LOCAL CLIMATOLOGICAL DATA (WS FORM: F-6)

                                          STATION:   Lawrence KS
                                          MONTH:     APRIL
                                          YEAR:      2014
                                          LATITUDE:   39  0 N
                                          LONGITUDE:  95 13 W

  TEMPERATURE IN F:       :PCPN:    SNOW:  WIND      :SUNSHINE: SKY     :PK WND
================================================================================
1   2   3   4   5  6A  6B    7    8   9   10  11  12  13   14  15   16   17  18
                                     12Z  AVG MX 2MIN
DY MAX MIN AVG DEP HDD CDD  WTR  SNW DPTH SPD SPD DIR MIN PSBL S-S WX    SPD DR
================================================================================

 1  54  25  40 -10  25   0 0.00    M    M  7.1 21 310   M    M   5        28 300
 2  53  43  48  -3  17   0 1.22    M    M  9.3 20  90   M    M  10        23  80
 3  72  40  56   5   9   0 0.00    M    M 12.7 28 300   M    M   9 18     36 320
 4  51  27  39 -12  26   0 0.00    M    M 14.0 32 320   M    M   8        42 320
 5  61  24  43  -9  22   0 0.00    M    M  6.1 15 130   M    M   0 1      20 160
 6  65  43  54   2  11   0 0.00    M    M  5.3 17 120   M    M   7 8      21 120
 7  66  38  52   0  13   0 0.00    M    M  8.1 28 350   M    M   6 18     35 330
 8  62  31  47  -6  18   0 0.00    M    M 12.5 29 350   M    M   3        38 350
 9  78  27  53   0  12   0 0.00    M    M 12.7 26 190   M    M   0 8      38 190
10  72  40  56   3   9   0 0.00    M    M 10.8 25 200   M    M   0        33 200
11  79  36  58   4   7   0 0.00    M    M  7.9 18 140   M    M   0 18     23 140
12  84  55  70  16   0   5 0.00    M    M 15.8 30 180   M    M   1        39 170
13  71  36  54   0  11   0 0.74    M    M 16.7 30 340   M    M   8 13     41 340
14  48  29  39 -15  26   0    T    M    M 16.5 30 350   M    M   7 18     40 360
15  58  22  40 -15  25   0 0.00    M    M  6.7 17 160   M    M   0        22 170
16  67  43  55   0  10   0 0.00    M    M 19.9 35 170   M    M   2        47 170
17  51  32  42 -13  23   0 0.00    M    M  6.2 17 350   M    M   3 1      22 350
18  70  28  49  -7  16   0 0.00    M    M  5.2 15 150   M    M   0 18     19 150
================================================================================
SM 1162  619       280   5  1.96    M    193.5          M       69
================================================================================
AV 64.6 34.4                              10.7 FASTST   M    M   4    MAX(MPH)
                                 MISC ---->  # 35 170               # 47  170
================================================================================
NOTES:
# LAST OF SEVERAL OCCURRENCES

COLUMN 17 PEAK WIND IN M.P.H.

PRELIMINARY LOCAL CLIMATOLOGICAL DATA (WS FORM: F-6) , PAGE 2

                                          STATION:  Lawrence KS
                                          MONTH:    APRIL
                                          YEAR:     2014
                                          LATITUDE:   39  0 N
                                          LONGITUDE:  95 13 W

[TEMPERATURE DATA]      [PRECIPITATION DATA]       SYMBOLS USED IN COLUMN 16

AVERAGE MONTHLY: 49.5   TOTAL FOR MONTH:   1.96    1 = FOG OR MIST
DPTR FM NORMAL:  -3.6   DPTR FM NORMAL:   -0.01    2 = FOG REDUCING VISIBILITY
HIGHEST:    84 ON 12    GRTST 24HR  1.22 ON  2- 2      TO 1/4 MILE OR LESS
LOWEST:     22 ON 15                               3 = THUNDER
                        SNOW, ICE PELLETS, HAIL    4 = ICE PELLETS
                        TOTAL MONTH:    M          5 = HAIL
                        GRTST 24HR    M  ON   M    6 = FREEZING RAIN OR DRIZZLE
                        GRTST DEPTH:  M  ON   M    7 = DUSTSTORM OR SANDSTORM:
                                                       VSBY 1/2 MILE OR LESS
                                                   8 = SMOKE OR HAZE
[NO. OF DAYS WITH]      [WEATHER - DAYS WITH]      9 = BLOWING SNOW
                                                   X = TORNADO
MAX 32 OR BELOW:   0    0.01 INCH OR MORE:   2
MAX 90 OR ABOVE:   0    0.10 INCH OR MORE:   2
MIN 32 OR BELOW:   9    0.50 INCH OR MORE:   2
MIN  0 OR BELOW:   0    1.00 INCH OR MORE:   1

[HDD (BASE 65) ]
TOTAL THIS MO.   280    CLEAR  (SCALE 0-3)   9
DPTR FM NORMAL    54    PTCLDY (SCALE 4-7)   7
TOTAL FM JUL 1  5447    CLOUDY (SCALE 8-10)  2
DPTR FM NORMAL   565

[CDD (BASE 65) ]
TOTAL THIS MO.     5
DPTR FM NORMAL    -6    [PRESSURE DATA]
TOTAL FM JAN 1     5    HIGHEST SLP M ON M
DPTR FM NORMAL    -9    LOWEST  SLP 29.38 ON 13

[REMARKS]
