000
CXUS56 KOTX 271500
CF6LWS
PRELIMINARY LOCAL CLIMATOLOGICAL DATA (WS FORM: F-6)

                                          STATION:   LEWISTON ID AIRPORT
                                          MONTH:     MAY
                                          YEAR:      2015
                                          LATITUDE:   46 22 N
                                          LONGITUDE: 117  1 W

  TEMPERATURE IN F:       :PCPN:    SNOW:  WIND      :SUNSHINE: SKY     :PK WND
================================================================================
1   2   3   4   5  6A  6B    7    8   9   10  11  12  13   14  15   16   17  18
                                     12Z  AVG MX 2MIN
DY MAX MIN AVG DEP HDD CDD  WTR  SNW DPTH SPD SPD DIR MIN PSBL S-S WX    SPD DR
================================================================================

 1  80  44  62   7   3   0 0.00  0.0    0  5.0 15 280   M    M   0        21 280
 2  72  45  59   4   6   0 0.00  0.0    0  6.6 16 310   M    M   0        24 300
 3  76  37  57   2   8   0 0.00  0.0    0  3.0  9 190   M    M   0        13 310
 4  83  43  63   7   2   0 0.00  0.0    0  5.6 22 320   M    M   1        29 320
 5  68  49  59   3   6   0 0.00  0.0    0  9.1 23 320   M    M   6        29 320
 6  66  38  52  -4  13   0 0.00  0.0    0  7.1 17 290   M    M   5        23 290
 7  72  48  60   3   5   0 0.00  0.0    0  6.2 15 290   M    M   3        19 290
 8  76  44  60   3   5   0 0.00  0.0    0  5.9 16 300   M    M   1 8      21 310
 9  77  42  60   3   5   0 0.00  0.0    0  4.6 16 320   M    M   0        21 320
10  79  44  62   4   3   0    T  0.0    0  4.3 14  40   M    M   0        20  80
11  76  51  64   6   1   0    T  0.0    0  4.0 14  50   M    M   4        20  20
12  70  53  62   4   3   0 0.18  0.0    0  5.9 17 280   M    M   6 13     23 270
13  61  46  54  -4  11   0 0.40  0.0    0  7.8 24 190   M    M   8 1      31 170
14  73  42  58  -1   7   0 0.00  0.0    0  3.6 16 310   M    M   2        22 340
15  65  52  59   0   6   0 0.09  0.0    0  4.7 13 280   M    M   8        16 300
16  74  53  64   5   1   0 0.18  0.0    0  6.6 21  70   M    M   9 1      27  70
17  77  55  66   7   0   1 0.10  0.0    0  8.1 18  80   M    M   4 1      24  90
18  77  54  66   6   0   1 0.00  0.0    0  5.8 12  60   M    M   3        15  60
19  79  52  66   6   0   1    T  0.0    0  5.8 15 350   M    M   2        19 350
20  81  53  67   7   0   2 0.00  0.0    0  5.3 12 200   M    M   0        15 270
21  81  56  69   9   0   4 0.00  0.0    0  4.9 14 250   M    M   1        17 130
22  84  56  70   9   0   5 0.00  0.0    0  4.2 12  20   M    M   2 3       M  M
23  79  56  68   7   0   3 0.06  0.0    0  7.4 17 330   M    M   2 3      21 290
24  81  54  68   7   0   3    T  0.0    0  3.8 13 330   M    M   1        15 320
25  75  57  66   5   0   1 0.01  0.0    0  4.3 10 360   M    M   5 3      13 340
26  74  53  64   2   1   0    T  0.0    0  5.0 15 310   M    M   4 3      20 320
================================================================================
SM 1956 1277        86  21  1.02     0.0 144.6          M       77
================================================================================
AV 75.2 49.1                               5.6 FASTST   M    M   3    MAX(MPH)
                                 MISC ---->  # 24 190               # 31  170
================================================================================
NOTES:
# LAST OF SEVERAL OCCURRENCES

COLUMN 17 PEAK WIND IN M.P.H.

PRELIMINARY LOCAL CLIMATOLOGICAL DATA (WS FORM: F-6) , PAGE 2

                                          STATION:  LEWISTON ID AIRPORT
                                          MONTH:    MAY
                                          YEAR:     2015
                                          LATITUDE:   46 22 N
                                          LONGITUDE: 117  1 W

[TEMPERATURE DATA]      [PRECIPITATION DATA]       SYMBOLS USED IN COLUMN 16

AVERAGE MONTHLY: 62.2   TOTAL FOR MONTH:   1.02    1 = FOG OR MIST
DPTR FM NORMAL:   3.8   DPTR FM NORMAL:   -0.31    2 = FOG REDUCING VISIBILITY
HIGHEST:    84 ON 22    GRTST 24HR  0.58 ON 12-13      TO 1/4 MILE OR LESS
LOWEST:     37 ON  3                               3 = THUNDER
                        SNOW, ICE PELLETS, HAIL    4 = ICE PELLETS
                        TOTAL MONTH:   0.0 INCH    5 = HAIL
                        GRTST 24HR     0.0         6 = FREEZING RAIN OR DRIZZLE
                        GRTST DEPTH:   0           7 = DUSTSTORM OR SANDSTORM:
                                                       VSBY 1/2 MILE OR LESS
                                                   8 = SMOKE OR HAZE
[NO. OF DAYS WITH]      [WEATHER - DAYS WITH]      9 = BLOWING SNOW
                                                   X = TORNADO
MAX 32 OR BELOW:   0    0.01 INCH OR MORE:   7
MAX 90 OR ABOVE:   0    0.10 INCH OR MORE:   4
MIN 32 OR BELOW:   0    0.50 INCH OR MORE:   0
MIN  0 OR BELOW:   0    1.00 INCH OR MORE:   0

[HDD (BASE 65) ]
TOTAL THIS MO.    86    CLEAR  (SCALE 0-3)  16
DPTR FM NORMAL  -111    PTCLDY (SCALE 4-7)   8
TOTAL FM JUL 1  4205    CLOUDY (SCALE 8-10)  2
DPTR FM NORMAL  -872

[CDD (BASE 65) ]
TOTAL THIS MO.    21
DPTR FM NORMAL    -2    [PRESSURE DATA]
TOTAL FM JAN 1    22    HIGHEST SLP M ON M
DPTR FM NORMAL    -3    LOWEST  SLP  0.00 ON M

[REMARKS]
