000
CXUS53 KILX 252300
CF6LWV
PRELIMINARY LOCAL CLIMATOLOGICAL DATA (WS FORM: F-6)

                                          STATION:   LAWRENCEVILLE IL AIRPORT
                                          MONTH:     AUGUST
                                          YEAR:      2016
                                          LATITUDE:   38 45 N
                                          LONGITUDE:  87 36 W

  TEMPERATURE IN F:       :PCPN:    SNOW:  WIND      :SUNSHINE: SKY     :PK WND
================================================================================
1   2   3   4   5  6A  6B    7    8   9   10  11  12  13   14  15   16   17  18
                                     12Z  AVG MX 2MIN
DY MAX MIN AVG DEP HDD CDD  WTR  SNW DPTH SPD SPD DIR MIN PSBL S-S WX    SPD DR
================================================================================

 1  84  72  78   1   0  13 1.34    M    M  4.4 10 220   M    M   4 13     14 240
 2  87  70  79   2   0  14 0.00    M    M  1.0  8  90   M    M   3 12     10 100
 3  88  71  80   3   0  15    T    M    M  2.3  9 220   M    M   2 1      13 230
 4  90  74  82   5   0  17 0.00    M    M  2.2 10 140   M    M   2 1      14 130
 5  91  72  82   5   0  17 0.00    M    M  4.3 12 360   M    M   3 12     14  20
 6  88  69  79   2   0  14 0.00    M    M  5.7 16  10   M    M   4 18     20  10
 7  86  66  76  -1   0  11 0.00    M    M  5.8 12  10   M    M   1 8      14 350
 8  88  65  77   0   0  12 0.00    M    M  5.4 12  60   M    M   1 18     16  80
 9  90  68  79   2   0  14 0.00    M    M  2.6 10 340   M    M   0 18     12 330
10  90  72  81   4   0  16    T    M    M  4.1 12 180   M    M   4 1      15 170
11  92  76  84   7   0  19    T    M    M  5.6 14 180   M    M   4 1      19 200
12  90  77  84   7   0  19    T    M    M  9.3 17 170   M    M   8        23 180
13  79  73  76  -1   0  11 0.85    M    M  6.5 14 200   M    M   9 13     18 180
14  83  70  77   0   0  12 3.36    M    M  4.1 13 350   M    M   7 13     15 360
15  82  71  77   0   0  12 0.96    M    M  9.8 20 210   M    M   7 1      27 200
16  79  71  75  -2   0  10 0.70    M    M  5.5 13 240   M    M   7 1      15 250
17  83  69  76  -1   0  11 0.00    M    M  1.9  8 210   M    M   5 12     12 220
18  85  70  78   2   0  13 0.00    M    M  4.1 13 210   M    M   5 12     15 220
19  85  71  78   2   0  13 0.00    M    M  5.9 15 210   M    M   5 1      18 220
20  85  71  78   2   0  13 0.26    M    M 10.6 22 200   M    M   5 18     29 280
21  80  60  70  -6   0   5 0.00    M    M  7.5 16 290   M    M   2        21 300
22  81  57  69  -7   0   4 0.00    M    M  1.8  8 220   M    M   2 1      11 190
23  83  58  71  -5   0   6 0.00    M    M  5.6 15 170   M    M   1        19 180
24  91  68  80   4   0  15    T    M    M 11.0 24 230   M    M   2        30 220
================================================================================
SM 2060 1661         0 306  7.47    M    127.0          M       93
================================================================================
AV 85.8 69.2                               5.3 FASTST   M    M   4    MAX(MPH)
                                 MISC ---->  # 24 230               # 30  220
================================================================================
NOTES:
# LAST OF SEVERAL OCCURRENCES

COLUMN 17 PEAK WIND IN M.P.H.

PRELIMINARY LOCAL CLIMATOLOGICAL DATA (WS FORM: F-6) , PAGE 2

                                          STATION:  LAWRENCEVILLE IL AIRPORT
                                          MONTH:    AUGUST
                                          YEAR:     2016
                                          LATITUDE:   38 45 N
                                          LONGITUDE:  87 36 W

[TEMPERATURE DATA]      [PRECIPITATION DATA]       SYMBOLS USED IN COLUMN 16

AVERAGE MONTHLY: 77.5   TOTAL FOR MONTH:   7.47    1 = FOG OR MIST
DPTR FM NORMAL:   0.8   DPTR FM NORMAL:    4.84    2 = FOG REDUCING VISIBILITY
HIGHEST:    92 ON 11    GRTST 24HR  3.78 ON 13-14      TO 1/4 MILE OR LESS
LOWEST:     57 ON 22                               3 = THUNDER
                        SNOW, ICE PELLETS, HAIL    4 = ICE PELLETS
                        TOTAL MONTH:    M          5 = HAIL
                        GRTST 24HR    M  ON   M    6 = FREEZING RAIN OR DRIZZLE
                        GRTST DEPTH:  M  ON   M    7 = DUSTSTORM OR SANDSTORM:
                                                       VSBY 1/2 MILE OR LESS
                                                   8 = SMOKE OR HAZE
[NO. OF DAYS WITH]      [WEATHER - DAYS WITH]      9 = BLOWING SNOW
                                                   X = TORNADO
MAX 32 OR BELOW:   0    0.01 INCH OR MORE:   6
MAX 90 OR ABOVE:   7    0.10 INCH OR MORE:   6
MIN 32 OR BELOW:   0    0.50 INCH OR MORE:   5
MIN  0 OR BELOW:   0    1.00 INCH OR MORE:   2

[HDD (BASE 65) ]
TOTAL THIS MO.     0    CLEAR  (SCALE 0-3)  10
DPTR FM NORMAL     0    PTCLDY (SCALE 4-7)  13
TOTAL FM JUL 1     0    CLOUDY (SCALE 8-10)  1
DPTR FM NORMAL     0

[CDD (BASE 65) ]
TOTAL THIS MO.   306
DPTR FM NORMAL    24    [PRESSURE DATA]
TOTAL FM JAN 1  1179    HIGHEST SLP M ON M
DPTR FM NORMAL    70    LOWEST  SLP 29.69 ON 20

[REMARKS]
