000
CXUS53 KGID 200730
CF6LXN
PRELIMINARY LOCAL CLIMATOLOGICAL DATA (WS FORM: F-6)

                                          STATION:   LEXINGTON
                                          MONTH:     DECEMBER
                                          YEAR:      2014
                                          LATITUDE:   40 47 N
                                          LONGITUDE:  99 46 W

  TEMPERATURE IN F:       :PCPN:    SNOW:  WIND      :SUNSHINE: SKY     :PK WND
================================================================================
1   2   3   4   5  6A  6B    7    8   9   10  11  12  13   14  15   16   17  18
                                     12Z  AVG MX 2MIN
DY MAX MIN AVG DEP HDD CDD  WTR  SNW DPTH SPD SPD DIR MIN PSBL S-S WX    SPD DR
================================================================================

 1  28  13  21   M  44   0 0.00    M    M 10.2 17 190   M    M   3        21 200
 2  60  19  40   M  25   0 0.00    M    M  9.1 18  10   M    M   0        22 210
 3  39  15  27   M  38   0 0.00    M    M  6.7 12 140   M    M   1         M  M
 4  48  20  34   M  31   0 0.00    M    M  7.4 12 160   M    M   0         M  M
 5  56  23  40   M  25   0 0.00    M    M  7.1 17  10   M    M   0 18     21  10
 6  47  17  32   M  33   0 0.00    M    M  6.4  9 150   M    M   2         M  M
 7  51  28  40   M  25   0 0.00    M    M  7.8 13 220   M    M   5 1       M  M
 8  59  22  41   M  24   0 0.00    M    M  9.2 13 260   M    M   0 8       M  M
 9  35  18  27   M  38   0 0.00    M    M  4.6 10 170   M    M   5 12      M  M
10  37  14  26   M  39   0 0.00    M    M  4.9 10 160   M    M   3 1       M  M
11  40  31  36   M  29   0 0.00    M    M  8.0 10 200   M    M  10 1       M  M
12  51  40  46   M  19   0 0.00    M    M 11.1 18 220   M    M  10 1      24 220
13  55  48  52   M  13   0 0.00    M    M 11.5 18 170   M    M  10 1      22 160
14  58  35  47   M  18   0 0.88    M    M 14.9 23  20   M    M  10 13     30  20
15  35  26  31   M  34   0    M    M    M 23.1 36 340   M    M  10 18     44 340
16  27  22  25   M  40   0 0.00    M    M 10.3 27 330   M    M  10        35 330
17  26  21  24   M  41   0    T    M    M  6.4 10 140   M    M  10 1       M  M
18  30  25  28   M  37   0    M    M    M  5.0 10 230   M    M  10 1       M  M
19  35  22  29   M  36   0 0.00    M    M  5.1  9 220   M    M   5 12      M  M
================================================================================
SM  817  459       589   0  0.88    M    168.8          M      104
================================================================================
AV 43.0 24.2                               8.9 FASTST   M    M   5    MAX(MPH)
                                 MISC ---->    36   M                 44    M
================================================================================
NOTES:
# LAST OF SEVERAL OCCURRENCES

COLUMN 17 PEAK WIND IN M.P.H.

PRELIMINARY LOCAL CLIMATOLOGICAL DATA (WS FORM: F-6) , PAGE 2

                                          STATION:  LEXINGTON
                                          MONTH:    DECEMBER
                                          YEAR:     2014
                                          LATITUDE:   40 47 N
                                          LONGITUDE:  99 46 W

[TEMPERATURE DATA]      [PRECIPITATION DATA]       SYMBOLS USED IN COLUMN 16

AVERAGE MONTHLY: 33.6   TOTAL FOR MONTH:   0.88    1 = FOG OR MIST
DPTR FM NORMAL:     M   DPTR FM NORMAL:       M    2 = FOG REDUCING VISIBILITY
HIGHEST:    60 ON  2    GRTST 24HR  0.88 ON 14-14      TO 1/4 MILE OR LESS
LOWEST:     13 ON  1                               3 = THUNDER
                        SNOW, ICE PELLETS, HAIL    4 = ICE PELLETS
                        TOTAL MONTH:    M          5 = HAIL
                        GRTST 24HR    M  ON   M    6 = FREEZING RAIN OR DRIZZLE
                        GRTST DEPTH:  M  ON   M    7 = DUSTSTORM OR SANDSTORM:
                                                       VSBY 1/2 MILE OR LESS
                                                   8 = SMOKE OR HAZE
[NO. OF DAYS WITH]      [WEATHER - DAYS WITH]      9 = BLOWING SNOW
                                                   X = TORNADO
MAX 32 OR BELOW:   4    0.01 INCH OR MORE:   1
MAX 90 OR ABOVE:   0    0.10 INCH OR MORE:   1
MIN 32 OR BELOW:  16    0.50 INCH OR MORE:   1
MIN  0 OR BELOW:   0    1.00 INCH OR MORE:   0

[HDD (BASE 65) ]
TOTAL THIS MO.   589    CLEAR  (SCALE 0-3)   7
DPTR FM NORMAL     M    PTCLDY (SCALE 4-7)   4
TOTAL FM JUL 1  1975    CLOUDY (SCALE 8-10)  8
DPTR FM NORMAL     M

[CDD (BASE 65) ]
TOTAL THIS MO.     0
DPTR FM NORMAL     M    [PRESSURE DATA]
TOTAL FM JAN 1   887    HIGHEST SLP M ON M
DPTR FM NORMAL     M    LOWEST  SLP M ON M

[REMARKS]
