000
CXUS55 KEAX 240736
CF6LXT
PRELIMINARY LOCAL CLIMATOLOGICAL DATA (WS FORM: F-6)

                                          STATION:   Lee`s Summit MO
                                          MONTH:     MAY
                                          YEAR:      2015
                                          LATITUDE:   38 57 N
                                          LONGITUDE:  94 22 W

  TEMPERATURE IN F:       :PCPN:    SNOW:  WIND      :SUNSHINE: SKY     :PK WND
================================================================================
1   2   3   4   5  6A  6B    7    8   9   10  11  12  13   14  15   16   17  18
                                     12Z  AVG MX 2MIN
DY MAX MIN AVG DEP HDD CDD  WTR  SNW DPTH SPD SPD DIR MIN PSBL S-S WX    SPD DR
================================================================================

 1  74  51  63   3   2   0 0.00    M    M  6.2 10 200   M    M   1        15 190
 2  74  55  65   5   0   0 0.04    M    M  7.1 14 190   M    M   5        20 180
 3  81  62  72  12   0   7 0.00    M    M 13.3 25 200   M    M   1        34 190
 4  83  61  72  11   0   7 0.08    M    M  7.3 18 320   M    M   3 13     24 320
 5  81  61  71  10   0   6 0.01    M    M  7.4 17 140   M    M   3 1      28 150
 6  75  64  70   9   0   5 0.13    M    M 11.9 21 170   M    M   5 13     32 180
 7  76  63  70   8   0   5 0.43    M    M 10.9 24 170   M    M   5 13     34 160
 8  74  62  68   6   0   3 0.36    M    M  6.3 13 360   M    M   8 1      17 200
 9  74  61  68   6   0   3 0.09    M    M 10.3 20 100   M    M   7 13     26  70
10  75  58  67   4   0   2 0.60    M    M  9.3 23 220   M    M   6 13     30 230
11  63  46  55  -8  10   0 0.00    M    M 10.4 22 300   M    M   2        31 280
12  69  41  55  -8  10   0 0.00    M    M  6.4 14 330   M    M   0        19 330
13  70  49  60  -4   5   0 0.01    M    M  8.3 18 120   M    M   3        26 120
14  75  56  66   2   0   1 0.55    M    M  9.8 17 210   M    M   9 1      29 130
15  78  65  72   8   0   7 0.04    M    M  7.6 18 220   M    M   3 13     24 210
16  81  62  72   7   0   7 2.00    M    M 10.2 25 270   M    M   4 138    35 280
17  80  62  71   6   0   6 0.46    M    M 14.1 28 220   M    M   3 13     36 220
18  69  52  61  -4   4   0 0.00    M    M 10.5 20  10   M    M   1        24 360
19  59  44  52 -14  13   0    T    M    M 10.6 20  70   M    M   2        25  60
20  54  48  51 -15  14   0 1.01    M    M 11.3 20  70   M    M  10 1      26  70
21  68  47  58  -8   7   0 0.01    M    M  5.7 15 340   M    M   4 1      18 330
22  66  46  56 -10   9   0 0.00    M    M  5.6 14 220   M    M   4        17 230
23  68  59  64  -3   1   0 1.07    M    M  8.7 14 110   M    M  10 13     20 120
================================================================================
SM 1667 1275        75  59  6.89    M    209.2          M       99
================================================================================
AV 72.5 55.4                               9.1 FASTST   M    M   4    MAX(MPH)
                                 MISC ---->  # 28 220               # 36  220
================================================================================
NOTES:
# LAST OF SEVERAL OCCURRENCES

COLUMN 17 PEAK WIND IN M.P.H.

PRELIMINARY LOCAL CLIMATOLOGICAL DATA (WS FORM: F-6) , PAGE 2

                                          STATION:  Lee`s Summit MO
                                          MONTH:    MAY
                                          YEAR:     2015
                                          LATITUDE:   38 57 N
                                          LONGITUDE:  94 22 W

[TEMPERATURE DATA]      [PRECIPITATION DATA]       SYMBOLS USED IN COLUMN 16

AVERAGE MONTHLY: 64.0   TOTAL FOR MONTH:   6.89    1 = FOG OR MIST
DPTR FM NORMAL:   0.7   DPTR FM NORMAL:    2.47    2 = FOG REDUCING VISIBILITY
HIGHEST:    83 ON  4    GRTST 24HR  2.46 ON 16-17      TO 1/4 MILE OR LESS
LOWEST:     41 ON 12                               3 = THUNDER
                        SNOW, ICE PELLETS, HAIL    4 = ICE PELLETS
                        TOTAL MONTH:    M          5 = HAIL
                        GRTST 24HR    M  ON   M    6 = FREEZING RAIN OR DRIZZLE
                        GRTST DEPTH:  M  ON   M    7 = DUSTSTORM OR SANDSTORM:
                                                       VSBY 1/2 MILE OR LESS
                                                   8 = SMOKE OR HAZE
[NO. OF DAYS WITH]      [WEATHER - DAYS WITH]      9 = BLOWING SNOW
                                                   X = TORNADO
MAX 32 OR BELOW:   0    0.01 INCH OR MORE:  16
MAX 90 OR ABOVE:   0    0.10 INCH OR MORE:   9
MIN 32 OR BELOW:   0    0.50 INCH OR MORE:   5
MIN  0 OR BELOW:   0    1.00 INCH OR MORE:   3

[HDD (BASE 65) ]
TOTAL THIS MO.    75    CLEAR  (SCALE 0-3)   9
DPTR FM NORMAL   -13    PTCLDY (SCALE 4-7)  11
TOTAL FM JUL 1  4828    CLOUDY (SCALE 8-10)  3
DPTR FM NORMAL  -204

[CDD (BASE 65) ]
TOTAL THIS MO.    59
DPTR FM NORMAL    12    [PRESSURE DATA]
TOTAL FM JAN 1    71    HIGHEST SLP  0.00 ON M
DPTR FM NORMAL    13    LOWEST  SLP  0.00 ON M

[REMARKS]
