000
CXUS55 KABR 271400
CF6MBG
PRELIMINARY LOCAL CLIMATOLOGICAL DATA (WS FORM: F-6)

                                          STATION:   MOBRIDGE SD
                                          MONTH:     AUGUST
                                          YEAR:      2016
                                          LATITUDE:   45 32 N
                                          LONGITUDE: 100 25 W

  TEMPERATURE IN F:       :PCPN:    SNOW:  WIND      :SUNSHINE: SKY     :PK WND
================================================================================
1   2   3   4   5  6A  6B    7    8   9   10  11  12  13   14  15   16   17  18
                                     12Z  AVG MX 2MIN
DY MAX MIN AVG DEP HDD CDD  WTR  SNW DPTH SPD SPD DIR MIN PSBL S-S WX    SPD DR
================================================================================

 1  96  72  84  10   0  19 0.02  0.0    0 12.6 32 170   M    M   1        44 170
 2  92  65  79   6   0  14 0.00  0.0    0  9.3 22 120   M    M   0 3      28 120
 3 100  70  85  12   0  20    T  0.0    0 15.3 31 160   M    M   2        38 110
 4  83  58  71  -2   0   6 0.00  0.0    0 12.1 25 320   M    M   2        34 330
 5  87  54  71  -2   0   6 0.00  0.0    0  5.4 13 100   M    M   0        17  80
 6  90  64  77   4   0  12 0.00  0.0    0  9.6 17 170   M    M   2        22 170
 7  88  63  76   3   0  11 0.00  0.0    0 13.7 24 140   M    M   3        29 150
 8  96  69  83  10   0  18 0.00  0.0    0 15.2 30 160   M    M   1 3      34 160
 9  98  64  81   8   0  16 0.98  0.0    0 14.1 43 330   M    M   2 138    54 330
10  98  64  81   8   0  16 0.53  0.0    0 18.8 41 120   M    M   4 138    51 110
11  85  68  77   4   0  12    T  0.0    0  8.0 23  90   M    M   3        28  90
12  86  62  74   2   0   9    T  0.0    0  7.7 29 320   M    M   1 18     40 340
13  84  59  72   0   0   7 0.00  0.0    0  9.1 21 320   M    M   1        26 320
14  91  55  73   1   0   8    T  0.0    0 10.1 37 200   M    M   0 3      46 200
15  92  63  78   6   0  13 0.08  0.0    0  9.1 33 320   M    M   0 38     42 330
16  89  61  75   3   0  10 0.00  0.0    0  5.0 12  20   M    M   0        21  30
17  94  63  79   7   0  14 0.00  0.0    0 11.3 18 120   M    M   0        24 120
18  80  59  70  -1   0   5 0.01  0.0    0 11.9 28 350   M    M   2        34 360
19  72  55  64  -7   1   0 0.08  0.0    0  9.8 23 340   M    M   6 1      29 340
20  76  51  64  -7   1   0 0.00  0.0    0  7.5 18 320   M    M   3        24 320
21  86  51  69  -2   0   4 0.00  0.0    0 10.6 23 140   M    M   0        30 270
22 100  58  79   9   0  14 0.00  0.0    0 14.0 23 160   M    M   0        31 160
23  87  57  72   2   0   7 0.00  0.0    0 13.2 26 360   M    M   1        32 350
24  81  53  67  -3   0   2 0.00  0.0    0 12.4 22 310   M    M   1        33 300
25  70  52  61  -9   4   0 0.00  0.0    0  9.9 20 300   M    M   3        24 300
26  65  51  58 -11   7   0 0.15  0.0    0  9.5 21 150   M    M   4 1      46  90
================================================================================
SM 2266 1561        13 243  1.85     0.0 285.2          M       42
================================================================================
AV 87.2 60.0                              11.0 FASTST   M    M   2    MAX(MPH)
                                 MISC ---->  # 43 330               # 54  330
================================================================================
NOTES:
# LAST OF SEVERAL OCCURRENCES

COLUMN 17 PEAK WIND IN M.P.H.

PRELIMINARY LOCAL CLIMATOLOGICAL DATA (WS FORM: F-6) , PAGE 2

                                          STATION:  MOBRIDGE SD
                                          MONTH:    AUGUST
                                          YEAR:     2016
                                          LATITUDE:   45 32 N
                                          LONGITUDE: 100 25 W

[TEMPERATURE DATA]      [PRECIPITATION DATA]       SYMBOLS USED IN COLUMN 16

AVERAGE MONTHLY: 73.6   TOTAL FOR MONTH:   1.85    1 = FOG OR MIST
DPTR FM NORMAL:   1.7   DPTR FM NORMAL:    0.12    2 = FOG REDUCING VISIBILITY
HIGHEST:   100 ON 22, 3 GRTST 24HR  1.51 ON  9-10      TO 1/4 MILE OR LESS
LOWEST:     51 ON 26,21                            3 = THUNDER
                        SNOW, ICE PELLETS, HAIL    4 = ICE PELLETS
                        TOTAL MONTH:   0.0 INCH    5 = HAIL
                        GRTST 24HR     0.0         6 = FREEZING RAIN OR DRIZZLE
                        GRTST DEPTH:   0           7 = DUSTSTORM OR SANDSTORM:
                                                       VSBY 1/2 MILE OR LESS
                                                   8 = SMOKE OR HAZE
[NO. OF DAYS WITH]      [WEATHER - DAYS WITH]      9 = BLOWING SNOW
                                                   X = TORNADO
MAX 32 OR BELOW:   0    0.01 INCH OR MORE:   7
MAX 90 OR ABOVE:  11    0.10 INCH OR MORE:   3
MIN 32 OR BELOW:   0    0.50 INCH OR MORE:   2
MIN  0 OR BELOW:   0    1.00 INCH OR MORE:   0

[HDD (BASE 65) ]
TOTAL THIS MO.    13    CLEAR  (SCALE 0-3)  21
DPTR FM NORMAL     4    PTCLDY (SCALE 4-7)   5
TOTAL FM JUL 1    14    CLOUDY (SCALE 8-10)  0
DPTR FM NORMAL    -7

[CDD (BASE 65) ]
TOTAL THIS MO.   243
DPTR FM NORMAL    49    [PRESSURE DATA]
TOTAL FM JAN 1   828    HIGHEST SLP M ON M
DPTR FM NORMAL   270    LOWEST  SLP 29.61 ON 22

[REMARKS]
