000
CXUS56 KHNX 281146
CF6MCE
PRELIMINARY LOCAL CLIMATOLOGICAL DATA (WS FORM: F-6)

                                          STATION:   MERCED CA AIRPORT
                                          MONTH:     MARCH
                                          YEAR:      2017
                                          LATITUDE:   37 16 N
                                          LONGITUDE: 120 36 W

  TEMPERATURE IN F:       :PCPN:    SNOW:  WIND      :SUNSHINE: SKY     :PK WND
================================================================================
1   2   3   4   5  6A  6B    7    8   9   10  11  12  13   14  15   16   17  18
                                     12Z  AVG MX 2MIN
DY MAX MIN AVG DEP HDD CDD  WTR  SNW DPTH SPD SPD DIR MIN PSBL S-S WX    SPD DR
================================================================================

 1  63  31  47  -5  18   0 0.00  0.0    0  2.2  9 340   M    M   0 1      14 350
 2  67  33  50  -2  15   0 0.00  0.0    0  1.9  8 330   M    M   0 18     10 300
 3  67  35  51  -1  14   0 0.00  0.0    0  1.2  6 330   M    M   0 18      9 140
 4  64  40  52   0  13   0 0.00  0.0    0  4.9 14 330   M    M   0 1      17 280
 5  54  35  45  -7  20   0 0.16  0.0    0  8.1 24 260   M    M   6 1      32 260
 6  58  30  44  -9  21   0 0.00  0.0    0  4.0  8  70   M    M   3        11  60
 7  61  31  46  -7  19   0 0.00  0.0    0  4.1 12 330   M    M   0 1      16 320
 8  66  34  50  -3  15   0 0.00  0.0    0  2.3 13 320   M    M   0 128    16 320
 9  71  39  55   2  10   0 0.00  0.0    0  3.5 14 330   M    M   0 1      16 340
10  71  46  59   6   6   0 0.00  0.0    0  3.3 12 330   M    M   0 18     16 330
11  76  44  60   7   5   0 0.00  0.0    0  2.8 13 330   M    M   0 128    15 330
12  76  44  60   7   5   0 0.00  0.0    0  5.1 14 320   M    M   0        19 330
13  77  42  60   7   5   0 0.00  0.0    0  2.2  7 240   M    M   0 1      15 230
14  81  47  64  11   1   0 0.00  0.0    0  2.2  7 140   M    M   0 18     12 210
15  81  48  65  12   0   0 0.00  0.0    0  5.4 17 320   M    M   0 18     21 330
16  74  52  63   9   2   0 0.00  0.0    0  8.1 17 320   M    M   0        21 320
17  77  42  60   6   5   0 0.00  0.0    0  1.9  8 340   M    M   0 1      12 230
18  73  49  61   7   4   0 0.00  0.0    0  4.1 13 270   M    M   0 1      14 260
19  70  49  60   6   5   0 0.00  0.0    0  2.8  8 160   M    M   0        12 170
20  67  49  58   4   7   0 0.25  0.0    0  4.7 14  90   M    M   4 1      19 100
21  71  46  59   5   6   0 0.08  0.0    0 11.8 28 140   M    M   7 1      35 140
22  61  43  52  -2  13   0 0.43  0.0    0  5.7 15 340   M    M   5 1      19 330
23  64  40  52  -2  13   0 0.00  0.0    0  3.8 12 330   M    M   1        14 330
24  57  44  51  -3  14   0 0.07  0.0    0  7.2 15 110   M    M   9 1      21 100
25  65  46  56   2   9   0 0.18  0.0    0  4.1 12 330   M    M   7 1      14 330
26  65  46  56   1   9   0 0.11  0.0    0  4.3 15 340   M    M   6 1      17 340
27  65  49  57   2   8   0 0.00  0.0    0 13.8 30 310   M    M   2        37 310
================================================================================
SM 1842 1134       262   0  1.28     0.0 125.5          M       50
================================================================================
AV 68.2 42.0                               4.6 FASTST   M    M   2    MAX(MPH)
                                 MISC ---->  # 30 310               # 37  310
================================================================================
NOTES:
# LAST OF SEVERAL OCCURRENCES

COLUMN 17 PEAK WIND IN M.P.H.

PRELIMINARY LOCAL CLIMATOLOGICAL DATA (WS FORM: F-6) , PAGE 2

                                          STATION:  MERCED CA AIRPORT
                                          MONTH:    MARCH
                                          YEAR:     2017
                                          LATITUDE:   37 16 N
                                          LONGITUDE: 120 36 W

[TEMPERATURE DATA]      [PRECIPITATION DATA]       SYMBOLS USED IN COLUMN 16

AVERAGE MONTHLY: 55.1   TOTAL FOR MONTH:   1.28    1 = FOG OR MIST
DPTR FM NORMAL:   1.8   DPTR FM NORMAL:   -0.58    2 = FOG REDUCING VISIBILITY
HIGHEST:    81 ON 15,14 GRTST 24HR  0.43 ON 22-22      TO 1/4 MILE OR LESS
LOWEST:     30 ON  6                               3 = THUNDER
                        SNOW, ICE PELLETS, HAIL    4 = ICE PELLETS
                        TOTAL MONTH:   0.0 INCH    5 = HAIL
                        GRTST 24HR     0.0         6 = FREEZING RAIN OR DRIZZLE
                        GRTST DEPTH:   0           7 = DUSTSTORM OR SANDSTORM:
                                                       VSBY 1/2 MILE OR LESS
                                                   8 = SMOKE OR HAZE
[NO. OF DAYS WITH]      [WEATHER - DAYS WITH]      9 = BLOWING SNOW
                                                   X = TORNADO
MAX 32 OR BELOW:   0    0.01 INCH OR MORE:   7
MAX 90 OR ABOVE:   0    0.10 INCH OR MORE:   5
MIN 32 OR BELOW:   3    0.50 INCH OR MORE:   0
MIN  0 OR BELOW:   0    1.00 INCH OR MORE:   0

[HDD (BASE 65) ]
TOTAL THIS MO.   262    CLEAR  (SCALE 0-3)  20
DPTR FM NORMAL   -52    PTCLDY (SCALE 4-7)   6
TOTAL FM JUL 1  2132    CLOUDY (SCALE 8-10)  1
DPTR FM NORMAL  -352

[CDD (BASE 65) ]
TOTAL THIS MO.     0
DPTR FM NORMAL     0    [PRESSURE DATA]
TOTAL FM JAN 1     0    HIGHEST SLP M ON M
DPTR FM NORMAL     0    LOWEST  SLP 29.86 ON  5

[REMARKS]
