000
CXUS52 KFFC 271110
CF6MCN
PRELIMINARY LOCAL CLIMATOLOGICAL DATA (WS FORM: F-6)

                                          STATION:   MACON
                                          MONTH:     MAY
                                          YEAR:      2015
                                          LATITUDE:   32 42 N
                                          LONGITUDE:  83 39 W

  TEMPERATURE IN F:       :PCPN:    SNOW:  WIND      :SUNSHINE: SKY     :PK WND
================================================================================
1   2   3   4   5  6A  6B    7    8   9   10  11  12  13   14  15   16   17  18
                                     12Z  AVG MX 2MIN
DY MAX MIN AVG DEP HDD CDD  WTR  SNW DPTH SPD SPD DIR MIN PSBL S-S WX    SPD DR
================================================================================

 1  75  48  62  -5   3   0 0.00  0.0    0  6.7 17 360   M    M   1        24 330
 2  79  45  62  -6   3   0 0.00  0.0    0  1.1  8 220   M    M   1 18     14 250
 3  81  48  65  -3   0   0 0.00  0.0    0  2.3  9 140   M    M   2 18     14 180
 4  83  51  67  -1   0   2 0.00  0.0    0  2.6 16  60   M    M   1         M  M
 5  82  52  67  -2   0   2 0.00  0.0    0  4.8 17  90   M    M   1 1      22  60
 6  84  51  68  -1   0   3 0.00  0.0    0  4.4 16  70   M    M   0        21  70
 7  87  51  69   0   0   4 0.00  0.0    0  4.6 18  10   M    M   0 1      23  10
 8  88  56  72   2   0   7 0.00  0.0    0  3.8 14  10   M    M   0 1      24  50
 9  89  59  74   4   0   9 0.00  0.0    0  4.0 26  40   M    M   1 18     78 340
10  91  60  76   6   0  11 0.00  0.0    0  1.3 13  30   M    M   1 18     58 330
11  92  63  78   8   0  13 0.00  0.0    0  3.3 13 220   M    M   0 1       M  M
12  90  62  76   5   0  11 0.00  0.0    0  5.2 17 280   M    M   1 1      28 330
13  89  60  75   4   0  10 0.00  0.0    0  3.9 12 360   M    M   0 1      23 270
14  89  55  72   1   0   7 0.00  0.0    0  5.1 14 120   M    M   1        21 110
15  83  67  75   3   0  10 0.00  0.0    0  5.7 44 290   M    M   3       124 330
16  88  59  74   2   0   9 0.00  0.0    0  6.5 14 130   M    M   0 1      74 150
17  90  61  76   4   0  11 0.00  0.0    0  3.7 12 110   M    M   0        29 210
18  88  65  77   4   0  12 0.80  0.0    0  3.1 26 130   M    M   3 138    39 260
19  91  64  78   5   0  13 0.00  0.0    0  4.1 15 250   M    M   1 12     20 220
20  91  65  78   5   0  13 0.00  0.0    0  4.4 13 270   M    M   1 1      23 260
21  89  64  77   4   0  12 0.00  0.0    0 10.4 20 320   M    M   0        26 300
22  82  55  69  -5   0   4 0.00  0.0    0  5.4 12  30   M    M   0        20  30
23  85  53  69  -5   0   4 0.00  0.0    0  4.7 16 100   M    M   0        21 100
24  88  60  74   0   0   9 0.00  0.0    0  7.1 15 130   M    M   3        20 130
25  88  64  76   2   0  11    T  0.0    0  5.0 24 140   M    M   6        31 140
26  90  68  79   4   0  14 0.35  0.0    0  6.4 28 260   M    M   6 13     37 260
================================================================================
SM 2252 1506         6 201  1.15     0.0 119.6          M       33
================================================================================
AV 86.6 57.9                               4.6 FASTST   M    M   1    MAX(MPH)
                                 MISC ---->  # 44 290               #124  330
================================================================================
NOTES:
# LAST OF SEVERAL OCCURRENCES

COLUMN 17 PEAK WIND IN M.P.H.

PRELIMINARY LOCAL CLIMATOLOGICAL DATA (WS FORM: F-6) , PAGE 2

                                          STATION:  MACON
                                          MONTH:    MAY
                                          YEAR:     2015
                                          LATITUDE:   32 42 N
                                          LONGITUDE:  83 39 W

[TEMPERATURE DATA]      [PRECIPITATION DATA]       SYMBOLS USED IN COLUMN 16

AVERAGE MONTHLY: 72.3   TOTAL FOR MONTH:   1.15    1 = FOG OR MIST
DPTR FM NORMAL:   1.1   DPTR FM NORMAL:   -1.02    2 = FOG REDUCING VISIBILITY
HIGHEST:    92 ON 11    GRTST 24HR  0.80 ON 18-18      TO 1/4 MILE OR LESS
LOWEST:     45 ON  2                               3 = THUNDER
                        SNOW, ICE PELLETS, HAIL    4 = ICE PELLETS
                        TOTAL MONTH:   0.0 INCH    5 = HAIL
                        GRTST 24HR     0.0         6 = FREEZING RAIN OR DRIZZLE
                        GRTST DEPTH:   0           7 = DUSTSTORM OR SANDSTORM:
                                                       VSBY 1/2 MILE OR LESS
                                                   8 = SMOKE OR HAZE
[NO. OF DAYS WITH]      [WEATHER - DAYS WITH]      9 = BLOWING SNOW
                                                   X = TORNADO
MAX 32 OR BELOW:   0    0.01 INCH OR MORE:   2
MAX 90 OR ABOVE:   7    0.10 INCH OR MORE:   2
MIN 32 OR BELOW:   0    0.50 INCH OR MORE:   1
MIN  0 OR BELOW:   0    1.00 INCH OR MORE:   0

[HDD (BASE 65) ]
TOTAL THIS MO.     6    CLEAR  (SCALE 0-3)  23
DPTR FM NORMAL    -5    PTCLDY (SCALE 4-7)   3
TOTAL FM JUL 1  2471    CLOUDY (SCALE 8-10)  0
DPTR FM NORMAL   153

[CDD (BASE 65) ]
TOTAL THIS MO.   201
DPTR FM NORMAL    26    [PRESSURE DATA]
TOTAL FM JAN 1   325    HIGHEST SLP M ON M
DPTR FM NORMAL    66    LOWEST  SLP 29.85 ON M

[REMARKS]
