000
CXUS53 KDMX 250920
CF6MCW
PRELIMINARY LOCAL CLIMATOLOGICAL DATA (WS FORM: F-6)

                                          STATION:   MASON CITY IA
                                          MONTH:     MAY
                                          YEAR:      2015
                                          LATITUDE:   43  9 N
                                          LONGITUDE:  93 20 W

  TEMPERATURE IN F:       :PCPN:    SNOW:  WIND      :SUNSHINE: SKY     :PK WND
================================================================================
1   2   3   4   5  6A  6B    7    8   9   10  11  12  13   14  15   16   17  18
                                     12Z  AVG MX 2MIN
DY MAX MIN AVG DEP HDD CDD  WTR  SNW DPTH SPD SPD DIR MIN PSBL S-S WX    SPD DR
================================================================================

 1  63  36  50  -3  15   0    T  0.0    0  8.9 21 210   M    M   4        27 200
 2  78  41  60   6   5   0 0.00  0.0    0 12.5 25 220   M    M   1        31 210
 3  86  54  70  16   0   5 0.39  0.0    0 10.4 22 340   M    M   2 13     29 180
 4  71  52  62   8   3   0    T  0.0    0 11.9 24  40   M    M   2 13     30  50
 5  57  53  55   0  10   0 0.22  0.0    0 12.5 20  90   M    M  10 12     27  90
 6  76  55  66  11   0   1 0.01  0.0    0 15.6 28 160   M    M   7 128    36 140
 7  77  62  70  15   0   5 0.03  0.0    0 17.2 31 190   M    M   6 3      43 200
 8  64  45  55  -1  10   0 0.00  0.0    0 10.7 17 310   M    M   9 1      21 290
 9  71  42  57   1   8   0 0.00  0.0    0 11.0 16  90   M    M   2 1      21  70
10  63  56  60   4   5   0 0.30  0.0    0 16.4 25 130   M    M  10 13     31 130
11  60  42  51  -6  14   0 0.01  0.0    0 18.2 28 250   M    M   9 18     36 240
12  61  40  51  -6  14   0    T  0.0    0 16.8 32 320   M    M   5        39 300
13  70  43  57  -1   8   0 0.00  0.0    0 15.9 28 140   M    M   2        37 140
14  59  49  54  -4  11   0 1.16    M    0 14.1 25 150   M    M   9 1      31 140
15  70  54  62   4   3   0    T  0.0    0  6.0 13 320   M    M   7 1      15 330
16  81  59  70  12   0   5 0.27  0.0    0 12.8 26 160   M    M   8 1      34 150
17  75  51  63   4   2   0 0.05  0.0    0 20.1 37 220   M    M   6 13     46 220
18  51  37  44 -15  21   0    T  0.0    0 22.7 35 280   M    M  10        41 280
19  55  36  46 -13  19   0 0.00  0.0    0 11.8 21 320   M    M   5        25  20
20  53  46  50 -10  15   0 0.01    M    0  5.6 14 260   M    M   9        18 260
21  75  42  59  -1   6   0 0.00  0.0    0 14.7 32 290   M    M   0        40 320
22  75  40  58  -2   7   0 0.00  0.0    0  4.6 14 270   M    M   0 8      17 270
23  77  54  66   5   0   1 0.00  0.0    0  7.6 23 160   M    M   7        29 180
24  64  59  62   1   3   0 0.34  0.0    0 11.3 24 110   M    M  10 1      30 120
================================================================================
SM 1632 1148       179  17  2.79     0.0 309.3          M      140
================================================================================
AV 68.0 47.8                              12.9 FASTST   M    M   6    MAX(MPH)
                                 MISC ---->  # 37 220               # 46  220
================================================================================
NOTES:
# LAST OF SEVERAL OCCURRENCES

COLUMN 17 PEAK WIND IN M.P.H.

PRELIMINARY LOCAL CLIMATOLOGICAL DATA (WS FORM: F-6) , PAGE 2

                                          STATION:  MASON CITY IA
                                          MONTH:    MAY
                                          YEAR:     2015
                                          LATITUDE:   43  9 N
                                          LONGITUDE:  93 20 W

[TEMPERATURE DATA]      [PRECIPITATION DATA]       SYMBOLS USED IN COLUMN 16

AVERAGE MONTHLY: 57.9   TOTAL FOR MONTH:   2.79    1 = FOG OR MIST
DPTR FM NORMAL:   0.7   DPTR FM NORMAL:   -0.78    2 = FOG REDUCING VISIBILITY
HIGHEST:    86 ON  3    GRTST 24HR  1.16 ON 14-14      TO 1/4 MILE OR LESS
LOWEST:     36 ON 19, 1                            3 = THUNDER
                        SNOW, ICE PELLETS, HAIL    4 = ICE PELLETS
                        TOTAL MONTH:   0.0 INCH    5 = HAIL
                        GRTST 24HR     0.0         6 = FREEZING RAIN OR DRIZZLE
                        GRTST DEPTH:   0           7 = DUSTSTORM OR SANDSTORM:
                                                       VSBY 1/2 MILE OR LESS
                                                   8 = SMOKE OR HAZE
[NO. OF DAYS WITH]      [WEATHER - DAYS WITH]      9 = BLOWING SNOW
                                                   X = TORNADO
MAX 32 OR BELOW:   0    0.01 INCH OR MORE:  11
MAX 90 OR ABOVE:   0    0.10 INCH OR MORE:   6
MIN 32 OR BELOW:   0    0.50 INCH OR MORE:   1
MIN  0 OR BELOW:   0    1.00 INCH OR MORE:   1

[HDD (BASE 65) ]
TOTAL THIS MO.   179    CLEAR  (SCALE 0-3)   7
DPTR FM NORMAL   -25    PTCLDY (SCALE 4-7)   9
TOTAL FM JUL 1  7657    CLOUDY (SCALE 8-10)  8
DPTR FM NORMAL    53

[CDD (BASE 65) ]
TOTAL THIS MO.    17
DPTR FM NORMAL     1    [PRESSURE DATA]
TOTAL FM JAN 1    17    HIGHEST SLP M ON M
DPTR FM NORMAL    -4    LOWEST  SLP 29.62 ON 17

[REMARKS]
