000
CXUS54 KMAF 281100
CF6MDD
PRELIMINARY LOCAL CLIMATOLOGICAL DATA (WS FORM: F-6)

                                          STATION:   Midland Airpark
                                          MONTH:     MAY
                                          YEAR:      2015
                                          LATITUDE:   32  2 N
                                          LONGITUDE: 102  6 W

  TEMPERATURE IN F:       :PCPN:    SNOW:  WIND      :SUNSHINE: SKY     :PK WND
================================================================================
1   2   3   4   5  6A  6B    7    8   9   10  11  12  13   14  15   16   17  18
                                     12Z  AVG MX 2MIN
DY MAX MIN AVG DEP HDD CDD  WTR  SNW DPTH SPD SPD DIR MIN PSBL S-S WX    SPD DR
================================================================================

 1  86  59  73   M   0   8 0.00  0.0    0 11.0 16 140   M    M   0 8      22 140
 2  87  58  73   M   0   8 0.00  0.0    0 12.3 17 180   M    M   0        25 180
 3  88  57  73   M   0   8 0.00  0.0    0 13.0 20 150   M    M   0        27 150
 4  84  66  75   M   0  10 0.01  0.0    0 16.3 29 150   M    M   5        36 150
 5  85  63  74   M   0   9 0.08  0.0    0 11.6 17 160   M    M   4 3      28 160
 6  90  66  78   M   0  13 0.00  0.0    0 11.7 18 170   M    M   3        27 160
 7  92  62  77   M   0  12 0.00  0.0    0 11.9 18 230   M    M   3 8      25 190
 8  93  62  78   M   0  13 0.01  0.0    0 11.7 22 170   M    M   3 38     27 170
 9  90  64  77   M   0  12 0.00  0.0    0  9.5 16 230   M    M   1 8      23 290
10  87  58  73   M   0   8 0.00  0.0    0  6.7 14 340   M    M   0 8      18 220
11  77  57  67   M   0   2 0.00  0.0    0 12.1 18  60   M    M   3        27  60
12  74  53  64   M   1   0 0.24  0.0    0 11.1 17  80   M    M  10 138    23 100
13  80  59  70   M   0   5 0.18  0.0    0 11.7 17 260   M    M   5 38     28 260
14  84  64  74   M   0   9 0.00  0.0    0 11.4 18 170   M    M   5 38     24 180
15  86  64  75   M   0  10 0.00  0.0    0 12.5 18 150   M    M   4 3      24 150
16  90  68  79   M   0  14 0.00  0.0    0 14.1 22 210   M    M   3        30 170
17  84  56  70   M   0   5 0.00  0.0    0  5.1 15 210   M    M   0        24 230
18  91  65  78   M   0  13 0.07  0.0    0  9.6 18 130   M    M   3 3      28 150
19  87  64  76   M   0  11 0.00  0.0    0 14.2 24 110   M    M   5        33 110
20  77  55  66   M   0   1 0.00  0.0    0 10.5 20  50   M    M   9 18     24  50
21  58  51  55   M  10   0 0.04  0.0    0 13.0 18  70   M    M  10 138    23  50
22  82  58  70   M   0   5 0.02  0.0    0  7.2 17 140   M    M   8 18     23 140
23  87  60  74   M   0   9 0.09  0.0    0 13.8 27 290   M    M   4 3      45 290
24  85  61  73   M   0   8 0.00  0.0    0 10.0 21 260   M    M   1 1      27 260
25  84  56  70   M   0   5 0.05  0.0    0  7.0 21 310   M    M   2 38     28 310
26  90  61  76   M   0  11 0.00  0.0    0  8.8 16 210   M    M   1        22 210
27  92  70  81   M   0  16 0.00  0.0    0 11.2 22 170   M    M   3 18     28 170
================================================================================
SM 2290 1637        11 225  0.79     0.0 299.0          M       95
================================================================================
AV 84.8 60.6                              11.1 FASTST   M    M   4    MAX(MPH)
                                 MISC ---->    29   M                 45    M
================================================================================
NOTES:
# LAST OF SEVERAL OCCURRENCES

COLUMN 17 PEAK WIND IN M.P.H.

PRELIMINARY LOCAL CLIMATOLOGICAL DATA (WS FORM: F-6) , PAGE 2

                                          STATION:  Midland Airpark
                                          MONTH:    MAY
                                          YEAR:     2015
                                          LATITUDE:   32  2 N
                                          LONGITUDE: 102  6 W

[TEMPERATURE DATA]      [PRECIPITATION DATA]       SYMBOLS USED IN COLUMN 16

AVERAGE MONTHLY: 72.7   TOTAL FOR MONTH:   0.79    1 = FOG OR MIST
DPTR FM NORMAL:     M   DPTR FM NORMAL:       M    2 = FOG REDUCING VISIBILITY
HIGHEST:    93 ON  8    GRTST 24HR  0.24 ON 12-12      TO 1/4 MILE OR LESS
LOWEST:     51 ON 21                               3 = THUNDER
                        SNOW, ICE PELLETS, HAIL    4 = ICE PELLETS
                        TOTAL MONTH:   0.0 INCH    5 = HAIL
                        GRTST 24HR     0.0         6 = FREEZING RAIN OR DRIZZLE
                        GRTST DEPTH:   0           7 = DUSTSTORM OR SANDSTORM:
                                                       VSBY 1/2 MILE OR LESS
                                                   8 = SMOKE OR HAZE
[NO. OF DAYS WITH]      [WEATHER - DAYS WITH]      9 = BLOWING SNOW
                                                   X = TORNADO
MAX 32 OR BELOW:   0    0.01 INCH OR MORE:  10
MAX 90 OR ABOVE:   8    0.10 INCH OR MORE:   2
MIN 32 OR BELOW:   0    0.50 INCH OR MORE:   0
MIN  0 OR BELOW:   0    1.00 INCH OR MORE:   0

[HDD (BASE 65) ]
TOTAL THIS MO.    11    CLEAR  (SCALE 0-3)  13
DPTR FM NORMAL     M    PTCLDY (SCALE 4-7)  10
TOTAL FM JUL 1  2377    CLOUDY (SCALE 8-10)  4
DPTR FM NORMAL     M

[CDD (BASE 65) ]
TOTAL THIS MO.   225
DPTR FM NORMAL     M    [PRESSURE DATA]
TOTAL FM JAN 1   395    HIGHEST SLP M ON M
DPTR FM NORMAL     M    LOWEST  SLP M ON M

[REMARKS]
