000
CXUS54 KMAF 241100
CF6MDD
PRELIMINARY LOCAL CLIMATOLOGICAL DATA (WS FORM: F-6)

                                          STATION:   Midland Airpark
                                          MONTH:     DECEMBER
                                          YEAR:      2014
                                          LATITUDE:   32  2 N
                                          LONGITUDE: 102  6 W

  TEMPERATURE IN F:       :PCPN:    SNOW:  WIND      :SUNSHINE: SKY     :PK WND
================================================================================
1   2   3   4   5  6A  6B    7    8   9   10  11  12  13   14  15   16   17  18
                                     12Z  AVG MX 2MIN
DY MAX MIN AVG DEP HDD CDD  WTR  SNW DPTH SPD SPD DIR MIN PSBL S-S WX    SPD DR
================================================================================

 1  58  28  43   M  22   0 0.00  0.0    0  8.9 20  40   M    M   6        27  30
 2  61  38  50   M  15   0 0.00  0.0    0  6.3  9 180   M    M   5         M  M
 3  73  44  59   M   6   0 0.00  0.0    0  3.9  8 180   M    M   0         M  M
 4  63  49  56   M   9   0 0.00  0.0    0  9.8 15 160   M    M   6 1      18 170
 5  72  50  61   M   4   0 0.00  0.0    0  8.5 16 320   M    M   0 1      18 330
 6  64  42  53   M  12   0 0.00  0.0    0  5.6 13  80   M    M   0        17  80
 7  55  46  51   M  14   0 0.00  0.0    0  4.6  9 160   M    M   8 1       M  M
 8  65  41  53   M  12   0 0.00  0.0    0  2.3  6 170   M    M   5 12      M  M
 9  59  42  51   M  14   0 0.00  0.0    0  2.7  7 170   M    M   5 1       M  M
10  60  55  58   M   7   0 0.00  0.0    0  8.2 13 180   M    M  10 1       M  M
11  62  55  59   M   6   0 0.00  0.0    0  3.5 10 200   M    M  10 1       M  M
12  72  54  63   M   2   0 0.00  0.0    0  7.3 12 180   M    M   5 1       M  M
13  73  56  65   M   0   0 0.00  0.0    0 14.0 21 160   M    M   3 1      27 150
14  67  47  57   M   8   0 0.00  0.0    0 17.0 28 240   M    M   1        41 240
15  65  38  52   M  13   0 0.00  0.0    0  5.2 12 330   M    M   0         M  M
16  56  37  47   M  18   0 0.00  0.0    0  8.4 13 120   M    M   5        17 130
17  67  49  58   M   7   0 0.00  0.0    0 10.5 18 260   M    M   5        24 260
18  64  41  53   M  12   0 0.00  0.0    0  5.7  9  70   M    M   0         M  M
19  53  38  46   M  19   0 0.00  0.0    0  4.8 10  60   M    M   5 1       M  M
20  59  32  46   M  19   0 0.00  0.0    0  5.0 12 170   M    M   5 12     16 190
21  68  43  56   M   9   0 0.00  0.0    0 12.3 20 250   M    M   4 1      24 250
22  67  44  56   M   9   0 0.04    M    0 11.6 21 310   M    M   1        21 270
23  48  39  44   M  21   0 0.07    M    0 13.9 23  10   M    M   8        32 350
================================================================================
SM 1451 1008       258   0  0.11     0.0 180.0          M       97
================================================================================
AV 63.1 43.8                               7.8 FASTST   M    M   4    MAX(MPH)
                                 MISC ---->    28   M                 41    M
================================================================================
NOTES:
# LAST OF SEVERAL OCCURRENCES

COLUMN 17 PEAK WIND IN M.P.H.

PRELIMINARY LOCAL CLIMATOLOGICAL DATA (WS FORM: F-6) , PAGE 2

                                          STATION:  Midland Airpark
                                          MONTH:    DECEMBER
                                          YEAR:     2014
                                          LATITUDE:   32  2 N
                                          LONGITUDE: 102  6 W

[TEMPERATURE DATA]      [PRECIPITATION DATA]       SYMBOLS USED IN COLUMN 16

AVERAGE MONTHLY: 53.5   TOTAL FOR MONTH:   0.11    1 = FOG OR MIST
DPTR FM NORMAL:     M   DPTR FM NORMAL:       M    2 = FOG REDUCING VISIBILITY
HIGHEST:    73 ON 13, 3 GRTST 24HR  0.07 ON 23-23      TO 1/4 MILE OR LESS
LOWEST:     28 ON  1                               3 = THUNDER
                        SNOW, ICE PELLETS, HAIL    4 = ICE PELLETS
                        TOTAL MONTH:   0.0 INCH    5 = HAIL
                        GRTST 24HR     0.0         6 = FREEZING RAIN OR DRIZZLE
                        GRTST DEPTH:   0           7 = DUSTSTORM OR SANDSTORM:
                                                       VSBY 1/2 MILE OR LESS
                                                   8 = SMOKE OR HAZE
[NO. OF DAYS WITH]      [WEATHER - DAYS WITH]      9 = BLOWING SNOW
                                                   X = TORNADO
MAX 32 OR BELOW:   0    0.01 INCH OR MORE:   2
MAX 90 OR ABOVE:   0    0.10 INCH OR MORE:   0
MIN 32 OR BELOW:   2    0.50 INCH OR MORE:   0
MIN  0 OR BELOW:   0    1.00 INCH OR MORE:   0

[HDD (BASE 65) ]
TOTAL THIS MO.   258    CLEAR  (SCALE 0-3)   7
DPTR FM NORMAL     M    PTCLDY (SCALE 4-7)  13
TOTAL FM JUL 1   671    CLOUDY (SCALE 8-10)  3
DPTR FM NORMAL     M

[CDD (BASE 65) ]
TOTAL THIS MO.     0
DPTR FM NORMAL     M    [PRESSURE DATA]
TOTAL FM JAN 1  2799    HIGHEST SLP M ON M
DPTR FM NORMAL     M    LOWEST  SLP M ON M

[REMARKS]
