000
CXUS55 KCTP 301131
CF6MDT
PRELIMINARY LOCAL CLIMATOLOGICAL DATA (WS FORM: F-6)

                                          STATION:   HARRISBURG PA
                                          MONTH:     MAY
                                          YEAR:      2015
                                          LATITUDE:   40 11 N
                                          LONGITUDE:  76 46 W

  TEMPERATURE IN F:       :PCPN:    SNOW:  WIND      :SUNSHINE: SKY     :PK WND
================================================================================
1   2   3   4   5  6A  6B    7    8   9   10  11  12  13   14  15   16   17  18
                                     12Z  AVG MX 2MIN
DY MAX MIN AVG DEP HDD CDD  WTR  SNW DPTH SPD SPD DIR MIN PSBL S-S WX    SPD DR
================================================================================

 1  61  52  57  -1   8   0 0.00  0.0    0  4.2 12 110   M    M   9        16  70
 2  76  51  64   6   1   0 0.00  0.0    0  5.8 15 220   M    M   5        21 350
 3  80  46  63   5   2   0 0.00  0.0    0  4.0 12 220   M    M   3        15 220
 4  84  51  68  10   0   3 0.00  0.0    0  5.6 21 220   M    M   3 8      35 220
 5  79  59  69  10   0   4 0.02  0.0    0  3.3 14 280   M    M   8 8      17 280
 6  75  58  67   8   0   2 0.19  0.0    0  3.8 15  20   M    M   8 138    19  60
 7  81  56  69  10   0   4 0.00  0.0    0  3.6 10 140   M    M   4        13 140
 8  86  58  72  12   0   7 0.00  0.0    0  5.8 13 130   M    M   4 18     14 130
 9  78  57  68   8   0   3    T  0.0    0  5.9 13 160   M    M   6 18     16 160
10  86  61  74  14   0   9    T  0.0    0  5.4 14 220   M    M   6 1      18 210
11  86  68  77  16   0  12 0.00  0.0    0  6.4 15 120   M    M   5        20 150
12  84  62  73  12   0   8 0.19  0.0    0 14.0 30 310   M    M   6 138    38 300
13  67  51  59  -2   6   0 0.00  0.0    0 15.1 26 320   M    M   7        34 320
14  71  46  59  -3   6   0 0.00  0.0    0  4.4 15 210   M    M   4        17 210
15  78  54  66   4   0   1    T  0.0    0  6.1 14 160   M    M   8        18 190
16  87  58  73  11   0   8 0.50  0.0    0  3.6 41 240   M    M   7 38     51 240
17  82  66  74  12   0   9 0.11  0.0    0  2.9 12 230   M    M   9 1      14 220
18  89  66  78  15   0  13 0.74  0.0    0  4.3 22 330   M    M   7 138    24 310
19  86  63  75  12   0  10 0.10  0.0    0  7.6 22 320   M    M   6 18     29 320
20  66  55  61  -2   4   0 0.00  0.0    0 12.9 24 310   M    M   6        33 290
21  59  53  56  -8   9   0    T  0.0    0  5.3 16 300   M    M  10        19 300
22  73  50  62  -2   3   0 0.00  0.0    0 15.4 28 310   M    M   3        36 280
23  71  47  59  -5   6   0 0.00  0.0    0  6.5 17 320   M    M   1        21 330
24  82  48  65   1   0   0 0.00  0.0    0  4.0 12 220   M    M   4        16 220
25  85  60  73   8   0   8 0.00  0.0    0  6.9 18 240   M    M   4        26 180
26  88  64  76  11   0  11 0.00  0.0    0  5.8 12 220   M    M   5        16 220
27  87  68  78  12   0  13 0.63  0.0    0  6.1 35 270   M    M   7 13     43 260
28  86  66  76  10   0  11 0.00  0.0    0  3.9 13 310   M    M   6 18     19 310
29  86  61  74   8   0   9 0.00  0.0    0  5.1 12 180   M    M   3        17 120
================================================================================
SM 2299 1655        45 145  2.48     0.0 183.7          M      164
================================================================================
AV 79.3 57.1                               6.3 FASTST   M    M   6    MAX(MPH)
                                 MISC ---->  # 41 240               # 51  240
================================================================================
NOTES:
# LAST OF SEVERAL OCCURRENCES

COLUMN 17 PEAK WIND IN M.P.H.

PRELIMINARY LOCAL CLIMATOLOGICAL DATA (WS FORM: F-6) , PAGE 2

                                          STATION:  HARRISBURG PA
                                          MONTH:    MAY
                                          YEAR:     2015
                                          LATITUDE:   40 11 N
                                          LONGITUDE:  76 46 W

[TEMPERATURE DATA]      [PRECIPITATION DATA]       SYMBOLS USED IN COLUMN 16

AVERAGE MONTHLY: 68.2   TOTAL FOR MONTH:   2.48    1 = FOG OR MIST
DPTR FM NORMAL:   6.3   DPTR FM NORMAL:   -1.04    2 = FOG REDUCING VISIBILITY
HIGHEST:    89 ON 18    GRTST 24HR  0.84 ON 18-19      TO 1/4 MILE OR LESS
LOWEST:     46 ON 14, 3                            3 = THUNDER
                        SNOW, ICE PELLETS, HAIL    4 = ICE PELLETS
                        TOTAL MONTH:   0.0 INCH    5 = HAIL
                        GRTST 24HR     0.0         6 = FREEZING RAIN OR DRIZZLE
                        GRTST DEPTH:   0           7 = DUSTSTORM OR SANDSTORM:
                                                       VSBY 1/2 MILE OR LESS
                                                   8 = SMOKE OR HAZE
[NO. OF DAYS WITH]      [WEATHER - DAYS WITH]      9 = BLOWING SNOW
                                                   X = TORNADO
MAX 32 OR BELOW:   0    0.01 INCH OR MORE:   8
MAX 90 OR ABOVE:   0    0.10 INCH OR MORE:   7
MIN 32 OR BELOW:   0    0.50 INCH OR MORE:   3
MIN  0 OR BELOW:   0    1.00 INCH OR MORE:   0

[HDD (BASE 65) ]
TOTAL THIS MO.    45    CLEAR  (SCALE 0-3)   4
DPTR FM NORMAL   -98    PTCLDY (SCALE 4-7)  20
TOTAL FM JUL 1  5587    CLOUDY (SCALE 8-10)  5
DPTR FM NORMAL   341

[CDD (BASE 65) ]
TOTAL THIS MO.   145
DPTR FM NORMAL    93    [PRESSURE DATA]
TOTAL FM JAN 1   145    HIGHEST SLP M ON M
DPTR FM NORMAL    86    LOWEST  SLP 29.77 ON M

[REMARKS]
