000
CXUS54 KMEG 270639
CF6MEG
PRELIMINARY LOCAL CLIMATOLOGICAL DATA (WS FORM: F-6)

                                          STATION:   MEMPHIS/GERMANTOWN WFO
                                          MONTH:     MARCH
                                          YEAR:      2015
                                          LATITUDE:   35  7 N
                                          LONGITUDE:  89 48 W

  TEMPERATURE IN F:       :PCPN:    SNOW:  WIND      :SUNSHINE: SKY     :PK WND
================================================================================
1   2   3   4   5  6A  6B    7    8   9   10  11  12  13   14  15   16   17  18
                                     12Z  AVG MX 2MIN
DY MAX MIN AVG DEP HDD CDD  WTR  SNW DPTH SPD SPD DIR MIN PSBL S-S WX    SPD DR
================================================================================

 1  47  35  41  -6  24   0 0.46  0.0    0   M   M   M   M    M   M 1       M  M
 2  42  33  38  -9  27   0    T  0.0    0   M   M   M   M    M   M         M  M
 3  62  41  52   5  13   0 0.13  0.0    0   M   M   M   M    M   M 1       M  M
 4  64  23  44  -4  21   0 1.58  0.5    0   M   M   M   M    M   M 14      M  M
 5  30  19  25 -23  40   0 0.39  3.6    4   M   M   M   M    M   M         M  M
 6  43  10  27 -21  38   0 0.00  0.0    3   M   M   M   M    M   M         M  M
 7  57  24  41  -8  24   0 0.00  0.0    2   M   M   M   M    M   M         M  M
 8  56  31  44  -5  21   0 0.19  0.0    T   M   M   M   M    M   M         M  M
 9  51  42  47  -2  18   0 0.78  0.0    0   M   M   M   M    M   M         M  M
10  60  50  55   5  10   0 0.51  0.0    0   M   M   M   M    M   M         M  M
11  57  47  52   2  13   0 0.00  0.0    0   M   M   M   M    M   M         M  M
12  65  49  57   7   8   0    T  0.0    0   M   M   M   M    M   M         M  M
13  63  58  61  11   4   0 1.06  0.0    0   M   M   M   M    M   M         M  M
14  65  56  61  10   4   0 0.10  0.0    0   M   M   M   M    M   M         M  M
15  77  48  63  12   2   0 0.00  0.0    0   M   M   M   M    M   M         M  M
16  76  45  61  10   4   0 0.00  0.0    0   M   M   M   M    M   M         M  M
17  76  52  64  12   1   0 0.00  0.0    0   M   M   M   M    M   M         M  M
18  64  44  54   2  11   0 0.18  0.0    0   M   M   M   M    M   M         M  M
19  59  43  51  -1  14   0 0.06  0.0    0   M   M   M   M    M   M         M  M
20  64  44  54   2  11   0 0.04  0.0    0   M   M   M   M    M   M         M  M
21  61  44  53   0  12   0    T  0.0    0   M   M   M   M    M   M         M  M
22  57  49  53   0  12   0 0.13  0.0    0   M   M   M   M    M   M         M  M
23  76  42  59   6   6   0 0.00  0.0    0   M   M   M   M    M   M         M  M
24  79  47  63   9   2   0 0.00  0.0    M   M   M   M   M    M   M         M  M
25  78  57  68  14   0   3 0.00  0.0    M   M   M   M   M    M   M         M  M
26  67  36  52  -2  13   0 0.07  0.0    0   M   M   M   M    M   M         M  M
================================================================================
SM 1596 1069       353   3  5.68     4.1     M          M        M
================================================================================
AV 61.4 41.1                                 M FASTST   M    M   6    MAX(MPH)
                                 MISC ---->     M   M                  M    M
================================================================================
NOTES:
# LAST OF SEVERAL OCCURRENCES

COLUMN 17 PEAK WIND IN M.P.H.

PRELIMINARY LOCAL CLIMATOLOGICAL DATA (WS FORM: F-6) , PAGE 2

                                          STATION:  MEMPHIS/GERMANTOWN WFO
                                          MONTH:    MARCH
                                          YEAR:     2015
                                          LATITUDE:   35  7 N
                                          LONGITUDE:  89 48 W

[TEMPERATURE DATA]      [PRECIPITATION DATA]       SYMBOLS USED IN COLUMN 16

AVERAGE MONTHLY: 51.2   TOTAL FOR MONTH:   5.68    1 = FOG OR MIST
DPTR FM NORMAL:   0.7   DPTR FM NORMAL:    1.57    2 = FOG REDUCING VISIBILITY
HIGHEST:    79 ON 24    GRTST 24HR  1.58 ON  4- 4      TO 1/4 MILE OR LESS
LOWEST:     10 ON  6                               3 = THUNDER
                        SNOW, ICE PELLETS, HAIL    4 = ICE PELLETS
                        TOTAL MONTH:   4.1 INCHES  5 = HAIL
                        GRTST 24HR   3.6 ON   M    6 = FREEZING RAIN OR DRIZZLE
                        GRTST DEPTH:   4 ON  5     7 = DUSTSTORM OR SANDSTORM:
                                                       VSBY 1/2 MILE OR LESS
                                                   8 = SMOKE OR HAZE
[NO. OF DAYS WITH]      [WEATHER - DAYS WITH]      9 = BLOWING SNOW
                                                   X = TORNADO
MAX 32 OR BELOW:   1    0.01 INCH OR MORE:  14
MAX 90 OR ABOVE:   0    0.10 INCH OR MORE:  11
MIN 32 OR BELOW:   5    0.50 INCH OR MORE:   4
MIN  0 OR BELOW:   0    1.00 INCH OR MORE:   2

[HDD (BASE 65) ]
TOTAL THIS MO.   353    CLEAR  (SCALE 0-3)   0
DPTR FM NORMAL   -30    PTCLDY (SCALE 4-7)   0
TOTAL FM JUL 1  3260    CLOUDY (SCALE 8-10)  0
DPTR FM NORMAL   131

[CDD (BASE 65) ]
TOTAL THIS MO.     3
DPTR FM NORMAL     0    [PRESSURE DATA]
TOTAL FM JAN 1     3    HIGHEST SLP M ON M
DPTR FM NORMAL    -1    LOWEST  SLP M ON M

[REMARKS]
