000
CXUS54 KJAN 011200
CF6MEI
PRELIMINARY LOCAL CLIMATOLOGICAL DATA (WS FORM: F-6)

                                          STATION:   MERIDIAN
                                          MONTH:     SEPTEMBER
                                          YEAR:      2014
                                          LATITUDE:   32 19 N
                                          LONGITUDE:  88 45 W

  TEMPERATURE IN F:       :PCPN:    SNOW:  WIND      :SUNSHINE: SKY     :PK WND
================================================================================
1   2   3   4   5  6A  6B    7    8   9   10  11  12  13   14  15   16   17  18
                                     12Z  AVG MX 2MIN
DY MAX MIN AVG DEP HDD CDD  WTR  SNW DPTH SPD SPD DIR MIN PSBL S-S WX    SPD DR
================================================================================

 1  93  69  81   2   0  16 0.00  0.0    0  5.3 15 210   M    M   1 1      20 210
 2  90  72  81   2   0  16 0.01  0.0    0  4.1 20 260   M    M   1 3      30 270
 3  91  70  81   3   0  16 0.00  0.0    0  3.2 14 340   M    M   2        17 330
 4  92  70  81   3   0  16    T  0.0    0  2.4 13 110   M    M   4 12     16 100
 5  88  69  79   1   0  14    T  0.0    0  2.9 12 150   M    M   0 3      13 150
 6  91  68  80   2   0  15 0.00  0.0    0  2.8 13  50   M    M   1 1      16  40
 7  94  70  82   4   0  17 0.24  0.0    0  4.7 26 350   M    M   2 13     31  10
 8  92  69  81   4   0  16 0.25  0.0    0  2.2 18 150   M    M   2 1      22 160
 9  92  70  81   4   0  16 0.00  0.0    0  4.8 12 110   M    M   1 18     16 100
10  91  73  82   5   0  17    T  0.0    0  5.8 14 200   M    M   2 1      18 170
11  91  73  82   6   0  17    T  0.0    0  4.0 14 170   M    M   1        16 180
12  90  71  81   5   0  16 0.12  0.0    0  5.0 13  60   M    M   2 1      18 270
13  74  64  69  -7   0   4 0.04  0.0    0 10.0 18  30   M    M   9 1      24  20
14  89  62  76   0   0  11 0.00  0.0    0  5.3 12  20   M    M   1        14 110
15  93  67  80   5   0  15 0.00  0.0    0  3.4 14 300   M    M   2        19 300
16  90  70  80   5   0  15    T  0.0    0  4.0 14 350   M    M   0 1      17  20
17  92  68  80   5   0  15 0.00  0.0    0  4.2 14  30   M    M   1 1      17  30
18  89  66  78   4   0  13 1.03  0.0    0  4.3 30 340   M    M   2 13     40  10
19  90  68  79   5   0  14 0.00  0.0    0  3.3 12  90   M    M   2 1      14 140
20  88  66  77   3   0  12 0.00  0.0    0  4.7 13  90   M    M   1        16  70
21  91  61  76   3   0  11 0.00  0.0    0  2.7  9 320   M    M   0        13 320
22  84  58  71  -2   0   6 0.00  0.0    0  9.8 21 360   M    M   2 8      24 350
23  85  52  69  -3   0   4 0.00  0.0    0  5.5 15  20   M    M   0        20  30
24  84  59  72   0   0   7 0.00  0.0    0  4.9 14  70   M    M   1        17  70
25  84  54  69  -3   0   4 0.00  0.0    0  3.4 16  40   M    M   0        21  20
26  83  60  72   1   0   7 0.00  0.0    0  4.2 14 100   M    M   1        18  30
27  83  62  73   2   0   8 0.00  0.0    0  4.7 10  40   M    M   5        15  60
28  80  66  73   2   0   8 0.00  0.0    0  5.8 10  40   M    M   7        14  70
29  89  66  78   8   0  13 0.00  0.0    0  5.4 16 330   M    M   6        20 320
30  88  62  75   5   0  10 0.00  0.0    0  2.3 10 350   M    M   2 1      13 350
================================================================================
SM 2651 1975         0 369  1.69     0.0 135.1          M       61
================================================================================
AV 88.4 65.8                               4.5 FASTST   M    M   2    MAX(MPH)
                                 MISC ---->  # 30 340               # 40   10
================================================================================
NOTES:
# LAST OF SEVERAL OCCURRENCES

COLUMN 17 PEAK WIND IN M.P.H.

PRELIMINARY LOCAL CLIMATOLOGICAL DATA (WS FORM: F-6) , PAGE 2

                                          STATION:  MERIDIAN
                                          MONTH:    SEPTEMBER
                                          YEAR:     2014
                                          LATITUDE:   32 19 N
                                          LONGITUDE:  88 45 W

[TEMPERATURE DATA]      [PRECIPITATION DATA]       SYMBOLS USED IN COLUMN 16

AVERAGE MONTHLY: 77.1   TOTAL FOR MONTH:   1.69    1 = FOG OR MIST
DPTR FM NORMAL:   2.3   DPTR FM NORMAL:   -1.74    2 = FOG REDUCING VISIBILITY
HIGHEST:    94 ON  7    GRTST 24HR  1.06 ON 18-19      TO 1/4 MILE OR LESS
LOWEST:     52 ON 23                               3 = THUNDER
                        SNOW, ICE PELLETS, HAIL    4 = ICE PELLETS
                        TOTAL MONTH:   0.0 INCH    5 = HAIL
                        GRTST 24HR     0.0         6 = FREEZING RAIN OR DRIZZLE
                        GRTST DEPTH:   0           7 = DUSTSTORM OR SANDSTORM:
                                                       VSBY 1/2 MILE OR LESS
                                                   8 = SMOKE OR HAZE
[NO. OF DAYS WITH]      [WEATHER - DAYS WITH]      9 = BLOWING SNOW
                                                   X = TORNADO
MAX 32 OR BELOW:   0    0.01 INCH OR MORE:   6
MAX 90 OR ABOVE:  16    0.10 INCH OR MORE:   4
MIN 32 OR BELOW:   0    0.50 INCH OR MORE:   1
MIN  0 OR BELOW:   0    1.00 INCH OR MORE:   1

[HDD (BASE 65) ]
TOTAL THIS MO.     0    CLEAR  (SCALE 0-3)  25
DPTR FM NORMAL    -7    PTCLDY (SCALE 4-7)   4
TOTAL FM JUL 1     0    CLOUDY (SCALE 8-10)  1
DPTR FM NORMAL    -7

[CDD (BASE 65) ]
TOTAL THIS MO.   369
DPTR FM NORMAL    66    [PRESSURE DATA]
TOTAL FM JAN 1  1962    HIGHEST SLP 30.24 ON 24
DPTR FM NORMAL    39    LOWEST  SLP 29.84 ON 30

[REMARKS]
#FINAL-09-14#
