000
CXUS54 KLZK 291130
CF6MEZ
PRELIMINARY LOCAL CLIMATOLOGICAL DATA (WS FORM: F-6)

                                          STATION:   Mena Airport
                                          MONTH:     MAY
                                          YEAR:      2016
                                          LATITUDE:   34  9 N
                                          LONGITUDE:  94 15 W

  TEMPERATURE IN F:       :PCPN:    SNOW:  WIND      :SUNSHINE: SKY     :PK WND
================================================================================
1   2   3   4   5  6A  6B    7    8   9   10  11  12  13   14  15   16   17  18
                                     12Z  AVG MX 2MIN
DY MAX MIN AVG DEP HDD CDD  WTR  SNW DPTH SPD SPD DIR MIN PSBL S-S WX    SPD DR
================================================================================

 1  77  54  66   3   0   1 0.00    M    M  4.1 12 360   M    M   1         M  M
 2  64  50  57  -6   8   0 0.00    M    M  4.3 10 310   M    M   6         M  M
 3  70  43  57  -6   8   0 0.00    M    M  2.4  8 340   M    M   1         M  M
 4  81  46  64   0   1   0 0.00    M    M  8.9 21 310   M    M   0        27 290
 5  77  45  61  -3   4   0 0.00    M    M  3.2 10 300   M    M   0        17 300
 6  81  45  63  -1   2   0 0.00    M    M  0.1  4  70   M    M   0         M  M
 7  86  48  67   3   0   2 0.00    M    M  2.5  7 200   M    M   0         M  M
 8  72  66  69   4   0   4 0.00    M    M  4.6  8 190   M    M   4         M  M
 9  72  63  68   3   0   3 0.92    M    M  4.6 14 200   M    M   8 3      23 180
10  86  70  78  13   0  13 0.00    M    M  5.7 12 220   M    M   5        22 230
11  86  72  79  13   0  14 0.00    M    M  3.8 10 200   M    M   2        20 200
12  79  54  67   1   0   2 0.49    M    M  5.2 25 240   M    M   4        40 240
13  82  48  65  -1   0   0 0.00    M    M  0.9  5 330   M    M   0         M  M
14  70  54  62  -4   3   0 0.00    M    M  4.8 12  40   M    M   2         M  M
15  66  55  61  -6   4   0 0.00    M    M  4.7 14  90   M    M  10        17  90
16  72  59  66  -1   0   1 0.18    M    M  2.7  7  90   M    M  10         M  M
17  79  63  71   4   0   6 0.03    M    M  4.2 13 350   M    M   8        16 350
18  63  55  59  -8   6   0 0.00    M    M  5.9 10  40   M    M   9         M  M
19  64  54  59  -9   6   0 0.28    M    M  4.2  9  80   M    M   8         M  M
20  70  55  63  -5   2   0 0.00    M    M  1.7  6  60   M    M   8         M  M
21  81  52  67  -1   0   2 0.00    M    M  1.3  6  70   M    M   4         M  M
22  82  57  70   2   0   5 0.00    M    M  2.8  9  60   M    M   1         M  M
23  81  55  68  -1   0   3 0.38    M    M  2.1  8 280   M    M   3 3      16 120
24  82  68  75   6   0  10 0.00    M    M  3.3  7 190   M    M   7        17 190
25  88  66  77   8   0  12 2.01    M    M  3.6  8 180   M    M   7 3      17 200
26  81  73  77   8   0  12 0.01    M    M  6.1 10 180   M    M   7        20 200
27  77  64  71   1   0   6 0.00    M    M  2.2  9 160   M    M   6        18 160
28  84  64  74   4   0   9 0.00    M    M  2.5  7 230   M    M   4         M  M
================================================================================
SM 2153 1598        44 105  4.30    M    102.4          M      125
================================================================================
AV 76.9 57.1                               3.7 FASTST   M    M   4    MAX(MPH)
                                 MISC ---->    25   M                 40    M
================================================================================
NOTES:
# LAST OF SEVERAL OCCURRENCES

COLUMN 17 PEAK WIND IN M.P.H.

PRELIMINARY LOCAL CLIMATOLOGICAL DATA (WS FORM: F-6) , PAGE 2

                                          STATION:  Mena Airport
                                          MONTH:    MAY
                                          YEAR:     2016
                                          LATITUDE:   34  9 N
                                          LONGITUDE:  94 15 W

[TEMPERATURE DATA]      [PRECIPITATION DATA]       SYMBOLS USED IN COLUMN 16

AVERAGE MONTHLY: 67.0   TOTAL FOR MONTH:   4.30    1 = FOG OR MIST
DPTR FM NORMAL:   0.6   DPTR FM NORMAL:   -1.93    2 = FOG REDUCING VISIBILITY
HIGHEST:    88 ON 25    GRTST 24HR  2.01 ON 25-25      TO 1/4 MILE OR LESS
LOWEST:     43 ON  3                               3 = THUNDER
                        SNOW, ICE PELLETS, HAIL    4 = ICE PELLETS
                        TOTAL MONTH:    M          5 = HAIL
                        GRTST 24HR    M  ON   M    6 = FREEZING RAIN OR DRIZZLE
                        GRTST DEPTH:  M  ON   M    7 = DUSTSTORM OR SANDSTORM:
                                                       VSBY 1/2 MILE OR LESS
                                                   8 = SMOKE OR HAZE
[NO. OF DAYS WITH]      [WEATHER - DAYS WITH]      9 = BLOWING SNOW
                                                   X = TORNADO
MAX 32 OR BELOW:   0    0.01 INCH OR MORE:   8
MAX 90 OR ABOVE:   0    0.10 INCH OR MORE:   6
MIN 32 OR BELOW:   0    0.50 INCH OR MORE:   2
MIN  0 OR BELOW:   0    1.00 INCH OR MORE:   1

[HDD (BASE 65) ]
TOTAL THIS MO.    44    CLEAR  (SCALE 0-3)  10
DPTR FM NORMAL   -13    PTCLDY (SCALE 4-7)  13
TOTAL FM JUL 1  2323    CLOUDY (SCALE 8-10)  5
DPTR FM NORMAL -1307

[CDD (BASE 65) ]
TOTAL THIS MO.   105
DPTR FM NORMAL     8    [PRESSURE DATA]
TOTAL FM JAN 1   182    HIGHEST SLP M ON M
DPTR FM NORMAL    53    LOWEST  SLP M ON M

[REMARKS]
