000
CXUS54 KLZK 030243
CF6MEZ
PRELIMINARY LOCAL CLIMATOLOGICAL DATA (WS FORM: F-6)

                                          STATION:   Mena Airport
                                          MONTH:     AUGUST
                                          YEAR:      2015
                                          LATITUDE:   34  9 N
                                          LONGITUDE:  94 15 W

  TEMPERATURE IN F:       :PCPN:    SNOW:  WIND      :SUNSHINE: SKY     :PK WND
================================================================================
1   2   3   4   5  6A  6B    7    8   9   10  11  12  13   14  15   16   17  18
                                     12Z  AVG MX 2MIN
DY MAX MIN AVG DEP HDD CDD  WTR  SNW DPTH SPD SPD DIR MIN PSBL S-S WX    SPD DR
================================================================================

 1  99  63  81   2   0  16 0.00    M    M  2.3  8  30   M    M   0         M  M
 2  99  63  81   2   0  16 0.00    M    M  1.6  8  80   M    M   0         M  M
 3  99  64  82   3   0  17 0.00    M    M  2.3 10  40   M    M   1        16  40
 4  97  68  83   4   0  18 0.01    M    M  0.8  9 260   M    M   2        16 260
 5 100  72  86   7   0  21 0.00    M    M  5.0 12 250   M    M   3        18 230
 6 106  73  90  11   0  25 0.15    M    M  5.3 14 250   M    M   2 3      22 240
 7 106  77  92  13   0  27 0.00    M    M  5.4 12 260   M    M   1        16 260
 8 104  84  94  15   0  29 0.00    M    M  5.3 10  90   M    M   1        16 270
 9 108  75  92  13   0  27 0.00    M    M  2.3  9 220   M    M   1        16 250
10 102  70  86   7   0  21 0.00    M    M  3.4 13  20   M    M   2 3      17 290
11 100  72  86   7   0  21 0.00    M    M  3.5 12  10   M    M   1        17 350
12  93  66  80   1   0  15 0.00    M    M  3.8  9  40   M    M   1         M  M
13  93  63  78  -1   0  13 0.00    M    M  2.8  8  70   M    M   0         M  M
14  95  61  78  -1   0  13 0.00    M    M  2.7 12  70   M    M   1         M  M
15  95  61  78  -1   0  13 0.00    M    M  3.8 12  70   M    M   0        18  80
16  97  64  81   2   0  16 0.00    M    M  2.4  9  90   M    M   2         M  M
17  95  68  82   4   0  17 0.00    M    M  1.5  7 150   M    M   1         M  M
18  97  70  84   6   0  19 0.00    M    M  3.1  8 180   M    M   2        16 180
19  82  63  73  -5   0   8 2.31    M    M  4.5  9 350   M    M   6 3      16 210
20  81  57  69  -9   0   4 0.00    M    M  2.2  8  80   M    M   2         M  M
21  90  68  79   1   0  14 0.00    M    M  2.0  6 130   M    M   5         M  M
22  84  70  77  -1   0  12 1.47    M    M  1.6  7 340   M    M   5 3      17 340
23  84  70  77  -1   0  12 0.08    M    M  3.3 13 260   M    M   6        30 360
24  86  72  79   1   0  14 0.05    M    M  1.9  7  60   M    M   8 3       M  M
25  88  59  74  -3   0   9 0.00    M    M  2.5  8  50   M    M   3         M  M
26  90  57  74  -3   0   9 0.00    M    M  1.0  6 100   M    M   0         M  M
27  82  59  71  -6   0   6 0.00    M    M  0.8  5 110   M    M   1         M  M
28  88  59  74  -3   0   9 0.00    M    M  0.8  5 130   M    M   2         M  M
29  88  70  79   2   0  14 0.03    M    M  0.8  5 250   M    M   3 3       M  M
30  95  70  83   7   0  18 0.00    M    M  2.3 14 280   M    M   2 3       M  M
31  95  68  82   6   0  17 0.00    M    M  1.7  6  70   M    M   2 3       M  M
================================================================================
SM 2918 2076         0 490  4.10    M     82.7          M       66
================================================================================
AV 94.1 67.0                               2.7 FASTST   M    M   2    MAX(MPH)
                                 MISC ---->    14   M                 30    M
================================================================================
NOTES:
# LAST OF SEVERAL OCCURRENCES

COLUMN 17 PEAK WIND IN M.P.H.

PRELIMINARY LOCAL CLIMATOLOGICAL DATA (WS FORM: F-6) , PAGE 2

                                          STATION:  Mena Airport
                                          MONTH:    AUGUST
                                          YEAR:     2015
                                          LATITUDE:   34  9 N
                                          LONGITUDE:  94 15 W

[TEMPERATURE DATA]      [PRECIPITATION DATA]       SYMBOLS USED IN COLUMN 16

AVERAGE MONTHLY: 80.5   TOTAL FOR MONTH:   4.10    1 = FOG OR MIST
DPTR FM NORMAL:   2.3   DPTR FM NORMAL:    1.40    2 = FOG REDUCING VISIBILITY
HIGHEST:   108 ON  9    GRTST 24HR  2.31 ON 19-19      TO 1/4 MILE OR LESS
LOWEST:     57 ON 26,20                            3 = THUNDER
                        SNOW, ICE PELLETS, HAIL    4 = ICE PELLETS
                        TOTAL MONTH:    M          5 = HAIL
                        GRTST 24HR    M  ON   M    6 = FREEZING RAIN OR DRIZZLE
                        GRTST DEPTH:  M  ON   M    7 = DUSTSTORM OR SANDSTORM:
                                                       VSBY 1/2 MILE OR LESS
                                                   8 = SMOKE OR HAZE
[NO. OF DAYS WITH]      [WEATHER - DAYS WITH]      9 = BLOWING SNOW
                                                   X = TORNADO
MAX 32 OR BELOW:   0    0.01 INCH OR MORE:   7
MAX 90 OR ABOVE:  22    0.10 INCH OR MORE:   3
MIN 32 OR BELOW:   0    0.50 INCH OR MORE:   2
MIN  0 OR BELOW:   0    1.00 INCH OR MORE:   2

[HDD (BASE 65) ]
TOTAL THIS MO.     0    CLEAR  (SCALE 0-3)  24
DPTR FM NORMAL    -1    PTCLDY (SCALE 4-7)   6
TOTAL FM JUL 1     0    CLOUDY (SCALE 8-10)  1
DPTR FM NORMAL    -1

[CDD (BASE 65) ]
TOTAL THIS MO.   490
DPTR FM NORMAL    79    [PRESSURE DATA]
TOTAL FM JAN 1  1814    HIGHEST SLP M ON M
DPTR FM NORMAL   553    LOWEST  SLP M ON M

[REMARKS]
#FINAL-08-15#
