000
CXUS53 KGRB 250740
CF6MFI
PRELIMINARY LOCAL CLIMATOLOGICAL DATA (WS FORM: F-6)

                                          STATION:   MARSHFIELD WI
                                          MONTH:     MAY
                                          YEAR:      2017
                                          LATITUDE:   44 37 N
                                          LONGITUDE:  90 11 W

  TEMPERATURE IN F:       :PCPN:    SNOW:  WIND      :SUNSHINE: SKY     :PK WND
================================================================================
1   2   3   4   5  6A  6B    7    8   9   10  11  12  13   14  15   16   17  18
                                     12Z  AVG MX 2MIN
DY MAX MIN AVG DEP HDD CDD  WTR  SNW DPTH SPD SPD DIR MIN PSBL S-S WX    SPD DR
================================================================================

 1  44  33  39 -12  26   0 0.43  0.0    0  9.1 24  30   M    M  10 1      28  30
 2  51  35  43  -9  22   0    T    M    0 13.9 25 340   M    M   8 1      32 360
 3  64  34  49  -3  16   0 0.00  0.0    0  5.5 15 210   M    M   1        18 210
 4  66  38  52   0  13   0 0.00  0.0    0  7.1 20  20   M    M   3        27  30
 5  67  41  54   2  11   0 0.06  0.0    0  6.8 16 340   M    M   3 1      21 320
 6  62  40  51  -2  14   0 0.00  0.0    0 11.0 23 340   M    M   2        32 340
 7  59  32  46  -7  19   0 0.00  0.0    0  8.6 17 340   M    M   0        22 350
 8  62  32  47  -6  18   0 0.00  0.0    0  6.8 13 100   M    M   1        17 110
 9  58  44  51  -3  14   0    T  0.0    0  6.2 12 190   M    M   8 18     15 190
10  69  44  57   3   8   0    T  0.0    0  3.5 12 340   M    M   7 12     14 330
11  69  42  56   2   9   0 0.00  0.0    0  5.4 15 320   M    M   2 12     20  20
12  70  47  59   5   6   0    T  0.0    0  7.2 20 340   M    M   2        24 340
13  73  51  62   7   3   0    T  0.0    0  8.8 18 310   M    M   4        23 310
14  72  47  60   5   5   0 0.00  0.0    0 12.0 18 130   M    M   2        23 120
15  75  48  62   7   3   0 0.04  0.0    0 10.4 20 200   M    M   3 3      24 210
16  80  56  68  12   0   3 1.07  0.0    0 12.2 26  10   M    M   6 13     40  10
17  73  56  65   9   0   0 2.03  0.0    0  8.9 41 220   M    M   5 13     66 200
18  58  39  49  -7  16   0 0.19  0.0    0 14.2 24 340   M    M   8 1      31 350
19  53  37  45 -11  20   0 0.00  0.0    0 11.0 18  80   M    M   3        24  60
20  50  41  46 -11  19   0 0.12  0.0    0 15.4 25  80   M    M   7 1      35  80
21  55  44  50  -7  15   0 0.02  0.0    0 11.5 22 230   M    M  10 18     30 240
22  67  43  55  -2  10   0    T  0.0    0  9.7 20 260   M    M   3 18     27 250
23  59  48  54  -4  11   0 0.03  0.0    0 10.1 20  70   M    M  10 1      26  80
24  55  47  51  -7  14   0    T  0.0    0  7.7 15  50   M    M   9 18     19  50
================================================================================
SM 1511 1019       292   3  3.99     0.0 223.0          M      117
================================================================================
AV 63.0 42.5                               9.3 FASTST   M    M   5    MAX(MPH)
                                 MISC ---->  # 41 220               # 66  200
================================================================================
NOTES:
# LAST OF SEVERAL OCCURRENCES

COLUMN 17 PEAK WIND IN M.P.H.

PRELIMINARY LOCAL CLIMATOLOGICAL DATA (WS FORM: F-6) , PAGE 2

                                          STATION:  MARSHFIELD WI
                                          MONTH:    MAY
                                          YEAR:     2017
                                          LATITUDE:   44 37 N
                                          LONGITUDE:  90 11 W

[TEMPERATURE DATA]      [PRECIPITATION DATA]       SYMBOLS USED IN COLUMN 16

AVERAGE MONTHLY: 52.7   TOTAL FOR MONTH:   3.99    1 = FOG OR MIST
DPTR FM NORMAL:  -1.9   DPTR FM NORMAL:    1.99    2 = FOG REDUCING VISIBILITY
HIGHEST:    80 ON 16    GRTST 24HR  2.03 ON 17-17      TO 1/4 MILE OR LESS
LOWEST:     32 ON  8, 7                            3 = THUNDER
                        SNOW, ICE PELLETS, HAIL    4 = ICE PELLETS
                        TOTAL MONTH:   0.0 INCH    5 = HAIL
                        GRTST 24HR     0.0         6 = FREEZING RAIN OR DRIZZLE
                        GRTST DEPTH:   0           7 = DUSTSTORM OR SANDSTORM:
                                                       VSBY 1/2 MILE OR LESS
                                                   8 = SMOKE OR HAZE
[NO. OF DAYS WITH]      [WEATHER - DAYS WITH]      9 = BLOWING SNOW
                                                   X = TORNADO
MAX 32 OR BELOW:   0    0.01 INCH OR MORE:   9
MAX 90 OR ABOVE:   0    0.10 INCH OR MORE:   5
MIN 32 OR BELOW:   2    0.50 INCH OR MORE:   2
MIN  0 OR BELOW:   0    1.00 INCH OR MORE:   2

[HDD (BASE 65) ]
TOTAL THIS MO.   292    CLEAR  (SCALE 0-3)  11
DPTR FM NORMAL    33    PTCLDY (SCALE 4-7)   9
TOTAL FM JUL 1  7009    CLOUDY (SCALE 8-10)  4
DPTR FM NORMAL -1046

[CDD (BASE 65) ]
TOTAL THIS MO.     3
DPTR FM NORMAL    -4    [PRESSURE DATA]
TOTAL FM JAN 1     3    HIGHEST SLP M ON M
DPTR FM NORMAL    -5    LOWEST  SLP 29.30 ON  1

[REMARKS]
