000
CXUS53 KGRB 300645
CF6MFI
PRELIMINARY LOCAL CLIMATOLOGICAL DATA (WS FORM: F-6)

                                          STATION:   MARSHFIELD WI
                                          MONTH:     JUNE
                                          YEAR:      2015
                                          LATITUDE:   44 37 N
                                          LONGITUDE:  90 11 W

  TEMPERATURE IN F:       :PCPN:    SNOW:  WIND      :SUNSHINE: SKY     :PK WND
================================================================================
1   2   3   4   5  6A  6B    7    8   9   10  11  12  13   14  15   16   17  18
                                     12Z  AVG MX 2MIN
DY MAX MIN AVG DEP HDD CDD  WTR  SNW DPTH SPD SPD DIR MIN PSBL S-S WX    SPD DR
================================================================================

 1  67  41  54  -6  11   0 0.00  0.0    0  7.5 14 130   M    M   0        19 140
 2  73  43  58  -3   7   0 0.00  0.0    0  7.2 15 180   M    M   0        19 130
 3  76  49  63   2   2   0 0.17  0.0    0 10.1 21 170   M    M   3 13     26 170
 4  73  63  68   7   0   3 0.10  0.0    0  8.2 14 320   M    M   9 18     20 240
 5  74  55  65   3   0   0 0.00  0.0    0  8.0 16  50   M    M   5        20  60
 6  74  46  60  -2   5   0 0.03  0.0    0  9.8 18 170   M    M   1        23 170
 7  79  60  70   8   0   5 1.13  0.0    0  9.8 21 290   M    M   4 138    25 280
 8  76  57  67   5   0   2 0.30  0.0    0  7.1 25  10   M    M   3 138    33  10
 9  86  56  71   8   0   6    T  0.0    0  4.0 13 250   M    M   2 138    19 190
10  78  64  71   8   0   6 0.00  0.0    0 10.4 20 330   M    M   0        24 330
11  65  54  60  -4   5   0 0.21  0.0    0  9.5 18  80   M    M   8 1      24  80
12  76  54  65   1   0   0 0.07  0.0    0  9.5 17  80   M    M   3 1      23  70
13  65  56  61  -3   4   0 0.04  0.0    0  6.4 14 140   M    M   9 1      17 120
14  80  64  72   8   0   7 0.02  0.0    0  2.2 10 250   M    M   7 12     14 270
15  77  57  67   2   0   2 0.21  0.0    0  6.0 22 350   M    M   1 13     28 350
16  73  54  64  -1   1   0 0.00  0.0    0  5.1  8 350   M    M   3         M  M
17  78  57  68   3   0   3    T  0.0    0  7.7 16 150   M    M   3        22 140
18  79  57  68   2   0   3 0.00  0.0    0  9.7 20 350   M    M   4 18     26 360
19  74  53  64  -2   1   0 0.00  0.0    0  7.1 14 130   M    M   1        18 140
20  75  55  65  -1   0   0 0.06  0.0    0  5.0 16 120   M    M   5 1      21 120
21  80  60  70   4   0   5    T  0.0    0  6.9 17 310   M    M   2 12     22 310
22  81  59  70   4   0   5 1.35  0.0    0 11.7 23  90   M    M   3 13     31  80
23  77  56  67   0   0   2 0.00  0.0    0  9.3 17 330   M    M   0        21 300
24  80  55  68   1   0   3 0.00  0.0    0  5.1 13 250   M    M   1        15 260
25  81  60  71   4   0   6    T  0.0    0  5.0 16  20   M    M   4 1      25  30
26  78  59  69   2   0   4 0.00  0.0    0  7.1 14 150   M    M   2 18     17 140
27  80  57  69   1   0   4 0.00  0.0    0  3.4 10 120   M    M   1 18     14 110
28  71  58  65  -3   0   0 0.20  0.0    0  5.3 15 110   M    M   7 1      19 120
29  78  58  68   0   0   3 0.07  0.0    0  4.2 30 350   M    M   7 1238   40 350
================================================================================
SM 2204 1617        36  69  3.96     0.0 208.3          M       98
================================================================================
AV 76.0 55.8                               7.2 FASTST   M    M   3    MAX(MPH)
                                 MISC ---->  # 30 350               # 40  350
================================================================================
NOTES:
# LAST OF SEVERAL OCCURRENCES

COLUMN 17 PEAK WIND IN M.P.H.

PRELIMINARY LOCAL CLIMATOLOGICAL DATA (WS FORM: F-6) , PAGE 2

                                          STATION:  MARSHFIELD WI
                                          MONTH:    JUNE
                                          YEAR:     2015
                                          LATITUDE:   44 37 N
                                          LONGITUDE:  90 11 W

[TEMPERATURE DATA]      [PRECIPITATION DATA]       SYMBOLS USED IN COLUMN 16

AVERAGE MONTHLY: 65.9   TOTAL FOR MONTH:   3.96    1 = FOG OR MIST
DPTR FM NORMAL:   1.4   DPTR FM NORMAL:    0.06    2 = FOG REDUCING VISIBILITY
HIGHEST:    86 ON  9    GRTST 24HR  1.35 ON 22-22      TO 1/4 MILE OR LESS
LOWEST:     41 ON  1                               3 = THUNDER
                        SNOW, ICE PELLETS, HAIL    4 = ICE PELLETS
                        TOTAL MONTH:   0.0 INCH    5 = HAIL
                        GRTST 24HR     0.0         6 = FREEZING RAIN OR DRIZZLE
                        GRTST DEPTH:   0           7 = DUSTSTORM OR SANDSTORM:
                                                       VSBY 1/2 MILE OR LESS
                                                   8 = SMOKE OR HAZE
[NO. OF DAYS WITH]      [WEATHER - DAYS WITH]      9 = BLOWING SNOW
                                                   X = TORNADO
MAX 32 OR BELOW:   0    0.01 INCH OR MORE:  14
MAX 90 OR ABOVE:   0    0.10 INCH OR MORE:   8
MIN 32 OR BELOW:   0    0.50 INCH OR MORE:   2
MIN  0 OR BELOW:   0    1.00 INCH OR MORE:   2

[HDD (BASE 65) ]
TOTAL THIS MO.    36    CLEAR  (SCALE 0-3)  17
DPTR FM NORMAL   -49    PTCLDY (SCALE 4-7)  10
TOTAL FM JUL 1  8228    CLOUDY (SCALE 8-10)  2
DPTR FM NORMAL    41

[CDD (BASE 65) ]
TOTAL THIS MO.    69
DPTR FM NORMAL     1    [PRESSURE DATA]
TOTAL FM JAN 1    92    HIGHEST SLP M ON M
DPTR FM NORMAL     8    LOWEST  SLP 29.50 ON M

[REMARKS]
