000
CXUS51 KPBZ 190904
CF6MGW
PRELIMINARY LOCAL CLIMATOLOGICAL DATA (WS FORM: F-6)

                                          STATION:   MORGANTOWN WV
                                          MONTH:     FEBRUARY
                                          YEAR:      2017
                                          LATITUDE:   39 39 N
                                          LONGITUDE:  79 55 W

  TEMPERATURE IN F:       :PCPN:    SNOW:  WIND      :SUNSHINE: SKY     :PK WND
================================================================================
1   2   3   4   5  6A  6B    7    8   9   10  11  12  13   14  15   16   17  18
                                     12Z  AVG MX 2MIN
DY MAX MIN AVG DEP HDD CDD  WTR  SNW DPTH SPD SPD DIR MIN PSBL S-S WX    SPD DR
================================================================================

 1  39  33  36   4  29   0 0.08    M    M  5.4 15 230   M    M   9 18     22 230
 2  38  26  32   0  33   0 0.00  0.0    0  6.7 15 280   M    M   6        23 290
 3  29  22  26  -6  39   0    T    M    0  5.8 14 300   M    M   6        20 290
 4  31  12  22 -10  43   0 0.00  0.0    0  3.8 12 160   M    M   0        17 220
 5  47  25  36   4  29   0 0.00  0.0    0  7.8 14 200   M    M   9        23 220
 6  58  28  43  10  22   0 0.00    M    M  4.4 13 210   M    M   2        23 220
 7  69  52  61  28   4   0 0.84    M    M  9.0 21 200   M    M   9 13     35 210
 8  56  32  44  11  21   0 0.26    M    0  7.6 15 360   M    M   9 1      23 300
 9  32  17  25  -8  40   0 0.22    M    M  8.5 18 290   M    M  10 18     30 290
10  47  13  30  -3  35   0    T    M    0  5.4 10 200   M    M   6 1      18 190
11  60  46  53  20  12   0 0.00  0.0    0  5.8 13 220   M    M   1        20 210
12  63  37  50  16  15   0 0.32    M    0  7.8 25 280   M    M   9 18     41 260
13  42  26  34   0  31   0 0.00  0.0    0  8.3 18 290   M    M   5        30 290
14  49  25  37   3  28   0 0.00  0.0    0  7.0 17 220   M    M   2        25 220
15  41  25  33  -1  32   0 0.01    M    0  8.3 15 280   M    M   8 8      29 320
16  35  23  29  -5  36   0 0.01    M    0  5.7 13 290   M    M   7 8      21 290
17  57  23  40   6  25   0 0.00  0.0    0  3.4 13 220   M    M   4        20 220
18  67  46  57  22   8   0    T    M    0  8.1 17 220   M    M   2        30 220
================================================================================
SM  860  511       482   0  1.74     0.0 118.8          M      104
================================================================================
AV 47.8 28.4                               6.6 FASTST   M    M   6    MAX(MPH)
                                 MISC ---->  # 25 280               # 41  260
================================================================================
NOTES:
# LAST OF SEVERAL OCCURRENCES

COLUMN 17 PEAK WIND IN M.P.H.

PRELIMINARY LOCAL CLIMATOLOGICAL DATA (WS FORM: F-6) , PAGE 2

                                          STATION:  MORGANTOWN WV
                                          MONTH:    FEBRUARY
                                          YEAR:     2017
                                          LATITUDE:   39 39 N
                                          LONGITUDE:  79 55 W

[TEMPERATURE DATA]      [PRECIPITATION DATA]       SYMBOLS USED IN COLUMN 16

AVERAGE MONTHLY: 38.1   TOTAL FOR MONTH:   1.74    1 = FOG OR MIST
DPTR FM NORMAL:   4.9   DPTR FM NORMAL:    0.11    2 = FOG REDUCING VISIBILITY
HIGHEST:    69 ON  7    GRTST 24HR  0.84 ON  7- 7      TO 1/4 MILE OR LESS
LOWEST:     12 ON  4                               3 = THUNDER
                        SNOW, ICE PELLETS, HAIL    4 = ICE PELLETS
                        TOTAL MONTH:   0.0 INCH    5 = HAIL
                        GRTST 24HR     0.0         6 = FREEZING RAIN OR DRIZZLE
                        GRTST DEPTH:   0           7 = DUSTSTORM OR SANDSTORM:
                                                       VSBY 1/2 MILE OR LESS
                                                   8 = SMOKE OR HAZE
[NO. OF DAYS WITH]      [WEATHER - DAYS WITH]      9 = BLOWING SNOW
                                                   X = TORNADO
MAX 32 OR BELOW:   3    0.01 INCH OR MORE:   7
MAX 90 OR ABOVE:   0    0.10 INCH OR MORE:   4
MIN 32 OR BELOW:  13    0.50 INCH OR MORE:   1
MIN  0 OR BELOW:   0    1.00 INCH OR MORE:   0

[HDD (BASE 65) ]
TOTAL THIS MO.   482    CLEAR  (SCALE 0-3)   5
DPTR FM NORMAL   -90    PTCLDY (SCALE 4-7)   7
TOTAL FM JUL 1  2887    CLOUDY (SCALE 8-10)  6
DPTR FM NORMAL  -712

[CDD (BASE 65) ]
TOTAL THIS MO.     0
DPTR FM NORMAL     0    [PRESSURE DATA]
TOTAL FM JAN 1     0    HIGHEST SLP M ON M
DPTR FM NORMAL     0    LOWEST  SLP 29.49 ON  7

[REMARKS]
