000
CXUS53 KTOP 310800
CF6MHK
PRELIMINARY LOCAL CLIMATOLOGICAL DATA (WS FORM: F-6)

                                          STATION:   Manhattan KS
                                          MONTH:     AUGUST
                                          YEAR:      2015
                                          LATITUDE:   39  9 N
                                          LONGITUDE:  96 40 W

  TEMPERATURE IN F:       :PCPN:    SNOW:  WIND      :SUNSHINE: SKY     :PK WND
================================================================================
1   2   3   4   5  6A  6B    7    8   9   10  11  12  13   14  15   16   17  18
                                     12Z  AVG MX 2MIN
DY MAX MIN AVG DEP HDD CDD  WTR  SNW DPTH SPD SPD DIR MIN PSBL S-S WX    SPD DR
================================================================================

 1  94  68  81   2   0  16 0.00    M    M  3.7 10 220   M    M   1        14 230
 2  96  72  84   5   0  19 0.00    M    M  8.5 18 220   M    M   0        23 210
 3  96  70  83   4   0  18 0.00    M    M  4.1 12 120   M    M   0        15 170
 4  90  71  81   2   0  16 0.37    M    M  3.4 24 170   M    M   4 13     31 170
 5  84  69  77  -2   0  12 0.21    M    M  4.7 12  60   M    M   5 13     14  60
 6  85  64  75  -4   0  10 0.00    M    M  4.6 14 180   M    M   3 1      19 170
 7  92  68  80   1   0  15 0.00    M    M  3.6 13  70   M    M   1 1      16 100
 8  95  69  82   4   0  17 1.03    M    M  9.2 22 160   M    M   1 13     43 270
 9  94  76  85   7   0  20 0.02    M    M  2.3 14 230   M    M   0 1      17 230
10  88  71  80   2   0  15 0.00    M    M  5.2 14  30   M    M   2 1      22  30
11  85  62  74  -4   0   9 0.00    M    M  3.5 12  50   M    M   0        16  70
12  87  59  73  -5   0   8 0.00    M    M  2.2  8 140   M    M   0 1      11 160
13  89  60  75  -3   0  10 0.00    M    M  4.2 15 160   M    M   0 8      20 220
14  90  68  79   1   0  14 0.00    M    M  4.6 13 120   M    M   1        16 110
15  91  63  77  -1   0  12 0.00    M    M  5.5 15 160   M    M   0        20 150
16  93  63  78   1   0  13 0.00    M    M  5.4 16 160   M    M   0        22 180
17  90  65  78   1   0  13 0.00    M    M  4.0 13 200   M    M   1        17 210
18  86  62  74  -3   0   9 0.54    M    M  8.3 24 220   M    M   6 13     32 230
19  76  54  65 -12   0   0 0.00    M    M  3.8 14 280   M    M   0        25 280
20  85  51  68  -9   0   3 0.00    M    M  6.9 18 210   M    M   0        25 180
21  88  58  73  -3   0   8 0.00    M    M 10.8 22 170   M    M   2        29 180
22  93  67  80   4   0  15 0.62    M    M  9.0 22  60   M    M   4 13     30  20
23  77  54  66 -10   0   1 0.12    M    M  3.9 16  40   M    M   2 13     21  30
24  83  49  66 -10   0   1 0.00    M    M  1.6 12 230   M    M   0        15 230
25  86  51  69  -7   0   4    T    M    M  1.6 12 230   M    M   0        14 230
26  89  54  72  -3   0   7 0.00    M    M  4.8 16 150   M    M   0 1      19 110
27  92  69  81   6   0  16 0.02    M    M  9.9 26 170   M    M   1 1      33 180
28  88  68  78   3   0  13 0.42    M    M  9.0 22 210   M    M   5 1      29 210
29  74  62  68  -6   0   3 0.00    M    M  4.3 10  20   M    M   8 1      14  30
30  82  60  71  -3   0   6 0.00    M    M  1.9 13 100   M    M   6 12     15 110
================================================================================
SM 2638 1897         0 323  3.35    M    154.5          M       53
================================================================================
AV 87.9 63.2                               5.2 FASTST   M    M   2    MAX(MPH)
                                 MISC ---->  # 26 170               # 43  270
================================================================================
NOTES:
# LAST OF SEVERAL OCCURRENCES

COLUMN 17 PEAK WIND IN M.P.H.

PRELIMINARY LOCAL CLIMATOLOGICAL DATA (WS FORM: F-6) , PAGE 2

                                          STATION:  Manhattan KS
                                          MONTH:    AUGUST
                                          YEAR:     2015
                                          LATITUDE:   39  9 N
                                          LONGITUDE:  96 40 W

[TEMPERATURE DATA]      [PRECIPITATION DATA]       SYMBOLS USED IN COLUMN 16

AVERAGE MONTHLY: 75.6   TOTAL FOR MONTH:   3.35    1 = FOG OR MIST
DPTR FM NORMAL:  -1.6   DPTR FM NORMAL:   -0.76    2 = FOG REDUCING VISIBILITY
HIGHEST:    96 ON  3, 2 GRTST 24HR  1.03 ON  8- 8      TO 1/4 MILE OR LESS
LOWEST:     49 ON 24                               3 = THUNDER
                        SNOW, ICE PELLETS, HAIL    4 = ICE PELLETS
                        TOTAL MONTH:    M          5 = HAIL
                        GRTST 24HR    M  ON   M    6 = FREEZING RAIN OR DRIZZLE
                        GRTST DEPTH:  M  ON   M    7 = DUSTSTORM OR SANDSTORM:
                                                       VSBY 1/2 MILE OR LESS
                                                   8 = SMOKE OR HAZE
[NO. OF DAYS WITH]      [WEATHER - DAYS WITH]      9 = BLOWING SNOW
                                                   X = TORNADO
MAX 32 OR BELOW:   0    0.01 INCH OR MORE:   9
MAX 90 OR ABOVE:  13    0.10 INCH OR MORE:   7
MIN 32 OR BELOW:   0    0.50 INCH OR MORE:   3
MIN  0 OR BELOW:   0    1.00 INCH OR MORE:   1

[HDD (BASE 65) ]
TOTAL THIS MO.     0    CLEAR  (SCALE 0-3)  22
DPTR FM NORMAL     0    PTCLDY (SCALE 4-7)   7
TOTAL FM JUL 1     0    CLOUDY (SCALE 8-10)  1
DPTR FM NORMAL    -1

[CDD (BASE 65) ]
TOTAL THIS MO.   323
DPTR FM NORMAL   -45    [PRESSURE DATA]
TOTAL FM JAN 1  1245    HIGHEST SLP M ON M
DPTR FM NORMAL    71    LOWEST  SLP 29.64 ON 18

[REMARKS]
