000
CXUS53 KTOP 280200
CF6MHK
PRELIMINARY LOCAL CLIMATOLOGICAL DATA (WS FORM: F-6)

                                          STATION:   Manhattan KS
                                          MONTH:     FEBRUARY
                                          YEAR:      2015
                                          LATITUDE:   39  9 N
                                          LONGITUDE:  96 40 W

  TEMPERATURE IN F:       :PCPN:    SNOW:  WIND      :SUNSHINE: SKY     :PK WND
================================================================================
1   2   3   4   5  6A  6B    7    8   9   10  11  12  13   14  15   16   17  18
                                     12Z  AVG MX 2MIN
DY MAX MIN AVG DEP HDD CDD  WTR  SNW DPTH SPD SPD DIR MIN PSBL S-S WX    SPD DR
================================================================================

 1  35   7  21  -9  44   0 0.20    M    M 10.3 21 330   M    M  10 12     36 330
 2  30   0  15 -15  50   0 0.00    M    M  6.5 18 210   M    M   0        23 210
 3  53  16  35   5  30   0 0.00    M    M  6.2 24 220   M    M   0        30 210
 4  35   6  21 -10  44   0 0.02    M    M 12.1 25  20   M    M   4 12     33  20
 5  36   2  19 -12  46   0 0.00    M    M  6.8 21 210   M    M   1        28 210
 6  60  30  45  14  20   0 0.00    M    M 11.1 22 210   M    M   0        27 210
 7  73  31  52  21  13   0 0.00    M    M  9.1 17 220   M    M   0 1      23 230
 8  70  37  54  23  11   0 0.00    M    M  5.7 13 240   M    M   0        19 290
 9  43  32  38   6  27   0 0.00    M    M  5.5 14  30   M    M   7 18     17  40
10  50  29  40   8  25   0 0.00    M    M  5.3 15 150   M    M   2 18     18 160
11  38  21  30  -2  35   0 0.00    M    M  6.3 18  20   M    M   4 1      28  30
12  31  12  22 -10  43   0 0.00    M    M  7.9 20  30   M    M   3        27  10
13  56  20  38   6  27   0 0.00    M    M  3.4 13 350   M    M   0        19 350
14  42  20  31  -2  34   0 0.00    M    M 13.5 30  40   M    M   0        36  40
15  22  14  18 -15  47   0 0.17    M    M 11.8 20  70   M    M   6 1      25  90
16  34  14  24  -9  41   0    T    M    M  3.0  7 240   M    M   7 1       9 230
17  36   8  22 -11  43   0 0.06    M    M  4.3 16  10   M    M   5 128    25  10
18  22   5  14 -20  51   0 0.00    M    M  5.4 13 330   M    M   0        20 320
19  26   9  18 -16  47   0 0.00    M    M  6.8 17 120   M    M   6 8      21 120
20  37  12  25  -9  40   0    T    M    M  4.6 12  60   M    M   4 18     14  60
21  50  24  37   2  28   0 0.02    M    M  8.0 23  40   M    M   4 18     31  40
22  26  15  21 -14  44   0    T    M    M 13.1 22  30   M    M   7 8      28  20
23  26   9  18 -17  47   0 0.00    M    M  5.5 17  40   M    M   2        21  40
24  52  14  33  -3  32   0 0.00    M    M  6.9 17 230   M    M   0        23 230
25  58  19  39   3  26   0 0.01    M    M  8.8 22  10   M    M   4 1      32 350
26  21   6  14 -22  51   0    T    M    M 11.0 22  20   M    M   2        33  20
================================================================================
SM 1062  412       946   0  0.48    M    198.9          M       78
================================================================================
AV 40.8 15.8                               7.7 FASTST   M    M   3    MAX(MPH)
                                 MISC ---->  # 30  40               # 36  330
================================================================================
NOTES:
# LAST OF SEVERAL OCCURRENCES

COLUMN 17 PEAK WIND IN M.P.H.

PRELIMINARY LOCAL CLIMATOLOGICAL DATA (WS FORM: F-6) , PAGE 2

                                          STATION:  Manhattan KS
                                          MONTH:    FEBRUARY
                                          YEAR:     2015
                                          LATITUDE:   39  9 N
                                          LONGITUDE:  96 40 W

[TEMPERATURE DATA]      [PRECIPITATION DATA]       SYMBOLS USED IN COLUMN 16

AVERAGE MONTHLY: 28.3   TOTAL FOR MONTH:   0.48    1 = FOG OR MIST
DPTR FM NORMAL:  -4.4   DPTR FM NORMAL:   -0.51    2 = FOG REDUCING VISIBILITY
HIGHEST:    73 ON  7    GRTST 24HR  0.88 ON 31- 1      TO 1/4 MILE OR LESS
LOWEST:      0 ON  2                               3 = THUNDER
                        SNOW, ICE PELLETS, HAIL    4 = ICE PELLETS
                        TOTAL MONTH:    M          5 = HAIL
                        GRTST 24HR    M  ON   M    6 = FREEZING RAIN OR DRIZZLE
                        GRTST DEPTH:  M  ON   M    7 = DUSTSTORM OR SANDSTORM:
                                                       VSBY 1/2 MILE OR LESS
                                                   8 = SMOKE OR HAZE
[NO. OF DAYS WITH]      [WEATHER - DAYS WITH]      9 = BLOWING SNOW
                                                   X = TORNADO
MAX 32 OR BELOW:   8    0.01 INCH OR MORE:   6
MAX 90 OR ABOVE:   0    0.10 INCH OR MORE:   2
MIN 32 OR BELOW:  25    0.50 INCH OR MORE:   0
MIN  0 OR BELOW:   1    1.00 INCH OR MORE:   0

[HDD (BASE 65) ]
TOTAL THIS MO.   946    CLEAR  (SCALE 0-3)  13
DPTR FM NORMAL   108    PTCLDY (SCALE 4-7)  12
TOTAL FM JUL 1  4093    CLOUDY (SCALE 8-10)  1
DPTR FM NORMAL   -11

[CDD (BASE 65) ]
TOTAL THIS MO.     0
DPTR FM NORMAL     0    [PRESSURE DATA]
TOTAL FM JAN 1     0    HIGHEST SLP M ON M
DPTR FM NORMAL     0    LOWEST  SLP 29.62 ON  7

[REMARKS]
