000
CXUS53 KMPX 241000
CF6MIC
PRELIMINARY LOCAL CLIMATOLOGICAL DATA (WS FORM: F-6)

                                          STATION:   MINNEAPOLIS CRYSTAL MN
                                          MONTH:     MAY
                                          YEAR:      2016
                                          LATITUDE:   45  4 N
                                          LONGITUDE:  93 21 W

  TEMPERATURE IN F:       :PCPN:    SNOW:  WIND      :SUNSHINE: SKY     :PK WND
================================================================================
1   2   3   4   5  6A  6B    7    8   9   10  11  12  13   14  15   16   17  18
                                     12Z  AVG MX 2MIN
DY MAX MIN AVG DEP HDD CDD  WTR  SNW DPTH SPD SPD DIR MIN PSBL S-S WX    SPD DR
================================================================================

 1  64  41  53   0  12   0 0.00    M    M  8.0 15  50   M    M   1        25  20
 2  68  36  52  -2  13   0 0.00    M    M  2.4 10 300   M    M   0        13 270
 3  75  47  61   7   4   0    T    M    M 12.2 26 270   M    M   2        35 360
 4  68  43  56   2   9   0 0.00    M    M  9.0 22 350   M    M   0        29 330
 5  79  40  60   5   5   0    T    M    M  7.0 16 210   M    M   1        23 220
 6  93  63  78  23   0  13 0.00    M    M 12.3 25 360   M    M   0 8      34 360
 7  71  46  59   3   6   0 0.00    M    M 10.5 24 360   M    M   2 8      33 350
 8  75  42  59   3   6   0 0.00    M    M  3.3 14 140   M    M   0        21 180
 9  70  51  61   5   4   0 0.34    M    M  9.3 25 130   M    M   5        37 110
10  58  50  54  -2  11   0 0.36    M    M  8.5 17 110   M    M   9 18     26 100
11  56  48  52  -5  13   0 0.12    M    M  4.8 10 220   M    M  10 128    15 130
12  59  48  54  -3  11   0 0.00    M    M 10.7 20 280   M    M   7 128    27 280
13  51  40  46 -12  19   0 0.16    M    M 13.3 26 300   M    M   8 1      34 290
14  54  34  44 -14  21   0 0.00    M    M 12.2 24 300   M    M   3        33 320
15  67  31  49  -9  16   0 0.00    M    M  8.8 21 270   M    M   3        32 270
16  65  43  54  -4  11   0    T    M    M  5.7 23 270   M    M   2        33 250
17  65  42  54  -5  11   0 0.00    M    M  4.4 17  20   M    M   3        23  30
18  70  37  54  -5  11   0 0.00    M    M  1.4 10 170   M    M   0        13 150
19  75  43  59   0   6   0 0.00    M    M  7.0 16 200   M    M   2        21 200
20  75  48  62   2   3   0 0.00    M    M  4.9 17 150   M    M   2        24 150
21  80  43  62   2   3   0 0.00    M    M  1.5 12  80   M    M   1 18     16 130
22  84  47  66   6   0   1 0.00    M    M  9.2 22 160   M    M   0 8      32 150
23  82  62  72  11   0   7 0.48    M    M 13.0 25 150   M    M   5 13     33 150
================================================================================
SM 1604 1025       195  21  1.46    M    179.4          M       66
================================================================================
AV 69.7 44.6                               7.8 FASTST   M    M   3    MAX(MPH)
                                 MISC ---->  # 26 270               # 37  110
================================================================================
NOTES:
# LAST OF SEVERAL OCCURRENCES

COLUMN 17 PEAK WIND IN M.P.H.

PRELIMINARY LOCAL CLIMATOLOGICAL DATA (WS FORM: F-6) , PAGE 2

                                          STATION:  MINNEAPOLIS CRYSTAL MN
                                          MONTH:    MAY
                                          YEAR:     2016
                                          LATITUDE:   45  4 N
                                          LONGITUDE:  93 21 W

[TEMPERATURE DATA]      [PRECIPITATION DATA]       SYMBOLS USED IN COLUMN 16

AVERAGE MONTHLY: 57.2   TOTAL FOR MONTH:   1.46    1 = FOG OR MIST
DPTR FM NORMAL:   0.1   DPTR FM NORMAL:   -1.38    2 = FOG REDUCING VISIBILITY
HIGHEST:    93 ON  6    GRTST 24HR  0.70 ON  9-10      TO 1/4 MILE OR LESS
LOWEST:     31 ON 15                               3 = THUNDER
                        SNOW, ICE PELLETS, HAIL    4 = ICE PELLETS
                        TOTAL MONTH:    M          5 = HAIL
                        GRTST 24HR    M  ON   M    6 = FREEZING RAIN OR DRIZZLE
                        GRTST DEPTH:  M  ON   M    7 = DUSTSTORM OR SANDSTORM:
                                                       VSBY 1/2 MILE OR LESS
                                                   8 = SMOKE OR HAZE
[NO. OF DAYS WITH]      [WEATHER - DAYS WITH]      9 = BLOWING SNOW
                                                   X = TORNADO
MAX 32 OR BELOW:   0    0.01 INCH OR MORE:   5
MAX 90 OR ABOVE:   1    0.10 INCH OR MORE:   5
MIN 32 OR BELOW:   1    0.50 INCH OR MORE:   0
MIN  0 OR BELOW:   0    1.00 INCH OR MORE:   0

[HDD (BASE 65) ]
TOTAL THIS MO.   195    CLEAR  (SCALE 0-3)  16
DPTR FM NORMAL    -7    PTCLDY (SCALE 4-7)   5
TOTAL FM JUL 1  6294    CLOUDY (SCALE 8-10)  2
DPTR FM NORMAL -1345

[CDD (BASE 65) ]
TOTAL THIS MO.    21
DPTR FM NORMAL     3    [PRESSURE DATA]
TOTAL FM JAN 1    32    HIGHEST SLP M ON M
DPTR FM NORMAL    11    LOWEST  SLP 29.68 ON  6

[REMARKS]
