000
CXUS53 KDMX 300920
CF6MIW
PRELIMINARY LOCAL CLIMATOLOGICAL DATA (WS FORM: F-6)

                                          STATION:   MARSHALLTOWN IA
                                          MONTH:     MARCH
                                          YEAR:      2015
                                          LATITUDE:   42  6 N
                                          LONGITUDE:  92 55 W

  TEMPERATURE IN F:       :PCPN:    SNOW:  WIND      :SUNSHINE: SKY     :PK WND
================================================================================
1   2   3   4   5  6A  6B    7    8   9   10  11  12  13   14  15   16   17  18
                                     12Z  AVG MX 2MIN
DY MAX MIN AVG DEP HDD CDD  WTR  SNW DPTH SPD SPD DIR MIN PSBL S-S WX    SPD DR
================================================================================

 1  26  10  18 -10  47   0 0.00  0.0    M  8.7 17 260   M    M   3 1      21 270
 2  25   5  15 -14  50   0 0.00  0.0    M  7.7 17 140   M    M   4 1      22 130
 3  33  10  22  -8  43   0    M    M    M 18.0 30 310   M    M   8 1      35 310
 4  20   0  10 -20  55   0    T    M    M 11.7 24 320   M    M   4 18     29 310
 5  13 -11   1 -29  64   0 0.00  0.0    M  6.4 10 140   M    M   0        14 150
 6  43   4  24  -7  41   0 0.00  0.0    M  9.0 17 230   M    M   3        22 230
 7  45  27  36   4  29   0 0.00  0.0    M  8.0 21 310   M    M   2        24 310
 8  49  28  39   7  26   0 0.00  0.0    M  4.4 12 170   M    M   3 1      14 180
 9  53  27  40   7  25   0 0.00  0.0    M  6.3 15 190   M    M   0        18 180
10  63  29  46  13  19   0 0.00  0.0    M  6.0 13 340   M    M   0 128    17 210
11  58  33  46  12  19   0 0.00  0.0    M  7.4 13 140   M    M   0        16 130
12  64  34  49  15  16   0 0.00  0.0    M 13.3 20 150   M    M   0 18     26 160
13  69  32  51  16  14   0 0.00  0.0    M 10.1 20 330   M    M   3 128    23 330
14  62  31  47  12  18   0 0.00  0.0    M  9.5 18 300   M    M   0 1      23 320
15  70  29  50  14  15   0 0.00  0.0    M 11.3 30 220   M    M   0        39 230
16  82  42  62  26   3   0 0.00  0.0    M 17.3 30 350   M    M   1        38 240
17  47  33  40   3  25   0 0.00  0.0    M 12.3 28 360   M    M   1        35 360
18  50  32  41   4  24   0 0.00  0.0    0  7.8 15  90   M    M   7        18 120
19  46  30  38   0  27   0 0.00  0.0    0  8.1 16 140   M    M   8        20 150
20  61  27  44   6  21   0 0.00  0.0    0  9.5 17 220   M    M   1 1      22 220
21  54  32  43   4  22   0 0.00  0.0    0  9.5 17  30   M    M   1 1      22  30
22  52  30  41   2  24   0    T  0.0    0 18.6 29 100   M    M   1        34 110
23  35  28  32  -8  33   0 0.03  0.0    0 15.0 30  90   M    M  10 16     36 100
24  36  29  33  -7  32   0 0.42    M    0 14.8 28 100   M    M  10 168    34 100
25  45  30  38  -3  27   0 0.00  0.0    0 12.5 25 290   M    M   9 12     32 290
26  44  27  36  -5  29   0 0.00  0.0    0 15.0 26 310   M    M   4        34 310
27  39  22  31 -11  34   0 0.00  0.0    0  7.5 15 350   M    M   1        19 350
28  46  17  32 -10  33   0 0.00  0.0    0 11.1 20 150   M    M   2        30 150
29  60  32  46   4  19   0 0.04  0.0    0 20.1 39 300   M    M   2 6      46 300
================================================================================
SM 1390  699       834   0  0.49     0.0 316.9          M       88
================================================================================
AV 47.9 24.1                              10.9 FASTST   M    M   3    MAX(MPH)
                                 MISC ---->  # 39 300               # 46  300
================================================================================
NOTES:
# LAST OF SEVERAL OCCURRENCES

COLUMN 17 PEAK WIND IN M.P.H.

PRELIMINARY LOCAL CLIMATOLOGICAL DATA (WS FORM: F-6) , PAGE 2

                                          STATION:  MARSHALLTOWN IA
                                          MONTH:    MARCH
                                          YEAR:     2015
                                          LATITUDE:   42  6 N
                                          LONGITUDE:  92 55 W

[TEMPERATURE DATA]      [PRECIPITATION DATA]       SYMBOLS USED IN COLUMN 16

AVERAGE MONTHLY: 36.0   TOTAL FOR MONTH:   0.49    1 = FOG OR MIST
DPTR FM NORMAL:   0.4   DPTR FM NORMAL:   -1.31    2 = FOG REDUCING VISIBILITY
HIGHEST:    82 ON 16    GRTST 24HR  0.42 ON 24-24      TO 1/4 MILE OR LESS
LOWEST:    -11 ON  5                               3 = THUNDER
                        SNOW, ICE PELLETS, HAIL    4 = ICE PELLETS
                        TOTAL MONTH:   0.0 INCH    5 = HAIL
                        GRTST 24HR     0.0         6 = FREEZING RAIN OR DRIZZLE
                        GRTST DEPTH:   0           7 = DUSTSTORM OR SANDSTORM:
                                                       VSBY 1/2 MILE OR LESS
                                                   8 = SMOKE OR HAZE
[NO. OF DAYS WITH]      [WEATHER - DAYS WITH]      9 = BLOWING SNOW
                                                   X = TORNADO
MAX 32 OR BELOW:   4    0.01 INCH OR MORE:   3
MAX 90 OR ABOVE:   0    0.10 INCH OR MORE:   1
MIN 32 OR BELOW:  25    0.50 INCH OR MORE:   0
MIN  0 OR BELOW:   2    1.00 INCH OR MORE:   0

[HDD (BASE 65) ]
TOTAL THIS MO.   834    CLEAR  (SCALE 0-3)  18
DPTR FM NORMAL   -16    PTCLDY (SCALE 4-7)   8
TOTAL FM JUL 1  6450    CLOUDY (SCALE 8-10)  3
DPTR FM NORMAL   197

[CDD (BASE 65) ]
TOTAL THIS MO.     0
DPTR FM NORMAL     0    [PRESSURE DATA]
TOTAL FM JAN 1     0    HIGHEST SLP  0.00 ON 14
DPTR FM NORMAL     0    LOWEST  SLP  0.00 ON 14

[REMARKS]
