000
CXUS55 KEAX 220736
CF6MKC
PRELIMINARY LOCAL CLIMATOLOGICAL DATA (WS FORM: F-6)

                                          STATION:   Downtown Kansas City MO
                                          MONTH:     AUGUST
                                          YEAR:      2017
                                          LATITUDE:   39  7 N
                                          LONGITUDE:  94 36 W

  TEMPERATURE IN F:       :PCPN:    SNOW:  WIND      :SUNSHINE: SKY     :PK WND
================================================================================
1   2   3   4   5  6A  6B    7    8   9   10  11  12  13   14  15   16   17  18
                                     12Z  AVG MX 2MIN
DY MAX MIN AVG DEP HDD CDD  WTR  SNW DPTH SPD SPD DIR MIN PSBL S-S WX    SPD DR
================================================================================

 1  86  64  75  -6   0  10 0.00    M    M  2.9  9 340   M    M   1 12     12 340
 2  90  68  79  -2   0  14 0.00    M    M  3.1 10 270   M    M   0        17 320
 3  83  67  75  -6   0  10 0.00    M    M  8.3 18 330   M    M   1        24 350
 4  80  57  69 -12   0   4 0.00    M    M  5.4 15 340   M    M   0        18 350
 5  69  61  65 -16   0   0 2.68    M    M  6.9 23 360   M    M   8 13     31 130
 6  76  66  71 -10   0   6 0.01    M    M  4.6 10  20   M    M   9        26  80
 7  81  67  74  -7   0   9 0.00    M    M  5.3 13  10   M    M   3        18  30
 8  83  63  73  -8   0   8 0.00    M    M  5.2 13  50   M    M   0        19  30
 9  86  63  75  -6   0  10 0.06    M    M  5.4 16 150   M    M   2 138    20 160
10  87  72  80   0   0  15 0.23    M    M  4.0 13 260   M    M   3 13     16 250
11  83  69  76  -4   0  11 0.23    M    M  6.6 14  10   M    M   2 13     20 340
12  82  65  74  -6   0   9 0.00    M    M  5.1 12 100   M    M   0        15  50
13  81  65  73  -7   0   8 0.00    M    M  8.1 15 130   M    M   4        19 150
14  88  69  79  -1   0  14 0.00    M    M  6.8 14 160   M    M   4        17 160
15  90  73  82   2   0  17 0.00    M    M  5.4 13 110   M    M   2        19 160
16  88  70  79  -1   0  14 0.99    M    M  7.7 21 170   M    M   6 13     26 180
17  84  67  76  -4   0  11 0.00    M    M  6.5 16 250   M    M   0        22 300
18  89  67  78  -1   0  13 0.00    M    M  4.6 17 360   M    M   1 3      21 360
19  95  69  82   3   0  17 0.00    M    M  3.9 15 180   M    M   0        21 170
20  90  70  80   1   0  15 0.45    M    M  8.9 28 350   M    M   2 13     41 350
21  82  70  76  -3   0  11 2.41    M    M  8.9 31 340   M    M   5 13     44 330
================================================================================
SM 1773 1402         0 226  7.06    M    123.6          M       53
================================================================================
AV 84.4 66.8                               5.9 FASTST   M    M   3    MAX(MPH)
                                 MISC ---->  # 31 340               # 44  330
================================================================================
NOTES:
# LAST OF SEVERAL OCCURRENCES

COLUMN 17 PEAK WIND IN M.P.H.

PRELIMINARY LOCAL CLIMATOLOGICAL DATA (WS FORM: F-6) , PAGE 2

                                          STATION:  Downtown Kansas City MO
                                          MONTH:    AUGUST
                                          YEAR:     2017
                                          LATITUDE:   39  7 N
                                          LONGITUDE:  94 36 W

[TEMPERATURE DATA]      [PRECIPITATION DATA]       SYMBOLS USED IN COLUMN 16

AVERAGE MONTHLY: 75.6   TOTAL FOR MONTH:   7.06    1 = FOG OR MIST
DPTR FM NORMAL:  -4.6   DPTR FM NORMAL:    4.23    2 = FOG REDUCING VISIBILITY
HIGHEST:    95 ON 19    GRTST 24HR  2.68 ON  5- 5      TO 1/4 MILE OR LESS
LOWEST:     57 ON  4                               3 = THUNDER
                        SNOW, ICE PELLETS, HAIL    4 = ICE PELLETS
                        TOTAL MONTH:    M          5 = HAIL
                        GRTST 24HR    M  ON   M    6 = FREEZING RAIN OR DRIZZLE
                        GRTST DEPTH:  M  ON   M    7 = DUSTSTORM OR SANDSTORM:
                                                       VSBY 1/2 MILE OR LESS
                                                   8 = SMOKE OR HAZE
[NO. OF DAYS WITH]      [WEATHER - DAYS WITH]      9 = BLOWING SNOW
                                                   X = TORNADO
MAX 32 OR BELOW:   0    0.01 INCH OR MORE:   8
MAX 90 OR ABOVE:   4    0.10 INCH OR MORE:   6
MIN 32 OR BELOW:   0    0.50 INCH OR MORE:   3
MIN  0 OR BELOW:   0    1.00 INCH OR MORE:   2

[HDD (BASE 65) ]
TOTAL THIS MO.     0    CLEAR  (SCALE 0-3)  13
DPTR FM NORMAL     0    PTCLDY (SCALE 4-7)   7
TOTAL FM JUL 1     0    CLOUDY (SCALE 8-10)  1
DPTR FM NORMAL     0

[CDD (BASE 65) ]
TOTAL THIS MO.   226
DPTR FM NORMAL   -95    [PRESSURE DATA]
TOTAL FM JAN 1  1256    HIGHEST SLP  0.00 ON M
DPTR FM NORMAL   -50    LOWEST  SLP  0.00 ON M

[REMARKS]
