000
CXUS53 KMKX 180900
CF6MKE
PRELIMINARY LOCAL CLIMATOLOGICAL DATA (WS FORM: F-6)

                                          STATION:   MILWAUKEE WI
                                          MONTH:     SEPTEMBER
                                          YEAR:      2014
                                          LATITUDE:   42 57 N
                                          LONGITUDE:  87 54 W

  TEMPERATURE IN F:       :PCPN:    SNOW:  WIND      :SUNSHINE: SKY     :PK WND
================================================================================
1   2   3   4   5  6A  6B    7    8   9   10  11  12  13   14  15   16   17  18
                                     12Z  AVG MX 2MIN
DY MAX MIN AVG DEP HDD CDD  WTR  SNW DPTH SPD SPD DIR MIN PSBL S-S WX    SPD DR
================================================================================

 1  82  69  76   8   0  11 0.02  0.0    0 11.3 25 230   M    M   7 13     32 240
 2  80  62  71   3   0   6 0.00  0.0    0  5.2 15 260   M    M   5        23 250
 3  81  61  71   3   0   6 0.00  0.0    0  7.5 21 140   M    M   1        23 140
 4  85  68  77   9   0  12 0.27  0.0    0 12.6 28 190   M    M   7 13     39 200
 5  82  63  73   6   0   8    T  0.0    0 11.7 18 320   M    M   7        25 330
 6  75  57  66  -1   0   1 0.00  0.0    0  8.1 16 300   M    M   4        20 300
 7  76  55  66  -1   0   1 0.00  0.0    0  5.2 16 130   M    M   2        19 130
 8  74  58  66   0   0   1    T  0.0    0  9.2 21 130   M    M   6        24 130
 9  78  61  70   4   0   5 0.00  0.0    0  7.7 20 140   M    M   6        22 140
10  80  51  66   0   0   1 0.36  0.0    0 15.7 28 300   M    M   9 1      40 310
11  51  47  49 -16  16   0 0.00  0.0    0 10.0 20 330   M    M   9        26 330
12  50  42  46 -19  19   0 0.16  0.0    0 10.3 16 360   M    M   9 1      22 320
13  57  41  49 -15  16   0 0.00  0.0    0  7.9 18 350   M    M   5        22 350
14  64  46  55  -9  10   0 0.00  0.0    0  8.3 21 210   M    M   6        25 210
15  57  48  53 -11  12   0 0.05  0.0    0  4.5 15 340   M    M   7 1      18 340
16  65  44  55  -8  10   0 0.00  0.0    0  6.4 13 120   M    M   1        16 310
17  67  48  58  -5   7   0 0.00  0.0    0  5.0 17 130   M    M   2        19 140
================================================================================
SM 1204  921        90  52  0.86     0.0 146.6          M       93
================================================================================
AV 70.8 54.2                               8.6 FASTST   M    M   5    MAX(MPH)
                                 MISC ---->  # 28 190               # 40  310
================================================================================
NOTES:
# LAST OF SEVERAL OCCURRENCES

COLUMN 17 PEAK WIND IN M.P.H.

PRELIMINARY LOCAL CLIMATOLOGICAL DATA (WS FORM: F-6) , PAGE 2

                                          STATION:  MILWAUKEE WI
                                          MONTH:    SEPTEMBER
                                          YEAR:     2014
                                          LATITUDE:   42 57 N
                                          LONGITUDE:  87 54 W

[TEMPERATURE DATA]      [PRECIPITATION DATA]       SYMBOLS USED IN COLUMN 16

AVERAGE MONTHLY: 62.5   TOTAL FOR MONTH:   0.86    1 = FOG OR MIST
DPTR FM NORMAL:  -3.3   DPTR FM NORMAL:   -0.93    2 = FOG REDUCING VISIBILITY
HIGHEST:    85 ON  4    GRTST 24HR  0.36 ON 10-10      TO 1/4 MILE OR LESS
LOWEST:     41 ON 13                               3 = THUNDER
                        SNOW, ICE PELLETS, HAIL    4 = ICE PELLETS
                        TOTAL MONTH:   0.0 INCH    5 = HAIL
                        GRTST 24HR     0.0         6 = FREEZING RAIN OR DRIZZLE
                        GRTST DEPTH:   0           7 = DUSTSTORM OR SANDSTORM:
                                                       VSBY 1/2 MILE OR LESS
                                                   8 = SMOKE OR HAZE
[NO. OF DAYS WITH]      [WEATHER - DAYS WITH]      9 = BLOWING SNOW
                                                   X = TORNADO
MAX 32 OR BELOW:   0    0.01 INCH OR MORE:   5
MAX 90 OR ABOVE:   0    0.10 INCH OR MORE:   3
MIN 32 OR BELOW:   0    0.50 INCH OR MORE:   0
MIN  0 OR BELOW:   0    1.00 INCH OR MORE:   0

[HDD (BASE 65) ]
TOTAL THIS MO.    90    CLEAR  (SCALE 0-3)   4
DPTR FM NORMAL    49    PTCLDY (SCALE 4-7)  10
TOTAL FM JUL 1   116    CLOUDY (SCALE 8-10)  3
DPTR FM NORMAL    49

[CDD (BASE 65) ]
TOTAL THIS MO.    52
DPTR FM NORMAL    -2    [PRESSURE DATA]
TOTAL FM JAN 1   453    HIGHEST SLP M ON M
DPTR FM NORMAL  -166    LOWEST  SLP 29.46 ON 10

[REMARKS]
