000
CXUS53 KGRR 281017
CF6MKG
PRELIMINARY LOCAL CLIMATOLOGICAL DATA (WS FORM: F-6)

                                          STATION:   MUSKEGON MI
                                          MONTH:     MARCH
                                          YEAR:      2015
                                          LATITUDE:   43 10 N
                                          LONGITUDE:  86 14 W

  TEMPERATURE IN F:       :PCPN:    SNOW:  WIND      :SUNSHINE: SKY     :PK WND
================================================================================
1   2   3   4   5  6A  6B    7    8   9   10  11  12  13   14  15   16   17  18
                                     12Z  AVG MX 2MIN
DY MAX MIN AVG DEP HDD CDD  WTR  SNW DPTH SPD SPD DIR MIN PSBL S-S WX    SPD DR
================================================================================

 1  28  16  22  -8  43   0 0.09  1.8   17  9.2 20 270   M    M  10 18     26 280
 2  28  21  25  -5  40   0 0.00  0.0   17  7.9 20 300   M    M   5        26 310
 3  33  24  29  -2  36   0 0.37  2.2   16 13.6 20 270   M    M  10 1246   26 250
 4  31  13  22  -9  43   0    T    T   17 13.7 23 320   M    M   8        32 320
 5  17   4  11 -20  54   0    T    T   16  6.5 15 290   M    M   9 8      19 300
 6  29  12  21 -11  44   0    T    T   16 15.2 26 200   M    M   9 8      36 200
 7  38  21  30  -2  35   0 0.00  0.0   16  7.7 18 230   M    M   7 18     22 230
 8  37  24  31  -1  34   0 0.00  0.0   14 10.3 20 200   M    M   5 12     26 200
 9  42  23  33   1  32   0 0.00  0.0   13  8.7 21 200   M    M   1 1      28 210
10  42  31  37   4  28   0 0.00  0.0   12 10.4 18 210   M    M   7 128    25 200
11  49  27  38   5  27   0 0.00  0.0   10  4.2 13 290   M    M   1 128    16 310
12  48  26  37   3  28   0 0.00  0.0   10  9.7 20 130   M    M   6        23 130
13  51  28  40   6  25   0 0.00  0.0    8  8.1 21 200   M    M   4        28 210
14  45  36  41   7  24   0 0.00  0.0    5  8.6 18 350   M    M   6 18     26 350
15  52  25  39   5  26   0 0.00  0.0    3  9.1 23 210   M    M   5        30 210
16  59  37  48  13  17   0 0.00  0.0    2  9.0 21 360   M    M   6        28 360
17  44  26  35   0  30   0 0.00  0.0    1 14.2 29 360   M    M   3        39 350
18  44  21  33  -3  32   0 0.00  0.0    0  5.6 14 270   M    M   4        17 300
19  43  29  36   0  29   0 0.00  0.0    0  6.0 16 110   M    M   6        20 110
20  45  24  35  -1  30   0    T  0.0    0 11.8 22 210   M    M   7 18     31 210
21  46  31  39   2  26   0    T  0.0    0 11.4 22 330   M    M   5 18     27 330
22  36  23  30  -7  35   0 0.00  0.0    0  8.9 16 270   M    M   7        19 270
23  38  26  32  -5  33   0 0.00  0.0    0  8.9 15  90   M    M   7        20  80
24  45  20  33  -5  32   0 0.00  0.0    0  9.0 20 130   M    M   3        26 100
25  41  34  38   0  27   0 0.45  0.0    0 15.0 22 220   M    M  10 1268   31 110
26  40  24  32  -6  33   0    T    T    0 11.5 20 290   M    M  10        28 290
27  29  17  23 -16  42   0    T    T    0 12.9 24 320   M    M   3        31 320
================================================================================
SM 1080  643       885   0  0.91     4.0 267.1          M      164
================================================================================
AV 40.0 23.8                               9.9 FASTST   M    M   6    MAX(MPH)
                                 MISC ---->  # 29 360               # 39  350
================================================================================
NOTES:
# LAST OF SEVERAL OCCURRENCES

COLUMN 17 PEAK WIND IN M.P.H.

PRELIMINARY LOCAL CLIMATOLOGICAL DATA (WS FORM: F-6) , PAGE 2

                                          STATION:  MUSKEGON MI
                                          MONTH:    MARCH
                                          YEAR:     2015
                                          LATITUDE:   43 10 N
                                          LONGITUDE:  86 14 W

[TEMPERATURE DATA]      [PRECIPITATION DATA]       SYMBOLS USED IN COLUMN 16

AVERAGE MONTHLY: 31.9   TOTAL FOR MONTH:   0.91    1 = FOG OR MIST
DPTR FM NORMAL:  -2.4   DPTR FM NORMAL:   -1.02    2 = FOG REDUCING VISIBILITY
HIGHEST:    59 ON 16    GRTST 24HR  0.45 ON 25-25      TO 1/4 MILE OR LESS
LOWEST:      4 ON  5                               3 = THUNDER
                        SNOW, ICE PELLETS, HAIL    4 = ICE PELLETS
                        TOTAL MONTH:   4.0 INCHES  5 = HAIL
                        GRTST 24HR   2.2 ON   M    6 = FREEZING RAIN OR DRIZZLE
                        GRTST DEPTH:  17 ON  4, 2  7 = DUSTSTORM OR SANDSTORM:
                                                       VSBY 1/2 MILE OR LESS
                                                   8 = SMOKE OR HAZE
[NO. OF DAYS WITH]      [WEATHER - DAYS WITH]      9 = BLOWING SNOW
                                                   X = TORNADO
MAX 32 OR BELOW:   6    0.01 INCH OR MORE:   3
MAX 90 OR ABOVE:   0    0.10 INCH OR MORE:   2
MIN 32 OR BELOW:  24    0.50 INCH OR MORE:   0
MIN  0 OR BELOW:   0    1.00 INCH OR MORE:   0

[HDD (BASE 65) ]
TOTAL THIS MO.   885    CLEAR  (SCALE 0-3)   4
DPTR FM NORMAL    55    PTCLDY (SCALE 4-7)  17
TOTAL FM JUL 1  6010    CLOUDY (SCALE 8-10)  6
DPTR FM NORMAL   448

[CDD (BASE 65) ]
TOTAL THIS MO.     0
DPTR FM NORMAL     0    [PRESSURE DATA]
TOTAL FM JAN 1     0    HIGHEST SLP  0.00 ON  8
DPTR FM NORMAL     0    LOWEST  SLP  0.00 ON  8

[REMARKS]
