000
CXUS51 KCAR 200600
CF6MLT
PRELIMINARY LOCAL CLIMATOLOGICAL DATA (WS FORM: F-6)

                                          STATION:   MILLINOCKET ME
                                          MONTH:     FEBRUARY
                                          YEAR:      2017
                                          LATITUDE:   45 39 N
                                          LONGITUDE:  68 41 W

  TEMPERATURE IN F:       :PCPN:    SNOW:  WIND      :SUNSHINE: SKY     :PK WND
================================================================================
1   2   3   4   5  6A  6B    7    8   9   10  11  12  13   14  15   16   17  18
                                     12Z  AVG MX 2MIN
DY MAX MIN AVG DEP HDD CDD  WTR  SNW DPTH SPD SPD DIR MIN PSBL S-S WX    SPD DR
================================================================================

 1  20  -7   7  -7  58   0 0.03    M    M  0.6  7  10   M    M  10 1       8  10
 2  28  -7  11  -3  54   0    T    M    M  2.4 17 280   M    M   4 1      28 290
 3  19  -4   8  -7  57   0    T    M    M  3.3 16 310   M    M   7 1      24 290
 4  19  -6   7  -8  58   0    T    M    M  4.1 22 300   M    M   5 1      31 310
 5  30   5  18   3  47   0    T    M    M  2.2 12 180   M    M   9 18     18 170
 6  27   4  16   0  49   0    T    M    M 10.5 22 290   M    M   4 18     33 290
 7  12   2   7  -9  58   0 0.13    M    M  5.5 12 100   M    M   5 1      16  70
 8  42   7  25   9  40   0 0.37    M    M  5.7 18 290   M    M   6 18     27 300
 9  23   5  14  -2  51   0 0.01    M    M  9.7 20 330   M    M   8 8      27  10
10   9  -3   3 -14  62   0    T    M    M 12.1 25 310   M    M   3 89     36 310
11   7  -8   0 -17  65   0 0.01    M    M  3.2  9  70   M    M   8 1      11  80
12  18  -1   9  -8  56   0 0.09    M    M  4.6 13  50   M    M   8 1      18  40
13  23  15  19   1  46   0 0.67    M    M 14.5 29 360   M    M  10 128    38 350
14  26  -3  12  -6  53   0 0.01    M    M  4.6 16 340   M    M   2 18     22 360
15  30  -4  13  -5  52   0    T    M    M  5.7 21  80   M    M   8 18     24  90
16  27  20  24   5  41   0    T    M    M 13.0 23 310   M    M   7 8      32 310
17  29  21  25   6  40   0 0.00    M    M 16.5 31 310   M    M   1 8      46 320
18  33  21  27   8  38   0 0.00    M    M  5.6 22 290   M    M   6        34 300
19  39  28  34  14  31   0 0.03    M    M  2.6 13 330   M    M  10 12     18  50
================================================================================
SM  461   85       956   0  1.35    M    126.4          M      121
================================================================================
AV 24.3  4.5                               6.7 FASTST   M    M   6    MAX(MPH)
                                 MISC ---->  # 31 310               # 46  320
================================================================================
NOTES:
# LAST OF SEVERAL OCCURRENCES

COLUMN 17 PEAK WIND IN M.P.H.

PRELIMINARY LOCAL CLIMATOLOGICAL DATA (WS FORM: F-6) , PAGE 2

                                          STATION:  MILLINOCKET ME
                                          MONTH:    FEBRUARY
                                          YEAR:     2017
                                          LATITUDE:   45 39 N
                                          LONGITUDE:  68 41 W

[TEMPERATURE DATA]      [PRECIPITATION DATA]       SYMBOLS USED IN COLUMN 16

AVERAGE MONTHLY: 14.4   TOTAL FOR MONTH:   1.35    1 = FOG OR MIST
DPTR FM NORMAL:  -2.4   DPTR FM NORMAL:    0.03    2 = FOG REDUCING VISIBILITY
HIGHEST:    42 ON  8    GRTST 24HR  0.76 ON 12-13      TO 1/4 MILE OR LESS
LOWEST:     -8 ON 11                               3 = THUNDER
                        SNOW, ICE PELLETS, HAIL    4 = ICE PELLETS
                        TOTAL MONTH:    M          5 = HAIL
                        GRTST 24HR    M  ON   M    6 = FREEZING RAIN OR DRIZZLE
                        GRTST DEPTH:  M  ON   M    7 = DUSTSTORM OR SANDSTORM:
                                                       VSBY 1/2 MILE OR LESS
                                                   8 = SMOKE OR HAZE
[NO. OF DAYS WITH]      [WEATHER - DAYS WITH]      9 = BLOWING SNOW
                                                   X = TORNADO
MAX 32 OR BELOW:  16    0.01 INCH OR MORE:   9
MAX 90 OR ABOVE:   0    0.10 INCH OR MORE:   3
MIN 32 OR BELOW:  19    0.50 INCH OR MORE:   1
MIN  0 OR BELOW:   9    1.00 INCH OR MORE:   0

[HDD (BASE 65) ]
TOTAL THIS MO.   956    CLEAR  (SCALE 0-3)   3
DPTR FM NORMAL    41    PTCLDY (SCALE 4-7)  12
TOTAL FM JUL 1  5211    CLOUDY (SCALE 8-10)  4
DPTR FM NORMAL  -450

[CDD (BASE 65) ]
TOTAL THIS MO.     0
DPTR FM NORMAL     0    [PRESSURE DATA]
TOTAL FM JAN 1     0    HIGHEST SLP M ON M
DPTR FM NORMAL     0    LOWEST  SLP 29.21 ON 16

[REMARKS]
