000
CXUS54 KSHV 291300
CF6MLU
PRELIMINARY LOCAL CLIMATOLOGICAL DATA (WS FORM: F-6)

                                          STATION:   MONROE
                                          MONTH:     APRIL
                                          YEAR:      2016
                                          LATITUDE:   32 30 N
                                          LONGITUDE:  92  2 W

  TEMPERATURE IN F:       :PCPN:    SNOW:  WIND      :SUNSHINE: SKY     :PK WND
================================================================================
1   2   3   4   5  6A  6B    7    8   9   10  11  12  13   14  15   16   17  18
                                     12Z  AVG MX 2MIN
DY MAX MIN AVG DEP HDD CDD  WTR  SNW DPTH SPD SPD DIR MIN PSBL S-S WX    SPD DR
================================================================================

 1  67  49  58  -4   7   0 0.01  0.0    0 10.5 22  20   M    M   3        26  10
 2  68  42  55  -7  10   0 0.00  0.0    0  7.2 18 290   M    M   0        26 300
 3  75  44  60  -2   5   0 0.00  0.0    0  2.3 10 140   M    M   0        14 200
 4  81  49  65   2   0   0 0.00  0.0    0  6.1 17 250   M    M   0        20 250
 5  83  55  69   6   0   4 0.00  0.0    0  4.1 12  40   M    M   0        14 220
 6  77  57  67   4   0   2    T  0.0    0 10.8 24 230   M    M   2        32 200
 7  81  48  65   1   0   0 0.00  0.0    0  7.2 21 240   M    M   0        28 240
 8  73  50  62  -2   3   0 0.00  0.0    0  5.5 20 340   M    M   0        23 350
 9  77  46  62  -2   3   0    T  0.0    0  2.3 10 180   M    M   1        18 210
10  81  58  70   6   0   5 0.00  0.0    0 11.3 22 220   M    M   3        30 170
11  73  61  67   3   0   2 4.31  0.0    0  8.1 16 360   M    M  10 13     23 340
12  66   M   M   M   M   M    T  0.0    0 10.4 16  20   M    M   8 18     22  30
13  74  55  65   0   0   0 0.00  0.0    0  7.7 16  50   M    M   5        20  50
14  62  55  59  -6   6   0 0.68  0.0    0  6.0 16 300   M    M  10 13     20 280
15  68  62  65  -1   0   0 0.24  0.0    0  6.2 12  90   M    M  10 1      18  90
16  69  62  66   0   0   1 0.00  0.0    0  6.5 10  80   M    M  10 18     16 110
17  80  62  71   5   0   6 0.00  0.0    0  5.5 13 100   M    M   5        23 120
18  75  61  68   2   0   3    T  0.0    0  3.9  9 160   M    M   4        16 140
19  74  62  68   1   0   3 1.68  0.0    0  5.1 17 160   M    M   9 13     25 170
20  76  63  70   3   0   5 0.11  0.0    0  4.4 12 160   M    M   8 138    17 170
21  75  62  69   2   0   4 0.03  0.0    0  3.8 21 200   M    M   9 13     28 190
22  80  59  70   2   0   5 0.00  0.0    0  6.6 17 330   M    M   3        22 320
23  81  55  68   0   0   3 0.00  0.0    0  2.9 14  50   M    M   1 1      17  40
24  81  53  67  -1   0   2 0.00  0.0    0  3.8 13 170   M    M   1 1      20 150
25  84  61  73   5   0   8 0.00  0.0    0  5.5 12 170   M    M   3        16 190
26  85  69  77   8   0  12 0.00  0.0    0  8.4 17 190   M    M   6        24 190
27  82  64  73   4   0   8 1.20  0.0    0  6.0 21 340   M    M   4 13     26 340
28  87  60  74   5   0   9 0.00  0.0    0  2.8  9  50   M    M   1 12     12  60
================================================================================
SM 2135 1524        34  82  8.26     0.0 170.9          M      116
================================================================================
AV 76.2 56.4                               6.1 FASTST   M    M   4    MAX(MPH)
                                 MISC ---->  # 24 230               # 32  200
================================================================================
NOTES:
# LAST OF SEVERAL OCCURRENCES

COLUMN 17 PEAK WIND IN M.P.H.

PRELIMINARY LOCAL CLIMATOLOGICAL DATA (WS FORM: F-6) , PAGE 2

                                          STATION:  MONROE
                                          MONTH:    APRIL
                                          YEAR:     2016
                                          LATITUDE:   32 30 N
                                          LONGITUDE:  92  2 W

[TEMPERATURE DATA]      [PRECIPITATION DATA]       SYMBOLS USED IN COLUMN 16

AVERAGE MONTHLY: 66.3   TOTAL FOR MONTH:   8.26    1 = FOG OR MIST
DPTR FM NORMAL:   0.8   DPTR FM NORMAL:    4.05    2 = FOG REDUCING VISIBILITY
HIGHEST:    87 ON 28    GRTST 24HR  4.31 ON 11-11      TO 1/4 MILE OR LESS
LOWEST:     42 ON  2                               3 = THUNDER
                        SNOW, ICE PELLETS, HAIL    4 = ICE PELLETS
                        TOTAL MONTH:   0.0 INCH    5 = HAIL
                        GRTST 24HR     0.0         6 = FREEZING RAIN OR DRIZZLE
                        GRTST DEPTH:   0           7 = DUSTSTORM OR SANDSTORM:
                                                       VSBY 1/2 MILE OR LESS
                                                   8 = SMOKE OR HAZE
[NO. OF DAYS WITH]      [WEATHER - DAYS WITH]      9 = BLOWING SNOW
                                                   X = TORNADO
MAX 32 OR BELOW:   0    0.01 INCH OR MORE:   8
MAX 90 OR ABOVE:   0    0.10 INCH OR MORE:   6
MIN 32 OR BELOW:   0    0.50 INCH OR MORE:   4
MIN  0 OR BELOW:   0    1.00 INCH OR MORE:   3

[HDD (BASE 65) ]
TOTAL THIS MO.    34    CLEAR  (SCALE 0-3)  14
DPTR FM NORMAL   -45    PTCLDY (SCALE 4-7)   7
TOTAL FM JUL 1  1594    CLOUDY (SCALE 8-10)  7
DPTR FM NORMAL  -629

[CDD (BASE 65) ]
TOTAL THIS MO.    82
DPTR FM NORMAL   -10    [PRESSURE DATA]
TOTAL FM JAN 1   131    HIGHEST SLP M ON M
DPTR FM NORMAL    -4    LOWEST  SLP 29.63 ON M

[REMARKS]
