000
CXUS55 KBOU 250903
CF6MNH
PRELIMINARY LOCAL CLIMATOLOGICAL DATA (WS FORM: F-6)

                                          STATION:   ELBERT 6W CO
                                          MONTH:     SEPTEMBER
                                          YEAR:      2017
                                          LATITUDE:   39 13 N
                                          LONGITUDE: 104 38 W

  TEMPERATURE IN F:       :PCPN:    SNOW:  WIND      :SUNSHINE: SKY     :PK WND
================================================================================
1   2   3   4   5  6A  6B    7    8   9   10  11  12  13   14  15   16   17  18
                                     12Z  AVG MX 2MIN
DY MAX MIN AVG DEP HDD CDD  WTR  SNW DPTH SPD SPD DIR MIN PSBL S-S WX    SPD DR
================================================================================

 1  73  52  63   M   2   0    M    M    M  9.8 21 360   M    M   2        29 360
 2  79  50  65   M   0   0    M    M    M  8.2 12 170   M    M   0        18 360
 3  84  50  67   M   0   2    M    M    M  7.0 14 170   M    M   0        21 340
 4  82  50  66   M   0   1    M    M    M  8.1 21  40   M    M   1        28  40
 5  61  43  52   M  13   0    M    M    M  4.5 12 190   M    M   8         M  M
 6  72  41  57   M   8   0    M    M    M  6.6 14 170   M    M   0         M  M
 7  77  46  62   M   3   0    M    M    M  8.2 14 190   M    M   0        35 220
 8  79  46  63   M   2   0    M    M    M  6.1 17 140   M    M   1 38     25 140
 9  79  48  64   M   1   0    M    M    M  6.9 10 230   M    M   2        44 240
10  79  52  66   M   0   1    M    M    M  6.4 10 240   M    M   3 3      32 240
11  77  50  64   M   1   0    M    M    M  5.4 10 360   M    M   5 3       M  M
12  79  46  63   M   2   0    M    M    M  5.6 12 230   M    M   1         M  M
13  79  54  67   M   0   2    M    M    M  7.6 12 230   M    M   2 3       M  M
14  77  50  64   M   1   0    M    M    M  8.2 21 260   M    M   2        25 260
15  73  46  60   M   5   0    M    M    M 11.4 17 240   M    M   2        25 240
16  66  41  54   M  11   0    M    M    M  7.7 22 190   M    M   7        28 190
17  68  45  57   M   8   0    M    M    M 13.3 23 180   M    M   5 3      33 180
18  73  43  58   M   7   0    M    M    M  9.6 18 170   M    M   1        23 170
19  81  37  59   M   6   0    M    M    M 13.0 30 260   M    M   0        40 260
20  64  36  50   M  15   0    M    M    M 21.9 32 180   M    M   0        40 180
21  79  45  62   M   3   0    M    M    M 11.6 20 180   M    M   0        28 200
22  73  45  59   M   6   0    M    M    M 14.0 29 190   M    M   3        40 190
23  63  36  50   M  15   0    M    M    M  8.8 20 320   M    M   8 13     30 320
24  50  37  44   M  21   0    M    M    M  7.3 14 110   M    M   9 12     18 110
================================================================================
SM 1767 1089       130   6    M     M    217.2          M       62
================================================================================
AV 73.6 45.4                               9.1 FASTST   M    M   3    MAX(MPH)
                                 MISC ---->  # 32 180               # 44  240
================================================================================
NOTES:
# LAST OF SEVERAL OCCURRENCES

COLUMN 17 PEAK WIND IN M.P.H.

PRELIMINARY LOCAL CLIMATOLOGICAL DATA (WS FORM: F-6) , PAGE 2

                                          STATION:  ELBERT 6W CO
                                          MONTH:    SEPTEMBER
                                          YEAR:     2017
                                          LATITUDE:   39 13 N
                                          LONGITUDE: 104 38 W

[TEMPERATURE DATA]      [PRECIPITATION DATA]       SYMBOLS USED IN COLUMN 16

AVERAGE MONTHLY: 59.5   TOTAL FOR MONTH:      M    1 = FOG OR MIST
DPTR FM NORMAL:     M   DPTR FM NORMAL:       M    2 = FOG REDUCING VISIBILITY
HIGHEST:    84 ON  3    GRTST 24HR    M  ON   M        TO 1/4 MILE OR LESS
LOWEST:     36 ON 23,20                            3 = THUNDER
                        SNOW, ICE PELLETS, HAIL    4 = ICE PELLETS
                        TOTAL MONTH:    M          5 = HAIL
                        GRTST 24HR    M  ON   M    6 = FREEZING RAIN OR DRIZZLE
                        GRTST DEPTH:  M  ON   M    7 = DUSTSTORM OR SANDSTORM:
                                                       VSBY 1/2 MILE OR LESS
                                                   8 = SMOKE OR HAZE
[NO. OF DAYS WITH]      [WEATHER - DAYS WITH]      9 = BLOWING SNOW
                                                   X = TORNADO
MAX 32 OR BELOW:   0    0.01 INCH OR MORE:   0
MAX 90 OR ABOVE:   0    0.10 INCH OR MORE:   0
MIN 32 OR BELOW:   0    0.50 INCH OR MORE:   0
MIN  0 OR BELOW:   0    1.00 INCH OR MORE:   0

[HDD (BASE 65) ]
TOTAL THIS MO.   130    CLEAR  (SCALE 0-3)  17
DPTR FM NORMAL     M    PTCLDY (SCALE 4-7)   6
TOTAL FM JUL 1   239    CLOUDY (SCALE 8-10)  1
DPTR FM NORMAL     M

[CDD (BASE 65) ]
TOTAL THIS MO.     6
DPTR FM NORMAL     M    [PRESSURE DATA]
TOTAL FM JAN 1   136    HIGHEST SLP M ON M
DPTR FM NORMAL     M    LOWEST  SLP M ON M

[REMARKS]
